710
CXUS52 KMFL 011000
CF6TMB
PRELIMINARY LOCAL CLIMATOLOGICAL DATA (WS FORM: F-6)
STATION: KENDALL-TAMIAMI EXEC ARPT
MONTH: JUNE
YEAR: 2020
LATITUDE: 25 38 N
LONGITUDE: 80 26 W
TEMPERATURE IN F: :PCPN: SNOW: WIND :SUNSHINE: SKY :PK WND
================================================================================
1 2 3 4 5 6A 6B 7 8 9 10 11 12 13 14 15 16 17 18
12Z AVG MX 2MIN
DY MAX MIN AVG DEP HDD CDD WTR SNW DPTH SPD SPD DIR MIN PSBL S-S WX SPD DR
================================================================================
1 91 76 84 4 0 19 0.00 0.0 0 7.7 20 90 M M 2 23 90
2 91 75 83 3 0 18 1.06 0.0 0 9.2 24 90 M M 4 138 31 90
3 86 74 80 0 0 15 0.65 0.0 0 5.9 16 130 M M 4 13 20 160
4 86 75 81 1 0 16 1.43 0.0 0 6.1 25 160 M M 5 13 36 150
5 89 79 84 4 0 19 T 0.0 0 9.6 21 130 M M 4 3 26 130
6 91 83 87 7 0 22 0.04 0.0 0 10.8 20 130 M M 5 1 24 140
7 92 83 88 8 0 23 0.00 0.0 0 9.5 17 180 M M 2 24 180
8 90 75 83 3 0 18 0.98 0.0 0 5.2 18 130 M M 1 13 23 130
9 92 77 85 4 0 20 0.00 0.0 0 6.7 14 120 M M 1 20 110
10 92 78 85 4 0 20 0.00 0.0 0 5.8 14 80 M M 1 3 18 110
11 88 77 83 2 0 18 0.28 0.0 0 9.0 22 80 M M 1 138 26 90
12 89 75 82 1 0 17 T 0.0 0 9.6 18 90 M M 4 23 70
13 89 75 82 1 0 17 T 0.0 0 9.3 17 80 M M 3 21 110
14 90 76 83 2 0 18 0.08 0.0 0 6.5 15 120 M M 2 13 20 100
15 91 74 83 2 0 18 0.22 0.0 0 3.9 22 50 M M 3 13 25 50
16 91 75 83 2 0 18 T 0.0 0 8.7 20 90 M M 2 23 100
17 88 73 81 0 0 16 1.30 0.0 0 6.5 22 70 M M 5 13 29 60
18 89 76 83 2 0 18 1.12 0.0 0 4.7 15 330 M M 3 138 18 330
19 88 75 82 1 0 17 0.25 0.0 0 5.0 23 20 M M 4 13 31 20
20 90 75 83 2 0 18 T 0.0 0 4.5 14 110 M M 2 13 19 140
21 90 76 83 2 0 18 0.55 0.0 0 2.4 23 110 M M 0 13 27 100
22 92 76 84 3 0 19 0.00 0.0 0 4.9 15 130 M M 1 21 110
23 93 77 85 4 0 20 0.00 0.0 0 4.6 15 120 M M 2 3 23 140
24 94 76 85 4 0 20 0.00 0.0 0 4.8 15 130 M M 1 19 110
25 93 80 87 6 0 22 0.00 0.0 0 8.1 16 100 M M 1 21 100
26 94 81 88 7 0 23 0.00 0.0 M 10.9 18 110 M M 1 22 120
27 93 80 87 6 0 22 0.00 0.0 0 9.8 17 110 M M 2 23 100
28 93 79 86 5 0 21 0.00 0.0 0 6.9 14 100 M M 1 20 100
29 94 77 86 5 0 21 T 0.0 0 4.7 15 110 M M 2 3 20 100
30 98 76 87 5 0 22 T 0.0 0 4.6 18 130 M M 2 3 23 130
================================================================================
SM 2727 2304 0 573 7.96 0.0 205.9 M 71
================================================================================
AV 90.9 76.8 6.9 FASTST M M 2 MAX(MPH)
MISC ----> # 25 160 # 36 150
================================================================================
NOTES:
# LAST OF SEVERAL OCCURRENCES
COLUMN 17 PEAK WIND IN M.P.H.
PRELIMINARY LOCAL CLIMATOLOGICAL DATA (WS FORM: F-6) , PAGE 2
STATION: KENDALL-TAMIAMI EXEC ARPT
MONTH: JUNE
YEAR: 2020
LATITUDE: 25 38 N
LONGITUDE: 80 26 W
[TEMPERATURE DATA] [PRECIPITATION DATA] SYMBOLS USED IN COLUMN 16
AVERAGE MONTHLY: 83.9 TOTAL FOR MONTH: 7.96 1 = FOG OR MIST
DPTR FM NORMAL: 3.0 DPTR FM NORMAL: -1.19 2 = FOG REDUCING VISIBILITY
HIGHEST: 98 ON 30 GRTST 24HR 1.43 ON 4- 4 TO 1/4 MILE OR LESS
LOWEST: 73 ON 17 3 = THUNDER
SNOW, ICE PELLETS, HAIL 4 = ICE PELLETS
TOTAL MONTH: 0.0 INCH 5 = HAIL
GRTST 24HR 0.0 6 = FREEZING RAIN OR DRIZZLE
GRTST DEPTH: 0 7 = DUSTSTORM OR SANDSTORM:
VSBY 1/2 MILE OR LESS
8 = SMOKE OR HAZE
[NO. OF DAYS WITH] [WEATHER - DAYS WITH] 9 = BLOWING SNOW
X = TORNADO
MAX 32 OR BELOW: 0 0.01 INCH OR MORE: 12
MAX 90 OR ABOVE: 21 0.10 INCH OR MORE: 10
MIN 32 OR BELOW: 0 0.50 INCH OR MORE: 7
MIN 0 OR BELOW: 0 1.00 INCH OR MORE: 4
[HDD (BASE 65) ]
TOTAL THIS MO. 0 CLEAR (SCALE 0-3) 22
DPTR FM NORMAL 0 PTCLDY (SCALE 4-7) 8
TOTAL FM JUL 1 64 CLOUDY (SCALE 8-10) 0
DPTR FM NORMAL -138
[CDD (BASE 65) ]
TOTAL THIS MO. 573
DPTR FM NORMAL 96 [PRESSURE DATA]
TOTAL FM JAN 1 2160 HIGHEST SLP 30.17 ON 26
DPTR FM NORMAL 680 LOWEST SLP 29.89 ON 13
[REMARKS]
#FINAL-06-20#