000
CXUS51 KCLE 010800
CF6TOL
PRELIMINARY LOCAL CLIMATOLOGICAL DATA (WS FORM: F-6)
STATION: TOLEDO OH
MONTH: APRIL
YEAR: 2020
LATITUDE: 41 35 N
LONGITUDE: 83 48 W
TEMPERATURE IN F: :PCPN: SNOW: WIND :SUNSHINE: SKY :PK WND
================================================================================
1 2 3 4 5 6A 6B 7 8 9 10 11 12 13 14 15 16 17 18
12Z AVG MX 2MIN
DY MAX MIN AVG DEP HDD CDD WTR SNW DPTH SPD SPD DIR MIN PSBL S-S WX SPD DR
================================================================================
1 52 42 47 3 18 0 0.03 0.0 0 5.9 13 350 M M 10 1 20 340
2 62 36 49 5 16 0 0.00 0.0 0 5.8 17 310 M M 1 24 330
3 67 38 53 8 12 0 0.00 0.0 0 5.0 14 330 M M 0 17 320
4 68 39 54 9 11 0 T 0.0 0 6.0 18 310 M M 8 1 23 310
5 58 38 48 3 17 0 T 0.0 0 5.6 14 20 M M 6 1 17 30
6 63 31 47 1 18 0 T 0.0 0 4.6 14 90 M M 4 18 15 80
7 76 44 60 14 5 0 0.73 0.0 0 8.3 28 20 M M 7 13 37 30
8 74 52 63 16 2 0 0.02 0.0 0 7.9 30 330 M M 3 138 39 330
9 53 37 45 -2 20 0 0.01 0.0 0 16.6 36 280 M M 6 48 290
10 48 35 42 -5 23 0 0.00 0.0 0 14.7 24 270 M M 5 31 300
11 59 29 44 -4 21 0 0.00 0.0 0 6.4 22 260 M M 4 28 230
12 66 46 56 8 9 0 0.22 0.0 0 6.8 25 240 M M 10 1 33 250
13 56 36 46 -2 19 0 0.01 0.0 0 14.8 37 270 M M 8 1 46 260
14 45 29 37 -12 28 0 0.00 0.0 0 11.2 25 250 M M 3 32 250
15 41 26 34 -15 31 0 0.06 T 0 7.2 20 320 M M 5 18 25 300
16 46 27 37 -13 28 0 0.00 0.0 0 9.4 23 270 M M 4 32 300
17 37 30 34 -16 31 0 0.33 2.0 0 6.2 16 90 M M 9 12 24 90
18 56 30 43 -7 22 0 0.00 0.0 0 10.4 25 250 M M 2 18 34 250
19 65 38 52 1 13 0 0.00 0.0 0 13.8 22 250 M M 2 30 250
20 62 31 47 -4 18 0 T 0.0 0 9.1 29 260 M M 1 36 260
21 53 32 43 -9 22 0 0.10 0.0 0 15.9 30 280 M M 5 1 38 260
22 45 25 35 -17 30 0 0.03 T 0 5.2 13 110 M M 8 18 110
23 53 39 46 -6 19 0 0.00 0.0 0 9.6 18 70 M M 7 23 70
24 62 41 52 -1 13 0 0.00 0.0 0 6.7 12 340 M M 9 18 15 340
25 52 46 49 -4 16 0 0.02 0.0 0 11.4 21 40 M M 9 26 40
26 64 37 51 -2 14 0 0.04 0.0 0 12.7 31 30 M M 6 41 10
27 66 32 49 -5 16 0 T 0.0 0 5.7 17 250 M M 3 128 24 250
28 72 50 61 7 4 0 T 0.0 0 6.6 14 100 M M 6 19 100
29 69 57 63 9 2 0 0.03 0.0 0 10.3 25 190 M M 8 35 220
30 57 45 51 -4 14 0 0.06 0.0 0 8.1 21 340 M M 10 18 28 330
================================================================================
SM 1747 1118 512 0 1.69 2.0 267.9 M 169
================================================================================
AV 58.2 37.3 8.9 FASTST M M 6 MAX(MPH)
MISC ----> # 37 270 # 48 290
================================================================================
NOTES:
# LAST OF SEVERAL OCCURRENCES
COLUMN 17 PEAK WIND IN M.P.H.
PRELIMINARY LOCAL CLIMATOLOGICAL DATA (WS FORM: F-6) , PAGE 2
STATION: TOLEDO OH
MONTH: APRIL
YEAR: 2020
LATITUDE: 41 35 N
LONGITUDE: 83 48 W
[TEMPERATURE DATA] [PRECIPITATION DATA] SYMBOLS USED IN COLUMN 16
AVERAGE MONTHLY: 47.8 TOTAL FOR MONTH: 1.69 1 = FOG OR MIST
DPTR FM NORMAL: -1.7 DPTR FM NORMAL: -1.50 2 = FOG REDUCING VISIBILITY
HIGHEST: 76 ON 7 GRTST 24HR 0.73 ON 7- 7 TO 1/4 MILE OR LESS
LOWEST: 25 ON 22 3 = THUNDER
SNOW, ICE PELLETS, HAIL 4 = ICE PELLETS
TOTAL MONTH: 2.0 INCHES 5 = HAIL
GRTST 24HR 2.0 ON 17-17 6 = FREEZING RAIN OR DRIZZLE
GRTST DEPTH: 0 7 = DUSTSTORM OR SANDSTORM:
VSBY 1/2 MILE OR LESS
8 = SMOKE OR HAZE
[NO. OF DAYS WITH] [WEATHER - DAYS WITH] 9 = BLOWING SNOW
X = TORNADO
MAX 32 OR BELOW: 0 0.01 INCH OR MORE: 14
MAX 90 OR ABOVE: 0 0.10 INCH OR MORE: 4
MIN 32 OR BELOW: 11 0.50 INCH OR MORE: 1
MIN 0 OR BELOW: 0 1.00 INCH OR MORE: 0
[HDD (BASE 65) ]
TOTAL THIS MO. 512 CLEAR (SCALE 0-3) 8
DPTR FM NORMAL 36 PTCLDY (SCALE 4-7) 15
TOTAL FM JUL 1 5126 CLOUDY (SCALE 8-10) 7
DPTR FM NORMAL -776
[CDD (BASE 65) ]
TOTAL THIS MO. 0
DPTR FM NORMAL -8 [PRESSURE DATA]
TOTAL FM JAN 1 0 HIGHEST SLP 30.31 ON 16
DPTR FM NORMAL -8 LOWEST SLP 29.28 ON 13
[REMARKS]
#FINAL-04-20#