000
CXUS55 KCYS 011710
CF6TOR
PRELIMINARY LOCAL CLIMATOLOGICAL DATA (WS FORM: F-6)
STATION: TORRINGTON WY AIRPORT
MONTH: DECEMBER
YEAR: 2020
LATITUDE: 42 3 N
LONGITUDE: 104 9 W
TEMPERATURE IN F: :PCPN: SNOW: WIND :SUNSHINE: SKY :PK WND
================================================================================
1 2 3 4 5 6A 6B 7 8 9 10 11 12 13 14 15 16 17 18
12Z AVG MX 2MIN
DY MAX MIN AVG DEP HDD CDD WTR SNW DPTH SPD SPD DIR MIN PSBL S-S WX SPD DR
================================================================================
1 47 22 35 6 30 0 T M M 17.9 32 330 M M 5 8 46 320
2 36 17 27 -2 38 0 0.00 M M 11.2 23 320 M M 4 33 320
3 50 13 32 3 33 0 0.00 M M 10.2 16 270 M M 0 8 21 280
4 59 27 43 15 22 0 0.00 M M 11.8 21 300 M M 0 29 300
5 57 22 40 12 25 0 0.00 M M 7.9 16 300 M M 0 23 300
6 60 17 39 11 26 0 0.00 M M 6.9 14 280 M M 0 19 280
7 59 23 41 13 24 0 0.00 M M 11.1 17 270 M M 0 8 24 310
8 65 24 45 17 20 0 0.00 M M 9.3 20 290 M M 0 8 26 300
9 68 24 46 19 19 0 0.00 M M 8.9 26 240 M M 0 8 34 240
10 42 23 33 6 32 0 0.00 M M 7.6 18 350 M M 5 8 24 350
11 29 20 25 -2 40 0 0.04 M M 2.6 8 130 M M 8 18 11 120
12 30 11 21 -6 44 0 T M M 6.8 16 330 M M 7 18 23 350
13 24 3 14 -13 51 0 0.00 M M 6.5 12 110 M M 0 1 13 110
14 25 15 20 -7 45 0 T M M 5.1 10 310 M M 7 1 14 330
15 34 12 23 -4 42 0 T M M 7.9 21 320 M M 4 1 29 320
16 43 12 28 2 37 0 0.00 M M 10.8 23 290 M M 6 8 34 290
17 45 14 30 4 35 0 0.00 M M 5.4 10 120 M M 3 12 120
18 40 22 31 5 34 0 0.02 M M 10.4 22 310 M M 6 33 340
19 45 17 31 5 34 0 0.00 M M 14.3 37 280 M M 1 54 280
20 51 29 40 14 25 0 0.00 M M 20.9 41 280 M M 0 62 280
21 59 33 46 20 19 0 0.00 M M 12.8 24 290 M M 0 38 290
22 64 25 45 19 20 0 T M M 15.2 36 310 M M 3 1 54 280
23 26 15 21 -5 44 0 T M M 23.4 44 310 M M 4 62 310
24 48 16 32 5 33 0 0.00 M M 15.1 25 290 M M 5 36 280
25 58 27 43 16 22 0 0.00 M M 7.6 18 300 M M 0 24 300
26 57 26 42 15 23 0 T M M 12.2 30 280 M M 2 42 270
27 41 14 28 1 37 0 0.01 M M 8.8 21 300 M M 9 1 27 310
28 30 10 20 -7 45 0 T M M 7.7 22 110 M M 7 12 30 110
29 30 9 20 -7 45 0 T M M 12.8 25 310 M M 5 1 33 310
30 35 6 21 -6 44 0 0.00 M M 4.5 12 280 M M 0 17 280
31 39 21 30 3 35 0 0.00 M M 6.3 16 260 M M 1 20 250
================================================================================
SM 1396 569 1023 0 0.07 M 319.9 M 92
================================================================================
AV 45.0 18.4 10.3 FASTST M M 3 MAX(MPH)
MISC ----> 44 310 # 62 280
================================================================================
NOTES:
# LAST OF SEVERAL OCCURRENCES
COLUMN 17 PEAK WIND IN M.P.H.
PRELIMINARY LOCAL CLIMATOLOGICAL DATA (WS FORM: F-6) , PAGE 2
STATION: TORRINGTON WY AIRPORT
MONTH: DECEMBER
YEAR: 2020
LATITUDE: 42 3 N
LONGITUDE: 104 9 W
[TEMPERATURE DATA] [PRECIPITATION DATA] SYMBOLS USED IN COLUMN 16
AVERAGE MONTHLY: 31.7 TOTAL FOR MONTH: 0.07 1 = FOG OR MIST
DPTR FM NORMAL: 4.6 DPTR FM NORMAL: -0.30 2 = FOG REDUCING VISIBILITY
HIGHEST: 68 ON 9 GRTST 24HR 0.04 ON 11-11 TO 1/4 MILE OR LESS
LOWEST: 3 ON 13 3 = THUNDER
SNOW, ICE PELLETS, HAIL 4 = ICE PELLETS
TOTAL MONTH: M 5 = HAIL
GRTST 24HR M ON M 6 = FREEZING RAIN OR DRIZZLE
GRTST DEPTH: M ON M 7 = DUSTSTORM OR SANDSTORM:
VSBY 1/2 MILE OR LESS
8 = SMOKE OR HAZE
[NO. OF DAYS WITH] [WEATHER - DAYS WITH] 9 = BLOWING SNOW
X = TORNADO
MAX 32 OR BELOW: 7 0.01 INCH OR MORE: 3
MAX 90 OR ABOVE: 0 0.10 INCH OR MORE: 0
MIN 32 OR BELOW: 30 0.50 INCH OR MORE: 0
MIN 0 OR BELOW: 0 1.00 INCH OR MORE: 0
[HDD (BASE 65) ]
TOTAL THIS MO. 1023 CLEAR (SCALE 0-3) 17
DPTR FM NORMAL -150 PTCLDY (SCALE 4-7) 13
TOTAL FM JUL 1 2556 CLOUDY (SCALE 8-10) 1
DPTR FM NORMAL -198
[CDD (BASE 65) ]
TOTAL THIS MO. 0
DPTR FM NORMAL 0 [PRESSURE DATA]
TOTAL FM JAN 1 934 HIGHEST SLP 30.62 ON 2
DPTR FM NORMAL 256 LOWEST SLP 29.35 ON 22
[REMARKS]
#FINAL-12-20#