000
CXUS52 KTBW 071301
CF6TPA
PRELIMINARY LOCAL CLIMATOLOGICAL DATA (WS FORM: F-6)
STATION: TAMPA
MONTH: DECEMBER
YEAR: 2021
LATITUDE: 27 58 N
LONGITUDE: 82 32 W
TEMPERATURE IN F: :PCPN: SNOW: WIND :SUNSHINE: SKY :PK WND
================================================================================
1 2 3 4 5 6A 6B 7 8 9 10 11 12 13 14 15 16 17 18
12Z AVG MX 2MIN
DY MAX MIN AVG DEP HDD CDD WTR SNW DPTH SPD SPD DIR MIN PSBL S-S WX SPD DR
================================================================================
1 79 54 67 0 0 2 0.00 0.0 0 4.5 10 260 M M 3 19 270
2 77 58 68 1 0 3 0.00 0.0 0 5.8 13 310 M M 1 8 23 280
3 79 54 67 0 0 2 0.00 0.0 0 3.4 13 350 M M 5 128 19 270
4 75 55 65 -2 0 0 0.00 0.0 0 3.6 9 280 M M 4 18 17 270
5 80 61 71 5 0 6 0.00 0.0 0 4.6 12 270 M M 5 19 260
6 80 62 71 5 0 6 0.00 0.0 0 2.7 9 180 M M 4 128 12 190
7 80 67 74 8 0 9 0.00 0.0 0 2.0 9 250 M M 8 12 11 260
8 80 66 73 7 0 8 0.02 0.0 0 5.4 16 180 M M 5 1 21 180
9 80 69 75 9 0 10 0.00 0.0 0 3.7 7 10 M M 7 18 11 260
10 82 69 76 10 0 11 0.00 0.0 0 3.7 9 120 M M 4 18 16 110
11 83 71 77 11 0 12 0.00 0.0 0 5.6 12 200 M M 1 1 17 200
12 82 70 76 10 0 11 0.00 0.0 0 4.5 10 350 M M 4 12 19 270
13 86 67 77 12 0 12 0.00 0.0 0 5.8 12 350 M M 5 16 270
14 81 69 75 10 0 10 T 0.0 0 5.7 14 90 M M 6 1 21 110
15 84 66 75 10 0 10 0.00 0.0 0 6.5 13 50 M M 4 20 60
16 86 69 78 13 0 13 0.00 0.0 0 4.6 13 120 M M 3 20 180
17 86 69 78 13 0 13 0.00 0.0 0 5.0 13 120 M M 4 18 80
18 85 71 78 13 0 13 0.00 0.0 0 4.5 10 140 M M 4 14 110
19 83 72 78 14 0 13 0.00 0.0 0 6.5 13 250 M M 6 1 16 210
20 78 66 72 8 0 7 T 0.0 0 9.1 16 30 M M 9 23 40
21 74 60 67 3 0 2 0.57 0.0 0 10.8 17 30 M M 10 138 25 30
22 66 54 60 -4 5 0 T 0.0 0 7.8 18 330 M M 5 25 290
23 72 49 61 -3 4 0 0.00 0.0 0 5.1 9 350 M M 0 13 350
24 77 54 66 2 0 1 0.00 0.0 0 4.7 9 80 M M 1 14 110
25 77 56 67 3 0 2 0.00 0.0 0 3.2 10 190 M M 1 14 200
26 79 58 69 6 0 4 0.00 0.0 0 3.1 15 280 M M 1 21 270
27 79 60 70 7 0 5 0.00 0.0 0 1.9 8 210 M M 1 1 12 250
28 80 60 70 7 0 5 0.00 0.0 0 3.8 10 220 M M 2 14 190
29 82 68 75 12 0 10 0.00 0.0 0 7.1 14 190 M M 1 19 180
30 79 69 74 11 0 9 0.00 0.0 0 5.4 13 210 M M 6 18 15 170
31 83 69 76 13 0 11 0.00 0.0 0 5.5 12 190 M M 5 12 15 190
================================================================================
SM 2474 1962 9 220 0.59 0.0 155.6 M 125
================================================================================
AV 79.8 63.3 5.0 FASTST M M 4 MAX(MPH)
MISC ----> 18 330 # 25 30
================================================================================
NOTES:
# LAST OF SEVERAL OCCURRENCES
COLUMN 17 PEAK WIND IN M.P.H.
PRELIMINARY LOCAL CLIMATOLOGICAL DATA (WS FORM: F-6) , PAGE 2
STATION: TAMPA
MONTH: DECEMBER
YEAR: 2021
LATITUDE: 27 58 N
LONGITUDE: 82 32 W
[TEMPERATURE DATA] [PRECIPITATION DATA] SYMBOLS USED IN COLUMN 16
AVERAGE MONTHLY: 71.5 TOTAL FOR MONTH: 0.59 1 = FOG OR MIST
DPTR FM NORMAL: 6.6 DPTR FM NORMAL: -1.97 2 = FOG REDUCING VISIBILITY
HIGHEST: 86 ON 17,16 GRTST 24HR 0.57 ON 20-21 TO 1/4 MILE OR LESS
LOWEST: 49 ON 23 3 = THUNDER
SNOW, ICE PELLETS, HAIL 4 = ICE PELLETS
TOTAL MONTH: 0.0 INCH 5 = HAIL
GRTST 24HR 0.0 6 = FREEZING RAIN OR DRIZZLE
GRTST DEPTH: 0 7 = DUSTSTORM OR SANDSTORM:
VSBY 1/2 MILE OR LESS
8 = SMOKE OR HAZE
[NO. OF DAYS WITH] [WEATHER - DAYS WITH] 9 = BLOWING SNOW
X = TORNADO
MAX 32 OR BELOW: 0 0.01 INCH OR MORE: 2
MAX 90 OR ABOVE: 0 0.10 INCH OR MORE: 1
MIN 32 OR BELOW: 0 0.50 INCH OR MORE: 1
MIN 0 OR BELOW: 0 1.00 INCH OR MORE: 0
[HDD (BASE 65) ]
TOTAL THIS MO. 9 CLEAR (SCALE 0-3) 10
DPTR FM NORMAL -96 PTCLDY (SCALE 4-7) 18
TOTAL FM JUL 1 33 CLOUDY (SCALE 8-10) 3
DPTR FM NORMAL -109
[CDD (BASE 65) ]
TOTAL THIS MO. 220
DPTR FM NORMAL 118 [PRESSURE DATA]
TOTAL FM JAN 1 4381 HIGHEST SLP 30.35 ON 14
DPTR FM NORMAL 453 LOWEST SLP 29.70 ON 21
[REMARKS]
#FINAL-12-21#