000
CXUS52 KTBW 231000
CF6TPA
PRELIMINARY LOCAL CLIMATOLOGICAL DATA (WS FORM: F-6)
STATION: TAMPA
MONTH: APRIL
YEAR: 2024
LATITUDE: 27 58 N
LONGITUDE: 82 32 W
TEMPERATURE IN F: :PCPN: SNOW: WIND :SUNSHINE: SKY :PK WND
================================================================================
1 2 3 4 5 6A 6B 7 8 9 10 11 12 13 14 15 16 17 18
12Z AVG MX 2MIN
DY MAX MIN AVG DEP HDD CDD WTR SNW DPTH SPD SPD DIR MIN PSBL S-S WX SPD DR
================================================================================
1 80 66 73 2 0 8 0.00 0.0 0 6.2 14 210 M M 7 19 260
2 82 68 75 4 0 10 0.00 0.0 0 9.9 20 200 M M 6 27 200
3 81 66 74 3 0 9 0.89 0.0 0 13.3 29 210 M M 9 138 47 210
4 75 63 69 -3 0 4 0.00 0.0 0 10.4 18 290 M M 5 31 260
5 76 60 68 -4 0 3 0.00 0.0 0 9.7 16 270 M M 1 28 280
6 76 60 68 -4 0 3 0.00 0.0 0 7.3 18 280 M M 1 34 280
7 78 57 68 -4 0 3 0.00 0.0 0 5.7 12 110 M M 7 22 270
8 82 61 72 0 0 7 0.00 0.0 0 7.8 14 90 M M 5 23 110
9 83 65 74 1 0 9 0.00 0.0 0 8.3 16 150 M M 8 24 140
10 85 68 77 4 0 12 0.00 0.0 0 10.1 18 190 M M 6 28 200
11 79 70 75 2 0 10 0.45 0.0 0 15.7 31 180 M M 7 138 44 190
12 79 60 70 -3 0 5 0.00 0.0 0 10.9 21 300 M M 1 41 280
13 82 59 71 -2 0 6 0.00 0.0 0 6.0 15 30 M M 2 26 280
14 80 57 69 -5 0 4 0.00 0.0 0 5.0 13 290 M M 1 22 270
15 84 64 74 0 0 9 0.00 0.0 0 6.3 13 300 M M 3 21 260
16 87 65 76 2 0 11 0.00 0.0 0 5.2 15 110 M M 3 23 120
17 88 68 78 4 0 13 0.00 0.0 0 6.9 16 280 M M 4 26 280
18 84 70 77 3 0 12 0.00 0.0 0 6.9 13 260 M M 6 22 250
19 85 68 77 2 0 12 0.00 0.0 0 5.8 16 280 M M 3 31 270
20 84 69 77 2 0 12 0.00 0.0 0 5.1 15 270 M M 1 25 270
21 82 72 77 2 0 12 0.00 0.0 0 8.1 15 260 M M 6 21 260
22 78 64 71 -4 0 6 0.00 0.0 0 10.7 21 340 M M 5 32 280
================================================================================
SM 1790 1420 0 180 1.34 0.0 181.3 M 97
================================================================================
AV 81.4 64.5 8.2 FASTST M M 4 MAX(MPH)
MISC ----> 31 180 47 210
================================================================================
NOTES:
# LAST OF SEVERAL OCCURRENCES
COLUMN 17 PEAK WIND IN M.P.H.
PRELIMINARY LOCAL CLIMATOLOGICAL DATA (WS FORM: F-6) , PAGE 2
STATION: TAMPA
MONTH: APRIL
YEAR: 2024
LATITUDE: 27 58 N
LONGITUDE: 82 32 W
[TEMPERATURE DATA] [PRECIPITATION DATA] SYMBOLS USED IN COLUMN 16
AVERAGE MONTHLY: 73.0 TOTAL FOR MONTH: 1.34 1 = FOG OR MIST
DPTR FM NORMAL: -0.1 DPTR FM NORMAL: -0.53 2 = FOG REDUCING VISIBILITY
HIGHEST: 88 ON 17 GRTST 24HR 0.89 ON 3- 3 TO 1/4 MILE OR LESS
LOWEST: 57 ON 14, 7 3 = THUNDER
SNOW, ICE PELLETS, HAIL 4 = ICE PELLETS
TOTAL MONTH: 0.0 INCH 5 = HAIL
GRTST 24HR 0.0 6 = FREEZING RAIN OR DRIZZLE
GRTST DEPTH: 0 7 = DUSTSTORM OR SANDSTORM:
VSBY 1/2 MILE OR LESS
8 = SMOKE OR HAZE
[NO. OF DAYS WITH] [WEATHER - DAYS WITH] 9 = BLOWING SNOW
X = TORNADO
MAX 32 OR BELOW: 0 0.01 INCH OR MORE: 2
MAX 90 OR ABOVE: 0 0.10 INCH OR MORE: 2
MIN 32 OR BELOW: 0 0.50 INCH OR MORE: 1
MIN 0 OR BELOW: 0 1.00 INCH OR MORE: 0
[HDD (BASE 65) ]
TOTAL THIS MO. 0 CLEAR (SCALE 0-3) 9
DPTR FM NORMAL 0 PTCLDY (SCALE 4-7) 12
TOTAL FM JUL 1 333 CLOUDY (SCALE 8-10) 1
DPTR FM NORMAL -93
[CDD (BASE 65) ]
TOTAL THIS MO. 180
DPTR FM NORMAL -4 [PRESSURE DATA]
TOTAL FM JAN 1 484 HIGHEST SLP M ON M
DPTR FM NORMAL 4 LOWEST SLP 29.71 ON 3
[REMARKS]