000
CXUS56 KLKN 011435
CF6TPH
PRELIMINARY LOCAL CLIMATOLOGICAL DATA (WS FORM: F-6)
STATION: TONOPAH AIRPORT NV
MONTH: FEBRUARY
YEAR: 2021
LATITUDE: 38 3 N
LONGITUDE: 117 5 W
TEMPERATURE IN F: :PCPN: SNOW: WIND :SUNSHINE: SKY :PK WND
================================================================================
1 2 3 4 5 6A 6B 7 8 9 10 11 12 13 14 15 16 17 18
12Z AVG MX 2MIN
DY MAX MIN AVG DEP HDD CDD WTR SNW DPTH SPD SPD DIR MIN PSBL S-S WX SPD DR
================================================================================
1 52 30 41 7 24 0 0.00 M M 6.8 18 180 M M 3 24 190
2 54 25 40 6 25 0 0.00 M M 7.6 23 180 M M 0 27 180
3 48 25 37 3 28 0 0.00 M M 15.0 31 10 M M 0 40 350
4 45 24 35 0 30 0 0.00 M M 14.6 24 350 M M 0 30 350
5 56 26 41 6 24 0 0.00 M M 16.8 39 320 M M 0 50 330
6 57 24 41 6 24 0 0.00 M M 10.1 25 300 M M 0 30 300
7 58 26 42 7 23 0 0.00 M M 10.5 21 340 M M 0 25 340
8 59 20 40 5 25 0 0.00 M M 6.5 16 330 M M 1 25 320
9 54 32 43 7 22 0 0.00 M M 7.6 16 330 M M 6 20 330
10 55 32 44 8 21 0 0.00 M M 9.8 23 350 M M 3 28 340
11 54 25 40 4 25 0 0.00 M M 6.9 15 310 M M 4 19 310
12 53 32 43 7 22 0 T M M 12.1 31 320 M M 3 37 320
13 46 30 38 2 27 0 0.04 M M 17.7 47 330 M M 5 128 60 330
14 43 24 34 -2 31 0 0.00 M M 10.5 22 320 M M 2 26 320
15 54 34 44 7 21 0 T M M 9.5 31 350 M M 5 1 38 350
16 44 30 37 0 28 0 0.00 M M 18.6 30 320 M M 1 37 310
17 40 21 31 -6 34 0 0.00 M M 15.6 25 330 M M 2 33 320
18 45 14 30 -7 35 0 0.00 M M 4.4 16 360 M M 1 17 360
19 57 20 39 1 26 0 0.00 M M 6.2 18 190 M M 0 21 200
20 44 20 32 -6 33 0 T M M 18.5 44 320 M M 2 18 52 320
21 49 19 34 -4 31 0 0.00 M M 10.0 21 330 M M 0 26 330
22 59 25 42 4 23 0 0.00 M M 6.9 16 360 M M 0 18 10
23 57 27 42 4 23 0 0.00 M M 14.2 29 330 M M 0 36 320
24 49 22 36 -3 29 0 0.00 M M 18.1 39 350 M M 1 47 340
25 48 14 31 -8 34 0 0.00 M M 10.8 23 320 M M 0 27 320
26 58 27 43 4 22 0 0.00 M M 13.3 32 350 M M 1 8 39 350
27 40 20 30 -10 35 0 0.00 M M 17.4 33 330 M M 2 41 340
28 48 12 30 -10 35 0 0.00 M M 7.1 14 300 M M 0 21 330
================================================================================
SM 1426 680 760 0 0.04 M 323.1 M 42
================================================================================
AV 50.9 24.3 11.5 FASTST M M 2 MAX(MPH)
MISC ----> 47 330 60 330
================================================================================
NOTES:
# LAST OF SEVERAL OCCURRENCES
COLUMN 17 PEAK WIND IN M.P.H.
PRELIMINARY LOCAL CLIMATOLOGICAL DATA (WS FORM: F-6) , PAGE 2
STATION: TONOPAH AIRPORT NV
MONTH: FEBRUARY
YEAR: 2021
LATITUDE: 38 3 N
LONGITUDE: 117 5 W
[TEMPERATURE DATA] [PRECIPITATION DATA] SYMBOLS USED IN COLUMN 16
AVERAGE MONTHLY: 37.6 TOTAL FOR MONTH: 0.04 1 = FOG OR MIST
DPTR FM NORMAL: 0.8 DPTR FM NORMAL: -0.48 2 = FOG REDUCING VISIBILITY
HIGHEST: 59 ON 22, 8 GRTST 24HR 0.04 ON 13-13 TO 1/4 MILE OR LESS
LOWEST: 12 ON 28 3 = THUNDER
SNOW, ICE PELLETS, HAIL 4 = ICE PELLETS
TOTAL MONTH: M 5 = HAIL
GRTST 24HR M ON M 6 = FREEZING RAIN OR DRIZZLE
GRTST DEPTH: M ON M 7 = DUSTSTORM OR SANDSTORM:
VSBY 1/2 MILE OR LESS
8 = SMOKE OR HAZE
[NO. OF DAYS WITH] [WEATHER - DAYS WITH] 9 = BLOWING SNOW
X = TORNADO
MAX 32 OR BELOW: 0 0.01 INCH OR MORE: 1
MAX 90 OR ABOVE: 0 0.10 INCH OR MORE: 0
MIN 32 OR BELOW: 27 0.50 INCH OR MORE: 0
MIN 0 OR BELOW: 0 1.00 INCH OR MORE: 0
[HDD (BASE 65) ]
TOTAL THIS MO. 760 CLEAR (SCALE 0-3) 22
DPTR FM NORMAL -31 PTCLDY (SCALE 4-7) 6
TOTAL FM JUL 1 3696 CLOUDY (SCALE 8-10) 0
DPTR FM NORMAL -345
[CDD (BASE 65) ]
TOTAL THIS MO. 0
DPTR FM NORMAL 0 [PRESSURE DATA]
TOTAL FM JAN 1 0 HIGHEST SLP 30.52 ON 22
DPTR FM NORMAL 0 LOWEST SLP 29.67 ON 13
[REMARKS]
#FINAL-02-21#