000
CXUS54 KFWD 010830
CF6TPL
PRELIMINARY LOCAL CLIMATOLOGICAL DATA (WS FORM: F-6)
STATION: TEMPLE
MONTH: FEBRUARY
YEAR: 2022
LATITUDE: 31 8 N
LONGITUDE: 97 25 W
TEMPERATURE IN F: :PCPN: SNOW: WIND :SUNSHINE: SKY :PK WND
================================================================================
1 2 3 4 5 6A 6B 7 8 9 10 11 12 13 14 15 16 17 18
12Z AVG MX 2MIN
DY MAX MIN AVG DEP HDD CDD WTR SNW DPTH SPD SPD DIR MIN PSBL S-S WX SPD DR
================================================================================
1 67 51 59 11 6 0 0.00 M M 4.7 13 130 M M 7 1 M M
2 54 34 44 -4 21 0 0.82 M M 11.1 22 340 M M 8 12 32 340
3 34 18 26 -23 39 0 0.01 M M 19.6 25 330 M M 10 1 33 330
4 37 17 27 -22 38 0 0.00 M M 13.3 21 340 M M 6 27 340
5 48 16 32 -17 33 0 0.00 M M 5.4 9 140 M M 0 M M
6 57 25 41 -8 24 0 0.00 M M 6.5 12 170 M M 0 M M
7 59 27 43 -6 22 0 0.00 M M 8.9 17 330 M M 0 21 10
8 67 26 47 -2 18 0 0.00 M M 5.7 12 190 M M 0 18 230
9 70 33 52 2 13 0 0.00 M M 5.9 13 300 M M 0 M M
10 75 29 52 2 13 0 0.00 M M 5.4 10 250 M M 0 M M
11 77 40 59 9 6 0 0.00 M M 11.5 17 140 M M 0 26 180
12 56 30 43 -7 22 0 T M M 13.5 24 10 M M 5 39 360
13 67 23 45 -5 20 0 0.00 M M 6.5 16 270 M M 0 20 270
14 70 33 52 1 13 0 0.00 M M 10.0 18 160 M M 0 24 190
15 73 38 56 5 9 0 0.00 M M 16.8 29 170 M M 1 40 180
16 74 60 67 16 0 2 0.05 M M 20.3 26 170 M M 9 1 40 170
17 68 32 50 -1 15 0 0.04 M M 16.7 25 320 M M 7 1 40 310
18 55 27 41 -11 24 0 0.00 M M 8.8 16 350 M M 0 22 340
19 65 22 44 -8 21 0 0.00 M M 4.0 8 180 M M 0 8 M M
20 69 37 53 1 12 0 0.00 M M 11.4 20 190 M M 0 24 180
21 85 60 73 21 0 8 0.00 M M 18.9 29 150 M M 6 1 43 170
22 80 42 61 9 4 0 0.00 M M 16.3 33 180 M M 3 39 180
23 42 26 34 -19 31 0 T M M 15.6 20 350 M M 10 1 30 10
24 32 25 29 -24 36 0 0.02 M M 11.9 16 10 M M 10 1 22 350
25 37 27 32 -21 33 0 T M M 13.5 20 340 M M 10 25 350
26 39 33 36 -18 29 0 0.03 M M 9.0 14 350 M M 10 1 M M
27 58 30 44 -10 21 0 T M M 10.2 17 360 M M 3 1 22 10
28 66 19 43 -11 22 0 0.00 M M 4.3 9 150 M M 0 M M
================================================================================
SM 1681 880 545 10 0.97 M 305.8 M 105
================================================================================
AV 60.0 31.4 10.9 FASTST M M 4 MAX(MPH)
MISC ----> 33 180 43 170
================================================================================
NOTES:
# LAST OF SEVERAL OCCURRENCES
COLUMN 17 PEAK WIND IN M.P.H.
PRELIMINARY LOCAL CLIMATOLOGICAL DATA (WS FORM: F-6) , PAGE 2
STATION: TEMPLE
MONTH: FEBRUARY
YEAR: 2022
LATITUDE: 31 8 N
LONGITUDE: 97 25 W
[TEMPERATURE DATA] [PRECIPITATION DATA] SYMBOLS USED IN COLUMN 16
AVERAGE MONTHLY: 45.7 TOTAL FOR MONTH: 0.97 1 = FOG OR MIST
DPTR FM NORMAL: -5.2 DPTR FM NORMAL: -1.63 2 = FOG REDUCING VISIBILITY
HIGHEST: 85 ON 21 GRTST 24HR 0.82 ON 2- 2 TO 1/4 MILE OR LESS
LOWEST: 16 ON 5 3 = THUNDER
SNOW, ICE PELLETS, HAIL 4 = ICE PELLETS
TOTAL MONTH: M 5 = HAIL
GRTST 24HR M ON M 6 = FREEZING RAIN OR DRIZZLE
GRTST DEPTH: M ON M 7 = DUSTSTORM OR SANDSTORM:
VSBY 1/2 MILE OR LESS
8 = SMOKE OR HAZE
[NO. OF DAYS WITH] [WEATHER - DAYS WITH] 9 = BLOWING SNOW
X = TORNADO
MAX 32 OR BELOW: 1 0.01 INCH OR MORE: 6
MAX 90 OR ABOVE: 0 0.10 INCH OR MORE: 1
MIN 32 OR BELOW: 17 0.50 INCH OR MORE: 1
MIN 0 OR BELOW: 0 1.00 INCH OR MORE: 0
[HDD (BASE 65) ]
TOTAL THIS MO. 545 CLEAR (SCALE 0-3) 15
DPTR FM NORMAL 143 PTCLDY (SCALE 4-7) 7
TOTAL FM JUL 1 1565 CLOUDY (SCALE 8-10) 6
DPTR FM NORMAL -243
[CDD (BASE 65) ]
TOTAL THIS MO. 10
DPTR FM NORMAL 3 [PRESSURE DATA]
TOTAL FM JAN 1 10 HIGHEST SLP M ON M
DPTR FM NORMAL 8 LOWEST SLP M ON M
[REMARKS]
#FINAL-02-22#