000
CXUS54 KFWD 161605
CF6TPL
PRELIMINARY LOCAL CLIMATOLOGICAL DATA (WS FORM: F-6)
STATION: TEMPLE
MONTH: JANUARY
YEAR: 2024
LATITUDE: 31 8 N
LONGITUDE: 97 25 W
TEMPERATURE IN F: :PCPN: SNOW: WIND :SUNSHINE: SKY :PK WND
================================================================================
1 2 3 4 5 6A 6B 7 8 9 10 11 12 13 14 15 16 17 18
12Z AVG MX 2MIN
DY MAX MIN AVG DEP HDD CDD WTR SNW DPTH SPD SPD DIR MIN PSBL S-S WX SPD DR
================================================================================
1 52 32 42 -5 23 0 0.00 M M 11.7 17 360 M M 1 25 360
2 54 29 42 -5 23 0 0.83 M M 8.7 15 80 M M 6 1 M M
3 50 39 45 -2 20 0 0.01 M M 7.0 15 350 M M 10 1 M M
4 58 33 46 -1 19 0 0.03 M M 7.9 16 130 M M 9 12 M M
5 63 42 53 6 12 0 0.22 M M 5.0 14 270 M M 5 1 M M
6 59 35 47 0 18 0 0.00 M M 5.6 9 280 M M 0 M M
7 62 30 46 -1 19 0 0.00 M M 9.7 21 150 M M 1 12 31 140
8 62 43 53 6 12 0 0.28 M M 16.4 28 280 M M 9 138 52 290
9 54 34 44 -3 21 0 0.00 M M 16.4 29 290 M M 0 41 290
10 69 29 49 2 16 0 0.00 M M 12.0 22 190 M M 0 33 200
11 70 38 54 7 11 0 T M M 12.9 26 170 M M 3 12 37 180
12 63 32 48 1 17 0 0.02 M M 14.0 26 300 M M 1 1 43 260
13 62 28 45 -2 20 0 0.00 M M 12.2 23 360 M M 0 35 360
14 28 15 22 -25 43 0 T M M 14.9 22 340 M M 9 1 26 340
15 21 14 18 -29 47 0 T M M 13.3 17 350 M M 8 1 25 350
16 31 15 23 -24 42 0 0.00 M M 12.2 21 350 M M 0 28 350
17 45 13 29 -18 36 0 0.00 M M 10.3 23 160 M M 0 30 160
18 74 33 54 7 11 0 0.00 M M 10.1 20 190 M M 0 18 240
19 45 25 35 -12 30 0 0.00 M M 14.7 23 350 M M 0 32 340
20 40 20 30 -17 35 0 0.00 M M 8.3 12 60 M M 2 M M
21 42 35 39 -8 26 0 T M M 10.3 16 120 M M 10 M M
22 48 36 42 -6 23 0 2.07 M M 5.3 20 100 M M 10 12 M M
23 54 47 51 3 14 0 0.16 M M 6.6 10 310 M M 10 1 M M
24 53 49 51 3 14 0 0.33 M M 6.7 13 330 M M 10 1 M M
25 54 49 52 4 13 0 0.05 M M 5.6 12 340 M M 9 1 21 350
26 54 48 51 3 14 0 T M M 6.4 15 360 M M 10 128 M M
27 58 41 50 2 15 0 0.01 M M 11.0 20 300 M M 6 1 25 320
28 64 34 49 1 16 0 0.00 M M 6.0 12 330 M M 0 M M
29 73 39 56 8 9 0 0.00 M M 4.8 10 230 M M 0 M M
30 76 41 59 11 6 0 0.00 M M 5.1 10 270 M M 0 M M
31 75 37 56 8 9 0 0.00 M M 4.5 10 170 M M 0 M M
================================================================================
SM 1713 1035 634 0 4.01 M 295.6 M 129
================================================================================
AV 55.3 33.4 9.5 FASTST M M 4 MAX(MPH)
MISC ----> 29 290 52 290
================================================================================
NOTES:
# LAST OF SEVERAL OCCURRENCES
COLUMN 17 PEAK WIND IN M.P.H.
PRELIMINARY LOCAL CLIMATOLOGICAL DATA (WS FORM: F-6) , PAGE 2
STATION: TEMPLE
MONTH: JANUARY
YEAR: 2024
LATITUDE: 31 8 N
LONGITUDE: 97 25 W
[TEMPERATURE DATA] [PRECIPITATION DATA] SYMBOLS USED IN COLUMN 16
AVERAGE MONTHLY: 44.3 TOTAL FOR MONTH: 4.01 1 = FOG OR MIST
DPTR FM NORMAL: -3.0 DPTR FM NORMAL: 1.76 2 = FOG REDUCING VISIBILITY
HIGHEST: 76 ON 30 GRTST 24HR 2.07 ON 22-22 TO 1/4 MILE OR LESS
LOWEST: 13 ON 17 3 = THUNDER
SNOW, ICE PELLETS, HAIL 4 = ICE PELLETS
TOTAL MONTH: M 5 = HAIL
GRTST 24HR M ON M 6 = FREEZING RAIN OR DRIZZLE
GRTST DEPTH: M ON M 7 = DUSTSTORM OR SANDSTORM:
VSBY 1/2 MILE OR LESS
8 = SMOKE OR HAZE
[NO. OF DAYS WITH] [WEATHER - DAYS WITH] 9 = BLOWING SNOW
X = TORNADO
MAX 32 OR BELOW: 3 0.01 INCH OR MORE: 11
MAX 90 OR ABOVE: 0 0.10 INCH OR MORE: 6
MIN 32 OR BELOW: 12 0.50 INCH OR MORE: 2
MIN 0 OR BELOW: 0 1.00 INCH OR MORE: 1
[HDD (BASE 65) ]
TOTAL THIS MO. 634 CLEAR (SCALE 0-3) 17
DPTR FM NORMAL 83 PTCLDY (SCALE 4-7) 4
TOTAL FM JUL 1 1340 CLOUDY (SCALE 8-10) 10
DPTR FM NORMAL -64
[CDD (BASE 65) ]
TOTAL THIS MO. 0
DPTR FM NORMAL -2 [PRESSURE DATA]
TOTAL FM JAN 1 0 HIGHEST SLP M ON M
DPTR FM NORMAL -2 LOWEST SLP M ON M
[REMARKS]
#FINAL-01-24#