522
CXUS54 KFWD 010731
CF6TPL
PRELIMINARY LOCAL CLIMATOLOGICAL DATA (WS FORM: F-6)
STATION: TEMPLE
MONTH: MAY
YEAR: 2020
LATITUDE: 31 8 N
LONGITUDE: 97 25 W
TEMPERATURE IN F: :PCPN: SNOW: WIND :SUNSHINE: SKY :PK WND
================================================================================
1 2 3 4 5 6A 6B 7 8 9 10 11 12 13 14 15 16 17 18
12Z AVG MX 2MIN
DY MAX MIN AVG DEP HDD CDD WTR SNW DPTH SPD SPD DIR MIN PSBL S-S WX SPD DR
================================================================================
1 85 57 71 1 0 6 0.00 0.0 0 13.9 22 160 M M 0 30 180
2 87 65 76 6 0 11 0.00 0.0 0 18.5 25 180 M M 3 32 170
3 88 67 78 8 0 13 0.00 0.0 0 16.4 23 160 M M 3 28 160
4 90 70 80 10 0 15 0.00 0.0 0 16.4 21 170 M M 2 30 170
5 79 57 68 -3 0 3 0.00 0.0 0 13.2 24 180 M M 7 3 36 360
6 81 49 65 -6 0 0 0.00 0.0 0 7.5 15 60 M M 0 M M
7 83 52 68 -3 0 3 0.00 0.0 0 14.3 31 170 M M 4 39 170
8 79 54 67 -4 0 2 0.00 0.0 0 16.4 29 170 M M 5 41 170
9 74 52 63 -9 2 0 0.00 0.0 0 8.3 15 100 M M 3 20 90
10 77 48 63 -9 2 0 0.00 0.0 0 6.2 12 70 M M 0 8 16 70
11 81 56 69 -3 0 4 0.00 0.0 0 9.9 16 150 M M 3 30 150
12 77 64 71 -1 0 6 0.38 0.0 0 11.6 17 150 M M 9 13 24 160
13 86 65 76 3 0 11 0.00 0.0 0 11.5 17 160 M M 7 22 130
14 90 70 80 7 0 15 0.00 0.0 0 13.9 18 170 M M 5 27 150
15 90 71 81 8 0 16 0.22 0.0 0 11.9 16 170 M M 6 13 25 120
16 73 62 68 -5 0 3 0.59 0.0 0 10.6 20 290 M M 8 13 32 360
17 86 64 75 1 0 10 T 0.0 0 7.4 13 340 M M 1 20 310
18 91 61 76 2 0 11 0.00 0.0 0 6.6 13 160 M M 0 18 160
19 93 67 80 6 0 15 0.00 0.0 0 9.9 15 160 M M 0 21 150
20 91 73 82 8 0 17 0.00 0.0 0 10.0 16 140 M M 3 18 20 180
21 89 69 79 4 0 14 0.00 0.0 0 11.9 20 170 M M 3 33 230
22 92 71 82 7 0 17 0.02 0.0 0 14.8 20 150 M M 4 13 27 170
23 91 74 83 8 0 18 T 0.0 0 13.4 21 140 M M 5 3 25 150
24 85 66 76 1 0 11 0.44 0.0 0 12.7 16 90 M M 7 3 23 90
25 79 65 72 -4 0 7 0.43 0.0 0 8.0 15 340 M M 6 13 25 350
26 83 63 73 -3 0 8 0.00 0.0 0 7.0 17 290 M M 4 21 280
27 87 56 72 -4 0 7 0.07 0.0 0 5.1 12 100 M M 1 3 M M
28 83 60 72 -4 0 7 0.00 0.0 0 4.7 10 350 M M 2 1 M M
29 86 64 75 -1 0 10 0.00 0.0 0 8.7 17 30 M M 1 25 40
30 86 60 73 -3 0 8 0.00 0.0 0 6.7 13 80 M M 1 22 40
31 85 65 75 -2 0 10 0.00 0.0 0 6.8 12 80 M M 2 M M
================================================================================
SM 2627 1937 4 278 2.15 0.0 334.2 M 105
================================================================================
AV 84.7 62.5 10.8 FASTST M M 3 MAX(MPH)
MISC ----> # 31 170 # 41 170
================================================================================
NOTES:
# LAST OF SEVERAL OCCURRENCES
COLUMN 17 PEAK WIND IN M.P.H.
PRELIMINARY LOCAL CLIMATOLOGICAL DATA (WS FORM: F-6) , PAGE 2
STATION: TEMPLE
MONTH: MAY
YEAR: 2020
LATITUDE: 31 8 N
LONGITUDE: 97 25 W
[TEMPERATURE DATA] [PRECIPITATION DATA] SYMBOLS USED IN COLUMN 16
AVERAGE MONTHLY: 73.6 TOTAL FOR MONTH: 2.15 1 = FOG OR MIST
DPTR FM NORMAL: 0.3 DPTR FM NORMAL: -2.10 2 = FOG REDUCING VISIBILITY
HIGHEST: 93 ON 19 GRTST 24HR 0.59 ON 16-16 TO 1/4 MILE OR LESS
LOWEST: 48 ON 10 3 = THUNDER
SNOW, ICE PELLETS, HAIL 4 = ICE PELLETS
TOTAL MONTH: 0.0 INCH 5 = HAIL
GRTST 24HR 0.0 6 = FREEZING RAIN OR DRIZZLE
GRTST DEPTH: 0 7 = DUSTSTORM OR SANDSTORM:
VSBY 1/2 MILE OR LESS
8 = SMOKE OR HAZE
[NO. OF DAYS WITH] [WEATHER - DAYS WITH] 9 = BLOWING SNOW
X = TORNADO
MAX 32 OR BELOW: 0 0.01 INCH OR MORE: 7
MAX 90 OR ABOVE: 8 0.10 INCH OR MORE: 5
MIN 32 OR BELOW: 0 0.50 INCH OR MORE: 1
MIN 0 OR BELOW: 0 1.00 INCH OR MORE: 0
[HDD (BASE 65) ]
TOTAL THIS MO. 4 CLEAR (SCALE 0-3) 17
DPTR FM NORMAL -9 PTCLDY (SCALE 4-7) 12
TOTAL FM JUL 1 1866 CLOUDY (SCALE 8-10) 2
DPTR FM NORMAL -276
[CDD (BASE 65) ]
TOTAL THIS MO. 278
DPTR FM NORMAL 8 [PRESSURE DATA]
TOTAL FM JAN 1 482 HIGHEST SLP M ON M
DPTR FM NORMAL 67 LOWEST SLP M ON M
[REMARKS]
#FINAL-05-20#