000
CXUS54 KFWD 010731
CF6TPL
PRELIMINARY LOCAL CLIMATOLOGICAL DATA (WS FORM: F-6)
STATION: TEMPLE
MONTH: APRIL
YEAR: 2020
LATITUDE: 31 8 N
LONGITUDE: 97 25 W
TEMPERATURE IN F: :PCPN: SNOW: WIND :SUNSHINE: SKY :PK WND
================================================================================
1 2 3 4 5 6A 6B 7 8 9 10 11 12 13 14 15 16 17 18
12Z AVG MX 2MIN
DY MAX MIN AVG DEP HDD CDD WTR SNW DPTH SPD SPD DIR MIN PSBL S-S WX SPD DR
================================================================================
1 74 47 61 -1 4 0 0.00 0.0 0 10.4 21 150 M M 0 30 150
2 69 59 64 2 1 0 0.88 0.0 0 12.5 23 160 M M 8 13 28 160
3 71 42 57 -6 8 0 0.04 0.0 0 11.4 22 330 M M 10 138 30 340
4 49 42 46 -17 19 0 0.16 0.0 0 10.4 17 350 M M 10 13 21 350
5 67 47 57 -6 8 0 0.00 0.0 0 6.4 9 110 M M 10 1 M M
6 75 59 67 4 0 2 0.00 0.0 0 4.8 10 150 M M 6 1 M M
7 87 67 77 13 0 12 0.00 0.0 0 10.8 17 170 M M 3 18 M M
8 92 71 82 18 0 17 0.00 0.0 0 8.5 12 260 M M 1 1 M M
9 80 63 72 8 0 7 0.13 0.0 0 5.3 18 260 M M 2 13 39 260
10 72 56 64 0 1 0 0.00 0.0 0 9.1 14 50 M M 1 8 M M
11 73 54 64 0 1 0 T 0.0 0 10.2 17 140 M M 8 M M
12 82 50 66 1 0 1 1.21 0.0 0 15.0 24 280 M M 3 13 35 250
13 59 40 50 -15 15 0 0.00 0.0 0 12.5 21 350 M M 0 29 350
14 60 44 52 -13 13 0 0.00 0.0 0 10.5 15 20 M M 6 23 20
15 64 35 50 -15 15 0 0.00 0.0 0 5.0 8 340 M M 0 M M
16 75 45 60 -6 5 0 0.00 0.0 0 13.0 21 170 M M 0 30 150
17 69 52 61 -5 4 0 0.00 0.0 0 9.8 17 330 M M 8 1 22 330
18 62 51 57 -9 8 0 T 0.0 0 6.8 13 360 M M 10 1 M M
19 89 57 73 7 0 8 0.01 0.0 0 8.3 27 300 M M 6 1 36 300
20 78 58 68 1 0 3 0.00 0.0 0 5.7 9 140 M M 4 128 M M
21 83 63 73 6 0 8 0.00 0.0 0 10.8 16 150 M M 4 12 25 150
22 81 65 73 6 0 8 0.02 0.0 0 11.4 20 190 M M 6 123 M M
23 84 56 70 3 0 5 0.00 0.0 0 7.3 12 350 M M 0 18 18 350
24 96 55 76 8 0 11 0.00 0.0 0 14.0 24 180 M M 0 33 360
25 76 55 66 -2 0 1 0.00 0.0 0 10.0 17 10 M M 3 25 10
26 81 47 64 -4 1 0 0.00 0.0 0 7.0 13 150 M M 0 12 16 130
27 86 59 73 5 0 8 0.00 0.0 0 17.4 25 150 M M 0 37 160
28 88 70 79 10 0 14 0.00 0.0 0 16.4 24 170 M M 6 33 160
29 79 55 67 -2 0 2 1.23 0.0 0 11.1 17 330 M M 4 13 25 180
30 82 47 65 -4 0 0 0.00 0.0 0 5.0 10 110 M M 0 8 M M
================================================================================
SM 2283 1611 103 107 3.68 0.0 296.8 M 119
================================================================================
AV 76.1 53.7 9.9 FASTST M M 4 MAX(MPH)
MISC ----> # 27 300 # 39 260
================================================================================
NOTES:
# LAST OF SEVERAL OCCURRENCES
COLUMN 17 PEAK WIND IN M.P.H.
PRELIMINARY LOCAL CLIMATOLOGICAL DATA (WS FORM: F-6) , PAGE 2
STATION: TEMPLE
MONTH: APRIL
YEAR: 2020
LATITUDE: 31 8 N
LONGITUDE: 97 25 W
[TEMPERATURE DATA] [PRECIPITATION DATA] SYMBOLS USED IN COLUMN 16
AVERAGE MONTHLY: 64.9 TOTAL FOR MONTH: 3.68 1 = FOG OR MIST
DPTR FM NORMAL: -0.7 DPTR FM NORMAL: 1.36 2 = FOG REDUCING VISIBILITY
HIGHEST: 96 ON 24 GRTST 24HR 1.23 ON 29-29 TO 1/4 MILE OR LESS
LOWEST: 35 ON 15 3 = THUNDER
SNOW, ICE PELLETS, HAIL 4 = ICE PELLETS
TOTAL MONTH: 0.0 INCH 5 = HAIL
GRTST 24HR 0.0 6 = FREEZING RAIN OR DRIZZLE
GRTST DEPTH: 0 7 = DUSTSTORM OR SANDSTORM:
VSBY 1/2 MILE OR LESS
8 = SMOKE OR HAZE
[NO. OF DAYS WITH] [WEATHER - DAYS WITH] 9 = BLOWING SNOW
X = TORNADO
MAX 32 OR BELOW: 0 0.01 INCH OR MORE: 8
MAX 90 OR ABOVE: 2 0.10 INCH OR MORE: 5
MIN 32 OR BELOW: 0 0.50 INCH OR MORE: 3
MIN 0 OR BELOW: 0 1.00 INCH OR MORE: 2
[HDD (BASE 65) ]
TOTAL THIS MO. 103 CLEAR (SCALE 0-3) 13
DPTR FM NORMAL 22 PTCLDY (SCALE 4-7) 13
TOTAL FM JUL 1 1862 CLOUDY (SCALE 8-10) 4
DPTR FM NORMAL -267
[CDD (BASE 65) ]
TOTAL THIS MO. 107
DPTR FM NORMAL 8 [PRESSURE DATA]
TOTAL FM JAN 1 204 HIGHEST SLP M ON M
DPTR FM NORMAL 59 LOWEST SLP M ON M
[REMARKS]
#FINAL-04-20#