000
CXUS54 KFWD 010833
CF6TPL
PRELIMINARY LOCAL CLIMATOLOGICAL DATA (WS FORM: F-6)
STATION: TEMPLE
MONTH: NOVEMBER
YEAR: 2023
LATITUDE: 31 8 N
LONGITUDE: 97 25 W
TEMPERATURE IN F: :PCPN: SNOW: WIND :SUNSHINE: SKY :PK WND
================================================================================
1 2 3 4 5 6A 6B 7 8 9 10 11 12 13 14 15 16 17 18
12Z AVG MX 2MIN
DY MAX MIN AVG DEP HDD CDD WTR SNW DPTH SPD SPD DIR MIN PSBL S-S WX SPD DR
================================================================================
1 57 30 44 -18 21 0 0.00 M M 4.6 7 360 M M 0 M M
2 65 29 47 -15 18 0 0.00 M M 5.8 13 180 M M 0 M M
3 75 44 60 -2 5 0 0.00 M M 9.6 17 160 M M 2 23 160
4 78 54 66 5 0 1 T M M 9.4 17 170 M M 4 1 20 160
5 78 57 68 7 0 3 T M M 7.8 14 170 M M 3 12 M M
6 81 62 72 11 0 7 0.00 M M 11.7 21 170 M M 1 1 26 180
7 85 61 73 13 0 8 0.00 M M 14.3 23 170 M M 0 30 160
8 81 69 75 15 0 10 0.00 M M 14.9 23 160 M M 6 26 180
9 71 52 62 2 3 0 0.65 M M 10.6 17 340 M M 8 1 25 360
10 57 52 55 -4 10 0 0.05 M M 12.1 17 10 M M 10 1 22 350
11 65 53 59 0 6 0 0.00 M M 7.0 12 20 M M 10 8 M M
12 65 53 59 1 6 0 T M M 6.1 12 10 M M 7 M M
13 69 54 62 4 3 0 0.00 M M 7.8 15 50 M M 9 20 50
14 70 48 59 1 6 0 0.00 M M 5.9 10 360 M M 3 M M
15 73 45 59 2 6 0 0.00 M M 5.2 7 40 M M 0 1 M M
16 61 46 54 -3 11 0 0.00 M M 5.3 10 160 M M 5 12 M M
17 77 54 66 9 0 1 0.00 M M 10.4 17 360 M M 6 1 24 360
18 66 50 58 2 7 0 0.00 M M 5.1 10 350 M M 7 1 M M
19 67 50 59 3 6 0 T M M 8.9 23 160 M M 8 12 29 160
20 81 58 70 14 0 5 T M M 11.1 18 330 M M 5 1 30 330
21 58 40 49 -6 16 0 0.00 M M 13.4 22 340 M M 7 36 350
22 64 33 49 -6 16 0 0.00 M M 6.0 13 360 M M 0 8 16 330
23 62 38 50 -4 15 0 0.00 M M 7.7 15 170 M M 3 M M
24 64 38 51 -3 14 0 0.00 M M 4.4 10 80 M M 0 18 16 90
25 63 37 50 -4 15 0 0.17 M M 5.9 15 110 M M 6 1 M M
26 52 35 44 -9 21 0 T M M 12.5 22 350 M M 4 30 340
27 54 31 43 -10 22 0 0.00 M M 6.0 10 350 M M 1 M M
28 62 42 52 -1 13 0 0.00 M M 3.9 8 160 M M 4 M M
29 63 36 50 -2 15 0 0.00 M M 7.8 16 150 M M 5 M M
30 74 54 64 12 1 0 0.13 M M 10.2 20 180 M M 8 12 24 190
================================================================================
SM 2038 1405 256 35 1.00 M 251.7 M 132
================================================================================
AV 67.9 46.8 8.4 FASTST M M 4 MAX(MPH)
MISC ----> # 23 170 36 350
================================================================================
NOTES:
# LAST OF SEVERAL OCCURRENCES
COLUMN 17 PEAK WIND IN M.P.H.
PRELIMINARY LOCAL CLIMATOLOGICAL DATA (WS FORM: F-6) , PAGE 2
STATION: TEMPLE
MONTH: NOVEMBER
YEAR: 2023
LATITUDE: 31 8 N
LONGITUDE: 97 25 W
[TEMPERATURE DATA] [PRECIPITATION DATA] SYMBOLS USED IN COLUMN 16
AVERAGE MONTHLY: 57.4 TOTAL FOR MONTH: 1.00 1 = FOG OR MIST
DPTR FM NORMAL: 0.2 DPTR FM NORMAL: -1.68 2 = FOG REDUCING VISIBILITY
HIGHEST: 85 ON 7 GRTST 24HR 0.65 ON 9- 9 TO 1/4 MILE OR LESS
LOWEST: 29 ON 2 3 = THUNDER
SNOW, ICE PELLETS, HAIL 4 = ICE PELLETS
TOTAL MONTH: M 5 = HAIL
GRTST 24HR M ON M 6 = FREEZING RAIN OR DRIZZLE
GRTST DEPTH: M ON M 7 = DUSTSTORM OR SANDSTORM:
VSBY 1/2 MILE OR LESS
8 = SMOKE OR HAZE
[NO. OF DAYS WITH] [WEATHER - DAYS WITH] 9 = BLOWING SNOW
X = TORNADO
MAX 32 OR BELOW: 0 0.01 INCH OR MORE: 4
MAX 90 OR ABOVE: 0 0.10 INCH OR MORE: 3
MIN 32 OR BELOW: 3 0.50 INCH OR MORE: 1
MIN 0 OR BELOW: 0 1.00 INCH OR MORE: 0
[HDD (BASE 65) ]
TOTAL THIS MO. 256 CLEAR (SCALE 0-3) 11
DPTR FM NORMAL -7 PTCLDY (SCALE 4-7) 14
TOTAL FM JUL 1 332 CLOUDY (SCALE 8-10) 5
DPTR FM NORMAL -7
[CDD (BASE 65) ]
TOTAL THIS MO. 35
DPTR FM NORMAL 6 [PRESSURE DATA]
TOTAL FM JAN 1 3352 HIGHEST SLP M ON M
DPTR FM NORMAL 855 LOWEST SLP M ON M
[REMARKS]
#FINAL-11-23#