000
CXUS54 KFWD 010731
CF6TPL
PRELIMINARY LOCAL CLIMATOLOGICAL DATA (WS FORM: F-6)
STATION: TEMPLE
MONTH: SEPTEMBER
YEAR: 2023
LATITUDE: 31 8 N
LONGITUDE: 97 25 W
TEMPERATURE IN F: :PCPN: SNOW: WIND :SUNSHINE: SKY :PK WND
================================================================================
1 2 3 4 5 6A 6B 7 8 9 10 11 12 13 14 15 16 17 18
12Z AVG MX 2MIN
DY MAX MIN AVG DEP HDD CDD WTR SNW DPTH SPD SPD DIR MIN PSBL S-S WX SPD DR
================================================================================
1 100 71 86 4 0 21 0.00 M M 6.1 13 80 M M 0 M M
2 100 69 85 4 0 20 0.00 M M 4.7 10 110 M M 0 M M
3 102 75 89 8 0 24 0.00 M M 8.7 20 340 M M 1 33 350
4 102 78 90 9 0 25 0.00 M M 13.2 18 150 M M 1 30 170
5 103 80 92 12 0 27 0.00 M M 15.4 20 170 M M 1 30 170
6 103 78 91 11 0 26 0.00 M M 8.1 15 170 M M 0 M M
7 107 80 94 14 0 29 0.00 M M 7.8 12 170 M M 0 18 250
8 109 76 93 13 0 28 0.00 M M 7.6 15 160 M M 0 18 140
9 105 79 92 13 0 27 0.00 M M 11.3 17 60 M M 1 28 260
10 96 75 86 7 0 21 0.00 M M 9.3 13 70 M M 0 18 80
11 95 69 82 3 0 17 0.00 M M 8.7 14 120 M M 0 20 160
12 94 77 86 8 0 21 0.00 M M 8.9 14 350 M M 3 20 360
13 78 70 74 -4 0 9 0.24 M M 6.5 13 10 M M 6 1 18 10
14 85 71 78 0 0 13 0.15 M M 7.4 14 60 M M 8 1 M M
15 82 68 75 -3 0 10 0.84 M M 7.1 23 350 M M 5 13 30 350
16 82 68 75 -2 0 10 0.38 M M 4.2 13 50 M M 5 123 M M
17 92 66 79 2 0 14 0.00 M M 6.0 14 330 M M 1 1 17 99
18 96 60 78 2 0 13 0.00 M M 4.7 8 130 M M 0 M M
19 97 69 83 7 0 18 0.00 M M 12.5 18 160 M M 1 36 150
20 98 71 85 9 0 20 0.00 M M 13.6 21 150 M M 0 25 150
21 98 75 87 12 0 22 0.00 M M 10.5 16 160 M M 2 22 160
22 98 74 86 11 0 21 0.00 M M 13.4 21 180 M M 1 30 180
23 100 77 89 14 0 24 0.00 M M 14.6 21 170 M M 1 28 140
24 103 72 88 14 0 23 0.68 M M 15.0 37 30 M M 1 13 47 60
25 90 73 82 8 0 17 T M M 6.7 14 30 M M 4 M M
26 93 70 82 8 0 17 0.00 M M 5.3 9 350 M M 0 16 99
27 95 69 82 9 0 17 0.00 M M 4.1 12 340 M M 0 M M
28 96 69 83 10 0 18 0.00 M M 6.3 12 160 M M 0 16 120
29 93 71 82 9 0 17 0.00 M M 7.6 15 150 M M 0 22 120
30 95 69 82 10 0 17 0.00 M M 6.4 12 120 M M 1 18 110
================================================================================
SM 2887 2169 0 586 2.29 M 261.5 M 43
================================================================================
AV 96.2 72.3 8.7 FASTST M M 1 MAX(MPH)
MISC ----> 37 30 47 60
================================================================================
NOTES:
# LAST OF SEVERAL OCCURRENCES
COLUMN 17 PEAK WIND IN M.P.H.
PRELIMINARY LOCAL CLIMATOLOGICAL DATA (WS FORM: F-6) , PAGE 2
STATION: TEMPLE
MONTH: SEPTEMBER
YEAR: 2023
LATITUDE: 31 8 N
LONGITUDE: 97 25 W
[TEMPERATURE DATA] [PRECIPITATION DATA] SYMBOLS USED IN COLUMN 16
AVERAGE MONTHLY: 84.3 TOTAL FOR MONTH: 2.29 1 = FOG OR MIST
DPTR FM NORMAL: 7.2 DPTR FM NORMAL: -1.50 2 = FOG REDUCING VISIBILITY
HIGHEST: 109 ON 8 GRTST 24HR 0.84 ON 15-15 TO 1/4 MILE OR LESS
LOWEST: 60 ON 18 3 = THUNDER
SNOW, ICE PELLETS, HAIL 4 = ICE PELLETS
TOTAL MONTH: M 5 = HAIL
GRTST 24HR M ON M 6 = FREEZING RAIN OR DRIZZLE
GRTST DEPTH: M ON M 7 = DUSTSTORM OR SANDSTORM:
VSBY 1/2 MILE OR LESS
8 = SMOKE OR HAZE
[NO. OF DAYS WITH] [WEATHER - DAYS WITH] 9 = BLOWING SNOW
X = TORNADO
MAX 32 OR BELOW: 0 0.01 INCH OR MORE: 5
MAX 90 OR ABOVE: 26 0.10 INCH OR MORE: 5
MIN 32 OR BELOW: 0 0.50 INCH OR MORE: 2
MIN 0 OR BELOW: 0 1.00 INCH OR MORE: 0
[HDD (BASE 65) ]
TOTAL THIS MO. 0 CLEAR (SCALE 0-3) 25
DPTR FM NORMAL -7 PTCLDY (SCALE 4-7) 5
TOTAL FM JUL 1 0 CLOUDY (SCALE 8-10) 0
DPTR FM NORMAL -6
[CDD (BASE 65) ]
TOTAL THIS MO. 586
DPTR FM NORMAL 215 [PRESSURE DATA]
TOTAL FM JAN 1 3093 HIGHEST SLP M ON M
DPTR FM NORMAL 767 LOWEST SLP M ON M
[REMARKS]
#FINAL-09-23#