659
CXUS53 KOAX 011000
CF6TQE
PRELIMINARY LOCAL CLIMATOLOGICAL DATA (WS FORM: F-6)
STATION: TEKAMAH NE
MONTH: JULY
YEAR: 2020
LATITUDE: 41 46 N
LONGITUDE: 96 11 W
TEMPERATURE IN F: :PCPN: SNOW: WIND :SUNSHINE: SKY :PK WND
================================================================================
1 2 3 4 5 6A 6B 7 8 9 10 11 12 13 14 15 16 17 18
12Z AVG MX 2MIN
DY MAX MIN AVG DEP HDD CDD WTR SNW DPTH SPD SPD DIR MIN PSBL S-S WX SPD DR
================================================================================
1 88 67 78 3 0 13 0.14 M M 5.3 24 70 M M 0 13 34 50
2 88 65 77 2 0 12 0.00 M M 6.1 15 100 M M 1 1 20 110
3 89 68 79 4 0 14 0.00 M M 5.3 12 140 M M 1 13 16 140
4 89 64 77 2 0 12 0.00 M M 5.3 12 100 M M 1 12 17 50
5 88 65 77 2 0 12 0.00 M M 4.5 13 140 M M 1 1 20 160
6 89 66 78 3 0 13 0.00 M M 5.4 25 350 M M 1 1 41 360
7 92 65 79 3 0 14 T M M 5.8 16 180 M M 1 22 180
8 92 69 81 5 0 16 0.00 M M 9.9 22 180 M M 0 1 31 170
9 86 65 76 0 0 11 0.14 M M 7.1 23 270 M M 4 1 32 360
10 89 61 75 -1 0 10 0.00 M M 4.7 14 200 M M 0 123 23 190
11 88 61 75 -1 0 10 0.08 M M 9.7 35 280 M M 1 3 50 280
12 86 59 73 -3 0 8 0.00 M M 4.7 12 30 M M 1 15 60
13 90 61 76 0 0 11 0.00 M M 10.4 23 160 M M 1 32 160
14 87 69 78 2 0 13 T M M 9.4 20 350 M M 3 28 360
15 78 57 68 -8 0 3 T M M 5.1 14 20 M M 6 1 22 360
16 88 56 72 -4 0 7 0.00 M M 4.9 14 150 M M 6 12 17 150
17 93 68 81 5 0 16 0.00 M M 9.4 20 170 M M 1 1 28 160
18 96 75 86 10 0 21 0.00 M M 10.7 20 190 M M 2 3 29 180
19 88 68 78 2 0 13 0.00 M M 4.8 21 10 M M 2 27 10
20 83 67 75 -1 0 10 0.34 M M 6.0 15 140 M M 4 13 21 130
21 88 64 76 0 0 11 0.09 M M 6.3 13 360 M M 3 13 20 240
22 84 58 71 -5 0 6 0.00 M M 3.5 12 130 M M 1 15 120
23 90 63 77 1 0 12 T M M 8.0 18 150 M M 3 3 27 120
24 92 73 83 7 0 18 0.00 M M 9.4 17 170 M M 1 1 26 160
25 93 75 84 8 0 19 0.03 M M 10.2 21 180 M M 1 31 190
26 84 74 79 3 0 14 0.03 M M 5.1 12 190 M M 3 13 20 200
27 88 63 76 1 0 11 0.00 M M 4.7 16 30 M M 1 25 30
28 88 58 73 -2 0 8 0.00 M M 7.1 16 200 M M 0 1 25 200
29 87 67 77 2 0 12 0.49 M M 6.1 20 350 M M 3 13 28 360
30 83 62 73 -2 0 8 T M M 9.5 21 20 M M 2 31 10
31 83 59 71 -4 0 6 0.00 M M 5.9 12 30 M M 2 19 320
================================================================================
SM 2727 2012 0 364 1.34 M 210.3 M 57
================================================================================
AV 88.0 64.9 6.8 FASTST M M 2 MAX(MPH)
MISC ----> # 35 280 # 50 280
================================================================================
NOTES:
# LAST OF SEVERAL OCCURRENCES
COLUMN 17 PEAK WIND IN M.P.H.
PRELIMINARY LOCAL CLIMATOLOGICAL DATA (WS FORM: F-6) , PAGE 2
STATION: TEKAMAH NE
MONTH: JULY
YEAR: 2020
LATITUDE: 41 46 N
LONGITUDE: 96 11 W
[TEMPERATURE DATA] [PRECIPITATION DATA] SYMBOLS USED IN COLUMN 16
AVERAGE MONTHLY: 76.4 TOTAL FOR MONTH: 1.34 1 = FOG OR MIST
DPTR FM NORMAL: 0.8 DPTR FM NORMAL: -2.35 2 = FOG REDUCING VISIBILITY
HIGHEST: 96 ON 18 GRTST 24HR 0.49 ON 29-29 TO 1/4 MILE OR LESS
LOWEST: 56 ON 16 3 = THUNDER
SNOW, ICE PELLETS, HAIL 4 = ICE PELLETS
TOTAL MONTH: M 5 = HAIL
GRTST 24HR M ON M 6 = FREEZING RAIN OR DRIZZLE
GRTST DEPTH: M ON M 7 = DUSTSTORM OR SANDSTORM:
VSBY 1/2 MILE OR LESS
8 = SMOKE OR HAZE
[NO. OF DAYS WITH] [WEATHER - DAYS WITH] 9 = BLOWING SNOW
X = TORNADO
MAX 32 OR BELOW: 0 0.01 INCH OR MORE: 8
MAX 90 OR ABOVE: 8 0.10 INCH OR MORE: 4
MIN 32 OR BELOW: 0 0.50 INCH OR MORE: 0
MIN 0 OR BELOW: 0 1.00 INCH OR MORE: 0
[HDD (BASE 65) ]
TOTAL THIS MO. 0 CLEAR (SCALE 0-3) 25
DPTR FM NORMAL -3 PTCLDY (SCALE 4-7) 6
TOTAL FM JUL 1 0 CLOUDY (SCALE 8-10) 0
DPTR FM NORMAL -3
[CDD (BASE 65) ]
TOTAL THIS MO. 364
DPTR FM NORMAL 34 [PRESSURE DATA]
TOTAL FM JAN 1 747 HIGHEST SLP 30.07 ON 27
DPTR FM NORMAL 119 LOWEST SLP 29.64 ON 9
[REMARKS]
#FINAL-07-20#