000
CXUS56 KSGX 011145
CF6TRM
PRELIMINARY LOCAL CLIMATOLOGICAL DATA (WS FORM: F-6)
STATION: THERMAL AIRPORT CA
MONTH: DECEMBER
YEAR: 2022
LATITUDE: 33 37 N
LONGITUDE: 116 10 W
TEMPERATURE IN F: :PCPN: SNOW: WIND :SUNSHINE: SKY :PK WND
================================================================================
1 2 3 4 5 6A 6B 7 8 9 10 11 12 13 14 15 16 17 18
12Z AVG MX 2MIN
DY MAX MIN AVG DEP HDD CDD WTR SNW DPTH SPD SPD DIR MIN PSBL S-S WX SPD DR
================================================================================
1 66 35 51 -5 14 0 0.00 M M 3.5 12 330 M M 0 16 340
2 66 41 54 -1 11 0 0.00 M M 2.7 9 220 M M 0 8 12 220
3 70 43 57 2 8 0 0.00 M M 3.5 12 130 M M 0 13 130
4 71 41 56 1 9 0 0.00 M M 3.4 9 150 M M 0 13 150
5 68 41 55 0 10 0 0.00 M M 5.4 16 340 M M 0 22 330
6 68 49 59 5 6 0 0.00 M M 8.3 16 330 M M 0 24 350
7 70 47 59 5 6 0 0.00 M M 8.5 16 320 M M 0 8 22 320
8 69 33 51 -3 14 0 0.00 M M 3.8 10 130 M M 0 13 130
9 69 31 50 -4 15 0 0.00 M M 3.1 8 340 M M 0 9 340
10 67 31 49 -5 16 0 0.00 M M 3.6 12 160 M M 0 13 150
11 61 35 48 -5 17 0 0.03 M M 8.5 23 350 M M 4 31 300
12 59 34 47 -6 18 0 0.00 M M 3.5 10 330 M M 1 13 340
13 63 27 45 -8 20 0 0.00 M M 3.8 9 300 M M 0 14 280
14 65 30 48 -5 17 0 0.00 M M 3.1 8 350 M M 0 10 220
15 65 29 47 -6 18 0 0.00 M M 3.2 9 140 M M 0 10 150
16 67 33 50 -3 15 0 0.00 M M 2.7 9 310 M M 0 11 310
17 63 27 45 -8 20 0 0.00 M M 2.7 7 340 M M 0 8 340
18 65 30 48 -5 17 0 0.00 M M 3.4 8 120 M M 0 10 150
19 66 28 47 -6 18 0 0.00 M M 2.7 9 140 M M 0 13 130
20 68 30 49 -4 16 0 0.00 M M 2.4 8 10 M M 0 9 240
21 69 32 51 -2 14 0 0.00 M M 4.0 10 350 M M 0 12 150
22 69 33 51 -2 14 0 0.00 M M 3.3 8 140 M M 0 10 140
23 73 34 54 1 11 0 0.00 M M 3.3 9 250 M M 0 8 11 310
24 81 37 59 6 6 0 0.00 M M 3.5 9 320 M M 0 11 320
25 79 39 59 6 6 0 0.00 M M 3.6 9 210 M M 0 11 330
26 76 39 58 5 7 0 0.00 M M 4.2 13 330 M M 0 15 330
27 62 42 52 -1 13 0 T M M 1.9 8 310 M M 2 10 340
28 73 47 60 7 5 0 T M M 3.5 10 310 M M 1 13 310
29 68 44 56 3 9 0 0.00 M M 2.9 10 150 M M 2 12 150
30 65 39 52 -1 13 0 0.00 M M 3.4 10 130 M M 0 8 16 130
31 59 40 50 -3 15 0 0.00 M M 3.1 8 290 M M 4 128 10 150
================================================================================
SM 2100 1121 398 0 0.03 M 118.5 M 14
================================================================================
AV 67.7 36.2 3.8 FASTST M M 0 MAX(MPH)
MISC ----> 23 350 31 300
================================================================================
NOTES:
# LAST OF SEVERAL OCCURRENCES
COLUMN 17 PEAK WIND IN M.P.H.
PRELIMINARY LOCAL CLIMATOLOGICAL DATA (WS FORM: F-6) , PAGE 2
STATION: THERMAL AIRPORT CA
MONTH: DECEMBER
YEAR: 2022
LATITUDE: 33 37 N
LONGITUDE: 116 10 W
[TEMPERATURE DATA] [PRECIPITATION DATA] SYMBOLS USED IN COLUMN 16
AVERAGE MONTHLY: 52.0 TOTAL FOR MONTH: 0.03 1 = FOG OR MIST
DPTR FM NORMAL: -1.5 DPTR FM NORMAL: -0.31 2 = FOG REDUCING VISIBILITY
HIGHEST: 81 ON 24 GRTST 24HR 0.03 ON 11-11 TO 1/4 MILE OR LESS
LOWEST: 27 ON 17,13 3 = THUNDER
SNOW, ICE PELLETS, HAIL 4 = ICE PELLETS
TOTAL MONTH: M 5 = HAIL
GRTST 24HR M ON M 6 = FREEZING RAIN OR DRIZZLE
GRTST DEPTH: M ON M 7 = DUSTSTORM OR SANDSTORM:
VSBY 1/2 MILE OR LESS
8 = SMOKE OR HAZE
[NO. OF DAYS WITH] [WEATHER - DAYS WITH] 9 = BLOWING SNOW
X = TORNADO
MAX 32 OR BELOW: 0 0.01 INCH OR MORE: 1
MAX 90 OR ABOVE: 0 0.10 INCH OR MORE: 0
MIN 32 OR BELOW: 10 0.50 INCH OR MORE: 0
MIN 0 OR BELOW: 0 1.00 INCH OR MORE: 0
[HDD (BASE 65) ]
TOTAL THIS MO. 398 CLEAR (SCALE 0-3) 29
DPTR FM NORMAL 41 PTCLDY (SCALE 4-7) 2
TOTAL FM JUL 1 635 CLOUDY (SCALE 8-10) 0
DPTR FM NORMAL 129
[CDD (BASE 65) ]
TOTAL THIS MO. 0
DPTR FM NORMAL -1 [PRESSURE DATA]
TOTAL FM JAN 1 4359 HIGHEST SLP 30.31 ON 20
DPTR FM NORMAL 479 LOWEST SLP 29.74 ON 31
[REMARKS]
#FINAL-12-22#