000
CXUS56 KSGX 011145
CF6TRM
PRELIMINARY LOCAL CLIMATOLOGICAL DATA (WS FORM: F-6)
STATION: THERMAL AIRPORT CA
MONTH: JANUARY
YEAR: 2022
LATITUDE: 33 37 N
LONGITUDE: 116 10 W
TEMPERATURE IN F: :PCPN: SNOW: WIND :SUNSHINE: SKY :PK WND
================================================================================
1 2 3 4 5 6A 6B 7 8 9 10 11 12 13 14 15 16 17 18
12Z AVG MX 2MIN
DY MAX MIN AVG DEP HDD CDD WTR SNW DPTH SPD SPD DIR MIN PSBL S-S WX SPD DR
================================================================================
1 64 31 48 -5 17 0 0.00 M M 5.6 14 320 M M 0 20 320
2 61 22 42 -12 23 0 0.00 M M 2.7 7 130 M M 0 11 170
3 66 23 45 -9 20 0 0.00 M M 2.9 7 170 M M 0 9 290
4 66 26 46 -8 19 0 0.00 M M 2.0 7 270 M M 0 8 260
5 71 35 53 -1 12 0 0.00 M M 3.7 9 260 M M 0 11 350
6 71 33 52 -2 13 0 0.00 M M 3.0 8 150 M M 0 12 140
7 70 32 51 -3 14 0 0.00 M M 3.0 9 160 M M 0 13 150
8 76 39 58 4 7 0 0.00 M M 4.1 13 140 M M 0 15 130
9 76 34 55 1 10 0 0.00 M M 4.3 10 330 M M 0 13 260
10 74 35 55 1 10 0 0.00 M M 5.3 10 350 M M 0 13 360
11 78 37 58 4 7 0 0.00 M M 4.6 10 20 M M 0 8 16 20
12 73 33 53 -2 12 0 0.00 M M 3.0 10 250 M M 0 10 250
13 73 38 56 1 9 0 0.00 M M 2.6 9 320 M M 2 8 10 320
14 82 49 66 11 0 1 0.00 M M 4.9 15 320 M M 0 19 330
15 74 42 58 3 7 0 0.00 M M 4.2 9 10 M M 0 8 12 320
16 75 39 57 2 8 0 0.00 M M 3.0 7 300 M M 1 9 10
17 74 38 56 1 9 0 T M M 3.2 8 260 M M 2 12 140
18 75 45 60 5 5 0 0.00 M M 4.3 13 330 M M 1 17 310
19 78 45 62 7 3 0 0.00 M M 4.8 13 340 M M 0 16 330
20 79 39 59 4 6 0 0.00 M M 6.1 15 310 M M 0 18 310
21 77 33 55 -1 10 0 0.00 M M 7.3 23 340 M M 1 8 30 320
22 72 58 65 9 0 0 0.00 M M 11.4 23 340 M M 3 31 350
23 77 48 63 7 2 0 0.00 M M 8.1 17 310 M M 0 23 300
24 79 37 58 2 7 0 0.00 M M 4.8 12 160 M M 0 14 130
25 78 35 57 1 8 0 0.00 M M 3.6 10 140 M M 0 14 140
26 72 31 52 -4 13 0 0.00 M M 3.3 8 110 M M 0 11 250
27 75 30 53 -3 12 0 0.00 M M 5.4 12 310 M M 0 16 310
28 72 34 53 -3 12 0 0.00 M M 5.1 10 350 M M 0 14 290
29 71 34 53 -3 12 0 0.00 M M 4.6 10 350 M M 0 13 340
30 81 35 58 2 7 0 0.00 M M 5.5 13 340 M M 0 15 350
31 71 31 51 -5 14 0 0.00 M M 2.5 9 340 M M 0 10 340
================================================================================
SM 2281 1121 308 1 T M 138.9 M 10
================================================================================
AV 73.6 36.2 4.5 FASTST M M 0 MAX(MPH)
MISC ----> # 23 340 31 350
================================================================================
NOTES:
# LAST OF SEVERAL OCCURRENCES
COLUMN 17 PEAK WIND IN M.P.H.
PRELIMINARY LOCAL CLIMATOLOGICAL DATA (WS FORM: F-6) , PAGE 2
STATION: THERMAL AIRPORT CA
MONTH: JANUARY
YEAR: 2022
LATITUDE: 33 37 N
LONGITUDE: 116 10 W
[TEMPERATURE DATA] [PRECIPITATION DATA] SYMBOLS USED IN COLUMN 16
AVERAGE MONTHLY: 54.9 TOTAL FOR MONTH: T 1 = FOG OR MIST
DPTR FM NORMAL: -0.1 DPTR FM NORMAL: -0.64 2 = FOG REDUCING VISIBILITY
HIGHEST: 82 ON 14 GRTST 24HR 0.13 ON 17-17 TO 1/4 MILE OR LESS
LOWEST: 22 ON 2 3 = THUNDER
SNOW, ICE PELLETS, HAIL 4 = ICE PELLETS
TOTAL MONTH: M 5 = HAIL
GRTST 24HR M ON M 6 = FREEZING RAIN OR DRIZZLE
GRTST DEPTH: M ON M 7 = DUSTSTORM OR SANDSTORM:
VSBY 1/2 MILE OR LESS
8 = SMOKE OR HAZE
[NO. OF DAYS WITH] [WEATHER - DAYS WITH] 9 = BLOWING SNOW
X = TORNADO
MAX 32 OR BELOW: 0 0.01 INCH OR MORE: 0
MAX 90 OR ABOVE: 0 0.10 INCH OR MORE: 0
MIN 32 OR BELOW: 8 0.50 INCH OR MORE: 0
MIN 0 OR BELOW: 0 1.00 INCH OR MORE: 0
[HDD (BASE 65) ]
TOTAL THIS MO. 308 CLEAR (SCALE 0-3) 31
DPTR FM NORMAL -4 PTCLDY (SCALE 4-7) 0
TOTAL FM JUL 1 694 CLOUDY (SCALE 8-10) 0
DPTR FM NORMAL -125
[CDD (BASE 65) ]
TOTAL THIS MO. 1
DPTR FM NORMAL -1 [PRESSURE DATA]
TOTAL FM JAN 1 1 HIGHEST SLP 30.43 ON 2
DPTR FM NORMAL -1 LOWEST SLP 29.78 ON 1
[REMARKS]
#FINAL-01-22#