000
CXUS56 KSGX 010946
CLMTRM
CLIMATE REPORT
NATIONAL WEATHER SERVICE SAN DIEGO, CA
246 AM PDT MON MAY 01 2023
...................................
...THE THERMAL AIRPORT CA CLIMATE SUMMARY FOR THE MONTH OF APRIL 2023...
CLIMATE NORMAL PERIOD: 1991 TO 2020
CLIMATE RECORD PERIOD: 1950 TO 2023
WEATHER OBSERVED NORMAL DEPART LAST YEAR`S
VALUE DATE(S) VALUE FROM VALUE DATE(S)
NORMAL
................................................................
TEMPERATURE (F)
RECORD
HIGH 110 04/08/1989
LOW 32 04/10/1999
HIGHEST 105 04/28 88 17 102 04/18
04/29
LOWEST 33 04/01 55 -22 40 04/13
AVG. MAXIMUM 89.8 87.2 2.6 90.6
AVG. MINIMUM 53.7 54.8 -1.1 56.6
MEAN 71.8 71.0 0.8 73.6
DAYS MAX >= 90 15 13.2 1.8 17
DAYS MAX <= 32 0 0.0 0.0 0
DAYS MAX >= 45 30 30
DAYS MAX >= 120 0 0
DAYS MIN <= 32 0 0.0 0.0 0
PRECIPITATION (INCHES)
RECORD
MAXIMUM 0.72 2020
MINIMUM 0.00 2022
TOTALS 0.00R 0.08 -0.08 0.00
DAILY AVG. 0.00 0.00 -0.00 0.00
DAYS >= .01 0 0.8 -0.8 0
DAYS >= .10 0 0.2 -0.2 0
DAYS >= .50 0 0.0 0.0 0
DAYS >= 1.00 0 0.0 0.0 0
DAYS >= %-5.2F 0 0
DAYS >= %-5.2F 0 0
GREATEST
24 HR. TOTAL 0.00 03/31 TO 03/31 0.00 04/28 TO 04/28
STORM TOTAL 0.00 0.00
(MM/DD(HH)) MM
DEGREE DAYS
HEATING TOTAL 36 18 18 7
SINCE 7/1 1519 1102 417 MM
COOLING TOTAL 246 198 48 270
SINCE 1/1 266 290 -24 MM
FREEZE DATES
RECORD
EARLIEST 10/30/1971
LATEST 04/10/1999
EARLIEST 11/21
LATEST 03/12
................................................................
WIND (MPH)
AVERAGE WIND SPEED 8.3
RESULTANT WIND SPEED/DIRECTION 5/330
HIGHEST WIND SPEED/DIRECTION 31/330 DATE 04/13
HIGHEST GUST SPEED/DIRECTION 39/330 DATE 04/13
SKY COVER
POSSIBLE SUNSHINE (PERCENT) MM
AVERAGE SKY COVER 0.01
NUMBER OF DAYS FAIR 30
NUMBER OF DAYS PC 0
NUMBER OF DAYS CLOUDY 0
AVERAGE RH (PERCENT) 34
WEATHER CONDITIONS. NUMBER OF DAYS WITH
THUNDERSTORM 0 MIXED PRECIP 0
HEAVY RAIN 0 RAIN 0
LIGHT RAIN 0 FREEZING RAIN 0
LT FREEZING RAIN 0 HAIL 0
HEAVY SNOW 0 SNOW 0
LIGHT SNOW 0 SLEET 0
FOG 0 FOG W/VIS <= 1/4 MILE 0
HAZE 21
- INDICATES NEGATIVE NUMBERS.
R INDICATES RECORD WAS SET OR TIED.
MM INDICATES DATA IS MISSING.
T INDICATES TRACE AMOUNT.
$$