000
CXUS56 KSGX 011912
CLMTRM
CLIMATE REPORT
NATIONAL WEATHER SERVICE SAN DIEGO, CA
1112 AM PST FRI DEC 01 2023
...................................
...THE THERMAL AIRPORT CA CLIMATE SUMMARY FOR THE MONTH OF NOVEMBER 2023...
CLIMATE NORMAL PERIOD: 1991 TO 2020
CLIMATE RECORD PERIOD: 1950 TO 2023
WEATHER OBSERVED NORMAL DEPART LAST YEAR`S
VALUE DATE(S) VALUE FROM VALUE DATE(S)
NORMAL
................................................................
TEMPERATURE (F)
RECORD
HIGH 98 11/05/2020
11/04/2020
11/03/2018
LOW 20 11/26/2010
HIGHEST 89 11/05 78 11 80 11/01
LOWEST 38 11/11 44 -6 29 11/23
AVG. MAXIMUM 78.8 78.7 0.1 74.0
AVG. MINIMUM 46.7 44.7 2.0 40.5
MEAN 62.8 61.7 1.0 57.3
DAYS MAX >= 90 0 3.0 -3.0 0
DAYS MAX <= 32 0 0.0 0.0 0
DAYS MAX >= 45 30 30
DAYS MAX >= 120 0 0
DAYS MIN <= 32 0 1.9 -1.9 3
PRECIPITATION (INCHES)
RECORD
MAXIMUM 1.68 1965
MINIMUM 0.00 2021
TOTALS 0.15 0.17 -0.02 0.04
DAILY AVG. 0.01 0.01 0.00 0.00
DAYS >= .01 2 0.9 1.1 1
DAYS >= .10 1 0.4 0.6 0
DAYS >= .50 0 0.1 -0.1 0
DAYS >= 1.00 0 0.0 0.0 0
DAYS >= %-5.2F 0 0
DAYS >= %-5.2F 0 0
GREATEST
24 HR. TOTAL 0.14 11/15 TO 11/15 0.04 11/08 TO 11/09
STORM TOTAL 0.14 0.04
(MM/DD(HH)) MM
DEGREE DAYS
HEATING TOTAL 88 141 -53 228
SINCE 7/1 91 149 -58 MM
COOLING TOTAL 28 42 -14 2
SINCE 1/1 3925 3879 46 MM
FREEZE DATES
RECORD
EARLIEST 10/30/1971
LATEST 04/10/1999
EARLIEST MM
LATEST 03/04
................................................................
WIND (MPH)
AVERAGE WIND SPEED 5.2
RESULTANT WIND SPEED/DIRECTION 3/330
HIGHEST WIND SPEED/DIRECTION 25/350 DATE 11/20
HIGHEST GUST SPEED/DIRECTION 32/340 DATE 11/20
SKY COVER
POSSIBLE SUNSHINE (PERCENT) MM
AVERAGE SKY COVER 0.04
NUMBER OF DAYS FAIR 28
NUMBER OF DAYS PC 2
NUMBER OF DAYS CLOUDY 0
AVERAGE RH (PERCENT) 45
WEATHER CONDITIONS. NUMBER OF DAYS WITH
THUNDERSTORM 0 MIXED PRECIP 0
HEAVY RAIN 0 RAIN 1
LIGHT RAIN 1 FREEZING RAIN 0
LT FREEZING RAIN 0 HAIL 0
HEAVY SNOW 0 SNOW 0
LIGHT SNOW 0 SLEET 0
FOG 3 FOG W/VIS <= 1/4 MILE 0
HAZE 1
- INDICATES NEGATIVE NUMBERS.
R INDICATES RECORD WAS SET OR TIED.
MM INDICATES DATA IS MISSING.
T INDICATES TRACE AMOUNT.
$$