000
CXUS54 KMEG 010900
CF6TUP
PRELIMINARY LOCAL CLIMATOLOGICAL DATA (WS FORM: F-6)
STATION: TUPELO
MONTH: AUGUST
YEAR: 2021
LATITUDE: 34 16 N
LONGITUDE: 88 46 W
TEMPERATURE IN F: :PCPN: SNOW: WIND :SUNSHINE: SKY :PK WND
================================================================================
1 2 3 4 5 6A 6B 7 8 9 10 11 12 13 14 15 16 17 18
12Z AVG MX 2MIN
DY MAX MIN AVG DEP HDD CDD WTR SNW DPTH SPD SPD DIR MIN PSBL S-S WX SPD DR
================================================================================
1 93 73 83 0 0 18 0.00 0.0 0 4.8 20 10 M M 2 13 35 20
2 83 71 77 -6 0 12 0.08 0.0 0 5.0 9 90 M M 4 18 12 40
3 88 67 78 -4 0 13 0.00 0.0 0 6.6 17 360 M M 0 1 21 360
4 90 64 77 -5 0 12 0.00 0.0 0 6.6 18 10 M M 1 23 360
5 91 64 78 -4 0 13 0.00 0.0 0 3.5 10 360 M M 1 13 20
6 83 70 77 -5 0 12 1.31 0.0 0 3.8 12 260 M M 4 138 14 260
7 90 69 80 -2 0 15 0.00 0.0 0 1.3 8 270 M M 2 1 11 200
8 92 72 82 0 0 17 0.00 0.0 0 4.0 12 170 M M 1 1 14 190
9 96 75 86 4 0 21 0.00 0.0 0 5.1 14 210 M M 0 18 18 210
10 96 76 86 4 0 21 0.00 0.0 0 4.4 12 210 M M 0 16 200
11 97 76 87 5 0 22 0.00 0.0 0 7.1 23 130 M M 0 3 30 130
12 94 74 84 2 0 19 0.00 0.0 0 5.5 20 150 M M 1 25 150
13 94 75 85 3 0 20 0.32 0.0 0 4.9 21 360 M M 2 138 25 10
14 93 73 83 1 0 18 0.00 0.0 0 4.0 10 360 M M 3 13 14 20
15 86 74 80 -2 0 15 0.18 0.0 0 3.8 20 70 M M 6 3 24 60
16 89 73 81 -1 0 16 0.00 0.0 0 3.5 12 360 M M 7 12 360
17 92 72 82 0 0 17 0.00 0.0 0 2.3 9 350 M M 2 11 340
18 93 75 84 2 0 19 0.43 0.0 0 4.4 22 180 M M 4 3 28 170
19 91 75 83 1 0 18 0.68 0.0 0 4.3 20 170 M M 7 3 26 180
20 87 73 80 -1 0 15 0.17 0.0 0 3.3 8 180 M M 6 11 190
21 91 76 84 3 0 19 0.52 0.0 0 5.6 20 200 M M 5 3 25 200
22 94 76 85 4 0 20 0.00 0.0 0 3.5 12 340 M M 2 14 300
23 95 73 84 3 0 19 0.00 0.0 0 2.1 10 350 M M 1 17 10
24 95 76 86 5 0 21 0.00 0.0 0 1.6 7 90 M M 1 10 80
25 96 75 86 5 0 21 0.00 0.0 0 3.3 12 80 M M 1 1 16 130
26 93 77 85 4 0 20 0.00 0.0 0 4.5 12 150 M M 1 17 150
27 94 74 84 4 0 19 0.00 0.0 0 4.4 13 120 M M 1 16 140
28 93 76 85 5 0 20 T 0.0 0 5.3 17 100 M M 1 25 100
29 93 76 85 5 0 20 0.15 0.0 0 7.9 31 130 M M 2 40 130
30 79 74 77 -3 0 12 2.46 0.0 0 12.9 26 70 M M 7 1 36 80
31 86 73 80 0 0 15 0.43 0.0 0 7.0 16 330 M M 7 18 25 330
================================================================================
SM 2827 2267 0 539 6.73 0.0 146.3 M 82
================================================================================
AV 91.2 73.1 4.7 FASTST M M 3 MAX(MPH)
MISC ----> 31 130 40 130
================================================================================
NOTES:
# LAST OF SEVERAL OCCURRENCES
COLUMN 17 PEAK WIND IN M.P.H.
PRELIMINARY LOCAL CLIMATOLOGICAL DATA (WS FORM: F-6) , PAGE 2
STATION: TUPELO
MONTH: AUGUST
YEAR: 2021
LATITUDE: 34 16 N
LONGITUDE: 88 46 W
[TEMPERATURE DATA] [PRECIPITATION DATA] SYMBOLS USED IN COLUMN 16
AVERAGE MONTHLY: 82.2 TOTAL FOR MONTH: 6.73 1 = FOG OR MIST
DPTR FM NORMAL: 0.6 DPTR FM NORMAL: 2.66 2 = FOG REDUCING VISIBILITY
HIGHEST: 97 ON 11 GRTST 24HR 2.86 ON 30-31 TO 1/4 MILE OR LESS
LOWEST: 64 ON 5, 4 3 = THUNDER
SNOW, ICE PELLETS, HAIL 4 = ICE PELLETS
TOTAL MONTH: 0.0 INCH 5 = HAIL
GRTST 24HR 0.0 6 = FREEZING RAIN OR DRIZZLE
GRTST DEPTH: 0 7 = DUSTSTORM OR SANDSTORM:
VSBY 1/2 MILE OR LESS
8 = SMOKE OR HAZE
[NO. OF DAYS WITH] [WEATHER - DAYS WITH] 9 = BLOWING SNOW
X = TORNADO
MAX 32 OR BELOW: 0 0.01 INCH OR MORE: 11
MAX 90 OR ABOVE: 23 0.10 INCH OR MORE: 10
MIN 32 OR BELOW: 0 0.50 INCH OR MORE: 4
MIN 0 OR BELOW: 0 1.00 INCH OR MORE: 2
[HDD (BASE 65) ]
TOTAL THIS MO. 0 CLEAR (SCALE 0-3) 21
DPTR FM NORMAL 0 PTCLDY (SCALE 4-7) 10
TOTAL FM JUL 1 0 CLOUDY (SCALE 8-10) 0
DPTR FM NORMAL 0
[CDD (BASE 65) ]
TOTAL THIS MO. 539
DPTR FM NORMAL 26 [PRESSURE DATA]
TOTAL FM JAN 1 1795 HIGHEST SLP 30.17 ON 13
DPTR FM NORMAL -5 LOWEST SLP 29.41 ON 31
[REMARKS]
#FINAL-08-21#