000
CXUS55 KREV 020006 AAA
CF6TVL
PRELIMINARY LOCAL CLIMATOLOGICAL DATA (WS FORM: F-6)
STATION: SOUTH LAKE TAHOE CA
MONTH: JANUARY
YEAR: 2022
LATITUDE: 38 53 N
LONGITUDE: 119 60 W
TEMPERATURE IN F: :PCPN: SNOW: WIND :SUNSHINE: SKY :PK WND
================================================================================
1 2 3 4 5 6A 6B 7 8 9 10 11 12 13 14 15 16 17 18
12Z AVG MX 2MIN
DY MAX MIN AVG DEP HDD CDD WTR SNW DPTH SPD SPD DIR MIN PSBL S-S WX SPD DR
================================================================================
1 33 -10 12 -18 53 0 0.00 M M 3.2 9 30 M M 0 18 9 30
2 40 -5 18 -12 47 0 0.00 M M 7.4 24 160 M M 0 31 160
3 38 30 34 4 31 0 T M M 19.3 32 190 M M 1 8 51 200
4 38 35 37 7 28 0 T M M 12.4 28 190 M M 10 48 180
5 51 24 38 8 27 0 0.00 M M 2.4 14 190 M M 3 1 19 200
6 52 19 36 6 29 0 0.00 M M 4.6 16 170 M M 0 12 21 150
7 42 20 31 1 34 0 0.06 M M 11.3 31 190 M M 4 1 45 180
8 41 11 26 -4 39 0 0.00 M M 3.6 10 30 M M 0 12 30
9 42 5 24 -6 41 0 0.00 M M 3.2 9 30 M M 0 10 30
10 45 11 28 -2 37 0 0.00 M M 2.3 12 30 M M 1 12 30
11 45 12 29 -2 36 0 0.00 M M 2.0 12 20 M M 0 12 20
12 47 14 31 0 34 0 0.00 M M 2.8 10 30 M M 0 12 30
13 52 22 37 6 28 0 0.00 M M 6.1 21 190 M M 0 29 190
14 45 16 31 0 34 0 0.00 M M 4.5 18 30 M M 0 24 30
15 39 11 25 -6 40 0 0.00 M M 2.5 9 30 M M 0 9 30
16 43 14 29 -2 36 0 0.00 M M 2.8 10 20 M M 1 12 30
17 46 14 30 -1 35 0 0.00 M M 1.9 9 20 M M 0 10 20
18 48 15 32 1 33 0 0.00 M M 2.6 9 20 M M 1 11 20
19 45 15 30 -1 35 0 0.00 M M 2.9 10 20 M M 0 14 10
20 48 14 31 0 34 0 0.00 M M 2.3 10 20 M M 0 1 12 30
21 37 17 27 -4 38 0 0.00 M M 3.5 15 70 M M 0 26 60
22 41 18 30 -1 35 0 0.00 M M 6.4 25 90 M M 0 40 110
23 45 11 28 -3 37 0 0.00 M M 2.5 12 20 M M 0 14 20
24 50 12 31 0 34 0 0.00 M M 2.8 10 20 M M 0 12 20
25 42 13 28 -3 37 0 0.00 M M 3.5 15 60 M M 0 25 80
26 45 6 26 -5 39 0 0.00 M M 3.0 10 30 M M 0 12 40
27 47 8 28 -3 37 0 0.00 M M 2.9 9 20 M M 0 12 230
28 42 9 26 -5 39 0 0.00 M M 3.1 10 40 M M 0 13 30
29 46 9 28 -3 37 0 0.00 M M 3.0 12 20 M M 0 12 20
30 44 7 26 -5 39 0 0.00 M M 3.5 12 30 M M 0 14 190
31 49 19 34 3 31 0 0.00 M M 2.3 12 30 M M 0 14 30
================================================================================
SM 1368 416 1114 0 0.06 M 136.6 M 21
================================================================================
AV 44.1 13.4 4.4 FASTST M M 1 MAX(MPH)
MISC ----> 32 190 51 200
================================================================================
NOTES:
# LAST OF SEVERAL OCCURRENCES
COLUMN 17 PEAK WIND IN M.P.H.
PRELIMINARY LOCAL CLIMATOLOGICAL DATA (WS FORM: F-6) , PAGE 2
STATION: SOUTH LAKE TAHOE CA
MONTH: JANUARY
YEAR: 2022
LATITUDE: 38 53 N
LONGITUDE: 119 60 W
[TEMPERATURE DATA] [PRECIPITATION DATA] SYMBOLS USED IN COLUMN 16
AVERAGE MONTHLY: 28.8 TOTAL FOR MONTH: 0.06 1 = FOG OR MIST
DPTR FM NORMAL: -1.8 DPTR FM NORMAL: -2.75 2 = FOG REDUCING VISIBILITY
HIGHEST: 52 ON 13, 6 GRTST 24HR 0.06 ON 7- 7 TO 1/4 MILE OR LESS
LOWEST: -10 ON 1 3 = THUNDER
SNOW, ICE PELLETS, HAIL 4 = ICE PELLETS
TOTAL MONTH: M 5 = HAIL
GRTST 24HR M ON M 6 = FREEZING RAIN OR DRIZZLE
GRTST DEPTH: M ON M 7 = DUSTSTORM OR SANDSTORM:
VSBY 1/2 MILE OR LESS
8 = SMOKE OR HAZE
[NO. OF DAYS WITH] [WEATHER - DAYS WITH] 9 = BLOWING SNOW
X = TORNADO
MAX 32 OR BELOW: 0 0.01 INCH OR MORE: 1
MAX 90 OR ABOVE: 0 0.10 INCH OR MORE: 0
MIN 32 OR BELOW: 30 0.50 INCH OR MORE: 0
MIN 0 OR BELOW: 2 1.00 INCH OR MORE: 0
[HDD (BASE 65) ]
TOTAL THIS MO. 1114 CLEAR (SCALE 0-3) 29
DPTR FM NORMAL 48 PTCLDY (SCALE 4-7) 1
TOTAL FM JUL 1 4058 CLOUDY (SCALE 8-10) 1
DPTR FM NORMAL -111
[CDD (BASE 65) ]
TOTAL THIS MO. 0
DPTR FM NORMAL 0 [PRESSURE DATA]
TOTAL FM JAN 1 0 HIGHEST SLP M ON M
DPTR FM NORMAL 0 LOWEST SLP 29.70 ON 7
[REMARKS]
THE AVERAGE TEMPERATURE FOR JANUARY 2022 AT THE SOUTH LAKE TAHOE
AIRPORT WAS 28.8 DEGREES WHICH IS 1.8 DEGREES BELOW NORMAL. THE
HIGHEST TEMPERATURE FOR JANUARY WAS 52 DEGREES WHICH OCCURRED ON THE
6TH AND THE 13TH. THE LOWEST TEMPERATURE FOR THE MONTH WAS -10
DEGREES WHICH OCCURRED ON THE 1ST.
FOR JANUARY 2022, 0.06 INCHES OF PRECIPITATION WAS RECORDED AT THE
SOUTH LAKE TAHOE AIRPORT. THIS IS 2.75 INCHES BELOW NORMAL FOR THE
MONTH.
THE AVERAGE WIND SPEED FOR JANUARY 2022 WAS 4.4 MPH. THE PEAK WIND
GUST FOR THE MONTH WAS 51 MPH FROM THE SOUTH ON THE 3RD.
#FINAL-01-22#