000
CXUS55 KBOI 011002
CF6TWF
PRELIMINARY LOCAL CLIMATOLOGICAL DATA (WS FORM: F-6)
STATION: TWIN FALLS ID
MONTH: APRIL
YEAR: 2022
LATITUDE: 42 28 N
LONGITUDE: 114 29 W
TEMPERATURE IN F: :PCPN: SNOW: WIND :SUNSHINE: SKY :PK WND
================================================================================
1 2 3 4 5 6A 6B 7 8 9 10 11 12 13 14 15 16 17 18
12Z AVG MX 2MIN
DY MAX MIN AVG DEP HDD CDD WTR SNW DPTH SPD SPD DIR MIN PSBL S-S WX SPD DR
================================================================================
1 54 28 41 -3 24 0 0.00 M M 10.5 22 230 M M 0 30 230
2 56 28 42 -2 23 0 0.00 M M 14.6 32 270 M M 0 8 42 280
3 61 29 45 1 20 0 0.00 M M 8.8 15 360 M M 0 19 360
4 54 33 44 0 21 0 0.14 M M 19.2 44 290 M M 7 18 61 290
5 44 27 36 -8 29 0 0.00 M M 21.5 36 290 M M 4 53 290
6 52 24 38 -6 27 0 0.00 M M 9.8 16 300 M M 0 21 270
7 64 29 47 2 18 0 0.00 M M 6.8 16 200 M M 0 8 20 200
8 80 32 56 11 9 0 0.00 M M 9.2 32 260 M M 0 44 260
9 47 30 39 -6 26 0 0.00 M M 23.8 36 270 M M 1 45 280
10 49 22 36 -9 29 0 0.02 M M 13.8 28 270 M M 7 1 37 280
11 46 27 37 -8 28 0 0.11 M M 17.3 46 280 M M 8 123 62 290
12 36 26 31 -14 34 0 0.01 M M 19.4 33 280 M M 8 18 42 270
13 42 24 33 -13 32 0 0.03 M M 9.1 29 270 M M 8 18 36 270
14 47 31 39 -7 26 0 0.51 M M 9.3 26 240 M M 10 1 35 250
15 46 32 39 -7 26 0 0.02 M M 8.5 15 300 M M 8 1 23 300
16 60 32 46 0 19 0 0.21 M M 14.0 37 290 M M 8 13 57 290
17 52 30 41 -5 24 0 0.00 M M 7.8 14 330 M M 3 8 19 320
18 69 30 50 3 15 0 0.00 M M 8.0 18 240 M M 0 25 240
19 56 35 46 -1 19 0 T M M 17.2 30 290 M M 4 40 280
20 62 36 49 2 16 0 0.00 M M 8.0 15 230 M M 3 19 240
21 55 38 47 -1 18 0 0.12 M M 10.3 28 290 M M 7 1 37 290
22 53 37 45 -3 20 0 0.00 M M 18.5 32 290 M M 5 49 290
23 55 33 44 -4 21 0 0.00 M M 21.5 32 290 M M 0 45 270
24 57 31 44 -4 21 0 0.00 M M 8.8 16 230 M M 0 24 230
25 67 35 51 2 14 0 0.00 M M 11.7 25 180 M M 0 8 33 170
26 64 43 54 5 11 0 0.00 M M 13.0 23 180 M M 0 32 170
27 62 38 50 1 15 0 0.00 M M 9.1 18 300 M M 3 26 320
28 58 35 47 -3 18 0 0.02 M M 12.0 36 300 M M 6 38 52 300
29 55 32 44 -6 21 0 0.00 M M 18.4 31 280 M M 0 42 290
30 65 30 48 -2 17 0 0.01 M M 9.1 25 290 M M 4 35 290
================================================================================
SM 1668 937 641 0 1.20 M 389.0 M 104
================================================================================
AV 55.6 31.2 13.0 FASTST M M 3 MAX(MPH)
MISC ----> 46 280 62 290
================================================================================
NOTES:
# LAST OF SEVERAL OCCURRENCES
COLUMN 17 PEAK WIND IN M.P.H.
PRELIMINARY LOCAL CLIMATOLOGICAL DATA (WS FORM: F-6) , PAGE 2
STATION: TWIN FALLS ID
MONTH: APRIL
YEAR: 2022
LATITUDE: 42 28 N
LONGITUDE: 114 29 W
[TEMPERATURE DATA] [PRECIPITATION DATA] SYMBOLS USED IN COLUMN 16
AVERAGE MONTHLY: 43.4 TOTAL FOR MONTH: 1.20 1 = FOG OR MIST
DPTR FM NORMAL: -3.1 DPTR FM NORMAL: 0.07 2 = FOG REDUCING VISIBILITY
HIGHEST: 80 ON 8 GRTST 24HR 0.53 ON 14-15 TO 1/4 MILE OR LESS
LOWEST: 22 ON 10 3 = THUNDER
SNOW, ICE PELLETS, HAIL 4 = ICE PELLETS
TOTAL MONTH: M 5 = HAIL
GRTST 24HR M ON M 6 = FREEZING RAIN OR DRIZZLE
GRTST DEPTH: M ON M 7 = DUSTSTORM OR SANDSTORM:
VSBY 1/2 MILE OR LESS
8 = SMOKE OR HAZE
[NO. OF DAYS WITH] [WEATHER - DAYS WITH] 9 = BLOWING SNOW
X = TORNADO
MAX 32 OR BELOW: 0 0.01 INCH OR MORE: 11
MAX 90 OR ABOVE: 0 0.10 INCH OR MORE: 5
MIN 32 OR BELOW: 20 0.50 INCH OR MORE: 1
MIN 0 OR BELOW: 0 1.00 INCH OR MORE: 0
[HDD (BASE 65) ]
TOTAL THIS MO. 641 CLEAR (SCALE 0-3) 14
DPTR FM NORMAL 86 PTCLDY (SCALE 4-7) 14
TOTAL FM JUL 1 5914 CLOUDY (SCALE 8-10) 2
DPTR FM NORMAL -52
[CDD (BASE 65) ]
TOTAL THIS MO. 0
DPTR FM NORMAL 0 [PRESSURE DATA]
TOTAL FM JAN 1 0 HIGHEST SLP 30.52 ON 7
DPTR FM NORMAL 0 LOWEST SLP 29.25 ON 11
[REMARKS]
#FINAL-04-22#