000
CXUS54 KSHV 011300
CF6TXK
PRELIMINARY LOCAL CLIMATOLOGICAL DATA (WS FORM: F-6)
STATION: TEXARKANA
MONTH: MARCH
YEAR: 2021
LATITUDE: 33 27 N
LONGITUDE: 94 0 W
TEMPERATURE IN F: :PCPN: SNOW: WIND :SUNSHINE: SKY :PK WND
================================================================================
1 2 3 4 5 6A 6B 7 8 9 10 11 12 13 14 15 16 17 18
12Z AVG MX 2MIN
DY MAX MIN AVG DEP HDD CDD WTR SNW DPTH SPD SPD DIR MIN PSBL S-S WX SPD DR
================================================================================
1 57 45 51 -1 14 0 0.33 0.0 0 8.0 17 50 M M 6 13 25 50
2 58 39 49 -3 16 0 0.00 0.0 0 4.8 13 60 M M 3 16 60
3 68 35 52 0 13 0 0.00 0.0 0 3.3 9 150 M M 0 12 150
4 72 38 55 2 10 0 0.00 0.0 0 4.5 13 160 M M 0 18 210
5 64 47 56 3 9 0 0.07 0.0 0 8.5 17 50 M M 7 25 40
6 63 38 51 -2 14 0 0.00 0.0 0 7.3 15 40 M M 1 22 40
7 68 36 52 -2 13 0 0.00 0.0 0 5.7 17 140 M M 0 22 140
8 71 45 58 4 7 0 0.00 0.0 0 7.7 16 160 M M 0 21 210
9 76 55 66 12 0 1 0.00 0.0 0 10.6 21 210 M M 3 28 220
10 76 61 69 15 0 4 T 0.0 0 10.4 20 190 M M 6 1 27 200
11 76 67 72 17 0 7 0.00 0.0 0 8.6 17 170 M M 9 23 180
12 82 66 74 19 0 9 0.00 0.0 0 9.0 20 180 M M 7 23 170
13 80 63 72 17 0 7 0.00 0.0 0 7.6 17 170 M M 7 21 170
14 74 52 63 7 2 0 0.65 0.0 0 8.0 23 270 M M 9 13 31 280
15 81 50 66 10 0 1 0.00 0.0 0 7.4 23 230 M M 4 12 31 220
16 80 52 66 10 0 1 0.00 0.0 0 5.6 16 140 M M 2 21 140
17 74 50 62 6 3 0 0.55 0.0 0 14.9 31 280 M M 6 13 42 300
18 56 46 51 -5 14 0 0.00 0.0 0 16.7 31 300 M M 10 44 310
19 66 48 57 0 8 0 0.00 0.0 0 7.2 15 30 M M 7 20 10
20 62 40 51 -6 14 0 0.00 0.0 0 4.1 12 80 M M 1 16 70
21 70 42 56 -1 9 0 0.00 0.0 0 7.1 15 150 M M 1 1 21 130
22 71 49 60 2 5 0 0.14 0.0 0 8.7 20 150 M M 4 13 26 140
23 75 55 65 7 0 0 0.69 0.0 0 9.3 20 230 M M 3 13 26 260
24 79 48 64 6 1 0 T 0.0 0 6.1 18 140 M M 2 24 140
25 70 52 61 3 4 0 0.12 0.0 0 8.2 26 280 M M 6 13 34 270
26 79 47 63 4 2 0 0.00 0.0 0 5.8 13 150 M M 0 17 80
27 82 60 71 12 0 6 1.69 0.0 0 6.4 25 180 M M 9 138 42 250
28 71 52 62 3 3 0 0.00 0.0 0 7.2 18 330 M M 0 25 350
29 73 45 59 0 6 0 0.00 0.0 0 8.2 13 160 M M 0 21 170
30 78 57 68 8 0 3 0.01 0.0 0 8.1 17 220 M M 8 18 23 190
31 67 46 57 -3 8 0 0.97 0.0 0 10.3 23 30 M M 6 13 33 40
================================================================================
SM 2219 1526 175 39 5.22 0.0 245.3 M 127
================================================================================
AV 71.6 49.2 7.9 FASTST M M 4 MAX(MPH)
MISC ----> # 31 280 44 310
================================================================================
NOTES:
# LAST OF SEVERAL OCCURRENCES
COLUMN 17 PEAK WIND IN M.P.H.
PRELIMINARY LOCAL CLIMATOLOGICAL DATA (WS FORM: F-6) , PAGE 2
STATION: TEXARKANA
MONTH: MARCH
YEAR: 2021
LATITUDE: 33 27 N
LONGITUDE: 94 0 W
[TEMPERATURE DATA] [PRECIPITATION DATA] SYMBOLS USED IN COLUMN 16
AVERAGE MONTHLY: 60.4 TOTAL FOR MONTH: 5.22 1 = FOG OR MIST
DPTR FM NORMAL: 4.5 DPTR FM NORMAL: 1.02 2 = FOG REDUCING VISIBILITY
HIGHEST: 82 ON 27,12 GRTST 24HR 1.69 ON 27-27 TO 1/4 MILE OR LESS
LOWEST: 35 ON 3 3 = THUNDER
SNOW, ICE PELLETS, HAIL 4 = ICE PELLETS
TOTAL MONTH: 0.0 INCH 5 = HAIL
GRTST 24HR 0.0 6 = FREEZING RAIN OR DRIZZLE
GRTST DEPTH: 0 7 = DUSTSTORM OR SANDSTORM:
VSBY 1/2 MILE OR LESS
8 = SMOKE OR HAZE
[NO. OF DAYS WITH] [WEATHER - DAYS WITH] 9 = BLOWING SNOW
X = TORNADO
MAX 32 OR BELOW: 0 0.01 INCH OR MORE: 10
MAX 90 OR ABOVE: 0 0.10 INCH OR MORE: 8
MIN 32 OR BELOW: 0 0.50 INCH OR MORE: 5
MIN 0 OR BELOW: 0 1.00 INCH OR MORE: 1
[HDD (BASE 65) ]
TOTAL THIS MO. 175 CLEAR (SCALE 0-3) 14
DPTR FM NORMAL -125 PTCLDY (SCALE 4-7) 13
TOTAL FM JUL 1 2157 CLOUDY (SCALE 8-10) 4
DPTR FM NORMAL -338
[CDD (BASE 65) ]
TOTAL THIS MO. 39
DPTR FM NORMAL 20 [PRESSURE DATA]
TOTAL FM JAN 1 42 HIGHEST SLP 30.49 ON 8
DPTR FM NORMAL 19 LOWEST SLP 29.56 ON 17
[REMARKS]
#FINAL-03-21#