000
CXUS54 KSHV 131300
CF6TYR
PRELIMINARY LOCAL CLIMATOLOGICAL DATA (WS FORM: F-6)
STATION: TYLER
MONTH: SEPTEMBER
YEAR: 2022
LATITUDE: 32 22 N
LONGITUDE: 95 24 W
TEMPERATURE IN F: :PCPN: SNOW: WIND :SUNSHINE: SKY :PK WND
================================================================================
1 2 3 4 5 6A 6B 7 8 9 10 11 12 13 14 15 16 17 18
12Z AVG MX 2MIN
DY MAX MIN AVG DEP HDD CDD WTR SNW DPTH SPD SPD DIR MIN PSBL S-S WX SPD DR
================================================================================
1 93 74 84 2 0 19 0.11 0.0 0 3.9 21 140 M M 2 38 26 130
2 83 74 79 -3 0 14 0.06 0.0 0 3.3 12 300 M M 2 14 300
3 93 74 84 3 0 19 0.00 0.0 0 4.5 17 210 M M 1 21 210
4 95 72 84 3 0 19 0.22 0.0 0 4.7 20 160 M M 1 138 23 160
5 92 71 82 1 0 17 0.00 0.0 0 4.5 12 250 M M 2 13 220
6 94 73 84 3 0 19 0.00 0.0 0 6.4 20 150 M M 0 24 150
7 92 75 84 4 0 19 0.26 0.0 0 5.0 28 90 M M 3 13 31 90
8 90 72 81 1 0 16 0.00 0.0 0 6.4 13 60 M M 1 20 10
9 89 67 78 -2 0 13 0.00 0.0 0 4.2 13 50 M M 0 16 50
10 90 63 77 -3 0 12 0.00 0.0 0 2.7 10 270 M M 0 17 280
11 88 69 79 0 0 14 0.00 0.0 0 6.1 16 330 M M 0 22 320
12 86 63 75 -4 0 10 0.00 0.0 0 3.5 10 10 M M 0 16 50
13 88 62 75 -4 0 10 0.00 0.0 0 5.6 10 110 M M 0 14 100
14 87 61 74 -5 0 9 0.00 0.0 0 5.8 15 90 M M 0 18 100
15 89 62 76 -2 0 11 0.00 0.0 0 6.8 14 120 M M 0 18 110
16 92 67 80 2 0 15 0.00 0.0 0 7.5 15 140 M M 1 19 150
17 93 71 82 4 0 17 0.00 0.0 0 7.3 14 220 M M 2 19 230
18 95 72 84 7 0 19 0.00 0.0 0 5.9 13 160 M M 0 20 130
19 96 73 85 8 0 20 0.00 0.0 0 5.4 12 120 M M 1 16 160
20 97 72 85 8 0 20 0.00 0.0 0 5.5 10 360 M M 1 16 250
21 98 71 85 9 0 20 0.00 0.0 0 3.6 10 140 M M 0 15 280
22 99 70 85 9 0 20 0.00 0.0 0 4.9 13 320 M M 1 16 300
23 96 71 84 8 0 19 0.00 0.0 0 7.2 14 100 M M 1 18 110
24 97 71 84 8 0 19 0.00 0.0 0 6.3 14 220 M M 0 18 210
25 96 69 83 8 0 18 0.00 0.0 0 5.8 20 320 M M 0 3 24 320
26 87 62 75 0 0 10 0.00 0.0 0 6.9 18 40 M M 0 25 60
27 89 55 72 -2 0 7 0.00 0.0 0 4.9 14 80 M M 0 18 70
28 91 58 75 1 0 10 0.00 0.0 0 3.7 12 120 M M 0 14 140
29 81 59 70 -4 0 5 0.00 0.0 0 7.5 17 100 M M 0 24 100
30 82 52 67 -7 0 2 0.00 0.0 0 4.1 15 50 M M 0 17 20
================================================================================
SM 2738 2025 0 442 0.65 0.0 159.9 M 19
================================================================================
AV 91.3 67.5 5.3 FASTST M M 1 MAX(MPH)
MISC ----> 28 90 31 90
================================================================================
NOTES:
# LAST OF SEVERAL OCCURRENCES
COLUMN 17 PEAK WIND IN M.P.H.
PRELIMINARY LOCAL CLIMATOLOGICAL DATA (WS FORM: F-6) , PAGE 2
STATION: TYLER
MONTH: SEPTEMBER
YEAR: 2022
LATITUDE: 32 22 N
LONGITUDE: 95 24 W
[TEMPERATURE DATA] [PRECIPITATION DATA] SYMBOLS USED IN COLUMN 16
AVERAGE MONTHLY: 79.4 TOTAL FOR MONTH: 0.65 1 = FOG OR MIST
DPTR FM NORMAL: 1.4 DPTR FM NORMAL: -2.42 2 = FOG REDUCING VISIBILITY
HIGHEST: 99 ON 22 GRTST 24HR 0.26 ON 7- 7 TO 1/4 MILE OR LESS
LOWEST: 52 ON 30 3 = THUNDER
SNOW, ICE PELLETS, HAIL 4 = ICE PELLETS
TOTAL MONTH: 0.0 INCH 5 = HAIL
GRTST 24HR 0.0 6 = FREEZING RAIN OR DRIZZLE
GRTST DEPTH: 0 7 = DUSTSTORM OR SANDSTORM:
VSBY 1/2 MILE OR LESS
8 = SMOKE OR HAZE
[NO. OF DAYS WITH] [WEATHER - DAYS WITH] 9 = BLOWING SNOW
X = TORNADO
MAX 32 OR BELOW: 0 0.01 INCH OR MORE: 4
MAX 90 OR ABOVE: 19 0.10 INCH OR MORE: 3
MIN 32 OR BELOW: 0 0.50 INCH OR MORE: 0
MIN 0 OR BELOW: 0 1.00 INCH OR MORE: 0
[HDD (BASE 65) ]
TOTAL THIS MO. 0 CLEAR (SCALE 0-3) 30
DPTR FM NORMAL -2 PTCLDY (SCALE 4-7) 0
TOTAL FM JUL 1 0 CLOUDY (SCALE 8-10) 0
DPTR FM NORMAL 0
[CDD (BASE 65) ]
TOTAL THIS MO. 442
DPTR FM NORMAL 50 [PRESSURE DATA]
TOTAL FM JAN 1 3058 HIGHEST SLP 30.29 ON 29
DPTR FM NORMAL 560 LOWEST SLP 29.75 ON 9
[REMARKS]
#FINAL-09-22#