000
CXUS54 KMRX 021749
CF6TYS
PRELIMINARY LOCAL CLIMATOLOGICAL DATA (WS FORM: F-6)
STATION: KNOXVILLE MCGHEE TYSON AIRPORT
MONTH: NOVEMBER
YEAR: 2020
LATITUDE: 35 49 N
LONGITUDE: 83 59 W
TEMPERATURE IN F: :PCPN: SNOW: WIND :SUNSHINE: SKY :PK WND
================================================================================
1 2 3 4 5 6A 6B 7 8 9 10 11 12 13 14 15 16 17 18
12Z AVG MX 2MIN
DY MAX MIN AVG DEP HDD CDD WTR SNW DPTH SPD SPD DIR MIN PSBL S-S WX SPD DR
================================================================================
1 66 43 55 0 10 0 T 0.0 0 11.3 23 270 M M 6 34 270
2 51 32 42 -12 23 0 0.00 0.0 0 5.0 17 350 M M 2 26 340
3 61 31 46 -8 19 0 0.00 0.0 0 1.9 8 270 M M 1 11 200
4 69 35 52 -2 13 0 0.00 0.0 0 1.6 6 290 M M 0 8 340
5 67 37 52 -1 13 0 0.00 0.0 0 1.5 7 290 M M 6 10 290
6 72 41 57 4 8 0 0.00 0.0 0 2.9 9 30 M M 4 18 20
7 75 42 59 6 6 0 0.00 0.0 0 3.1 9 30 M M 1 13 20
8 79 48 64 12 1 0 0.00 0.0 0 3.7 12 40 M M 2 1 14 20
9 81 50 66 14 0 1 0.00 0.0 0 2.5 8 40 M M 2 11 20
10 82 51 67 15 0 2 0.07 0.0 0 5.1 20 150 M M 4 1 25 170
11 77 61 69 18 0 4 0.30 0.0 0 4.3 16 290 M M 9 1 23 280
12 64 56 60 9 5 0 T 0.0 0 4.8 13 50 M M 9 1 17 20
13 66 45 56 5 9 0 0.00 0.0 0 3.5 13 240 M M 3 12 16 230
14 69 40 55 5 10 0 0.00 0.0 0 1.0 10 200 M M 4 14 210
15 68 44 56 6 9 0 0.05 0.0 0 11.2 32 210 M M 3 1 47 230
16 58 34 46 -4 19 0 0.00 0.0 0 3.3 10 220 M M 0 17 260
17 56 37 47 -2 18 0 0.00 0.0 0 9.7 17 330 M M 0 27 340
18 54 30 42 -7 23 0 0.00 0.0 0 7.5 16 50 M M 1 20 50
19 62 30 46 -2 19 0 0.00 0.0 0 1.9 9 220 M M 1 12 230
20 66 33 50 2 15 0 0.00 0.0 0 2.6 14 230 M M 1 18 220
21 67 37 52 4 13 0 0.00 0.0 0 1.5 9 20 M M 5 1 11 20
22 70 43 57 10 8 0 0.21 0.0 0 6.5 24 270 M M 8 1 30 220
23 53 36 45 -2 20 0 0.00 0.0 0 7.4 17 360 M M 4 23 360
24 58 32 45 -2 20 0 0.00 0.0 0 2.4 9 220 M M 7 13 240
25 68 39 54 8 11 0 0.13 0.0 0 7.3 21 200 M M 9 1 31 180
26 68 46 57 11 8 0 0.00 0.0 0 5.9 16 230 M M 4 1 20 210
27 64 37 51 5 14 0 0.00 0.0 0 2.1 9 230 M M 6 12 12 200
28 61 43 52 7 13 0 T 0.0 0 5.3 10 360 M M 3 14 350
29 52 36 44 -1 21 0 0.10 0.0 0 2.7 10 20 M M 7 14 30
30 49 33 41 -4 24 0 0.57 0.7 1 11.6 21 260 M M 10 1 28 270
================================================================================
SM 1953 1202 372 7 1.43 0.7 141.1 M 122
================================================================================
AV 65.1 40.1 4.7 FASTST M M 4 MAX(MPH)
MISC ----> 32 210 47 230
================================================================================
NOTES:
# LAST OF SEVERAL OCCURRENCES
COLUMN 17 PEAK WIND IN M.P.H.
PRELIMINARY LOCAL CLIMATOLOGICAL DATA (WS FORM: F-6) , PAGE 2
STATION: KNOXVILLE MCGHEE TYSON AIRPORT
MONTH: NOVEMBER
YEAR: 2020
LATITUDE: 35 49 N
LONGITUDE: 83 59 W
[TEMPERATURE DATA] [PRECIPITATION DATA] SYMBOLS USED IN COLUMN 16
AVERAGE MONTHLY: 52.6 TOTAL FOR MONTH: 1.43 1 = FOG OR MIST
DPTR FM NORMAL: 2.9 DPTR FM NORMAL: -2.58 2 = FOG REDUCING VISIBILITY
HIGHEST: 82 ON 10 GRTST 24HR 0.65 ON 29-30 TO 1/4 MILE OR LESS
LOWEST: 30 ON 19,18 3 = THUNDER
SNOW, ICE PELLETS, HAIL 4 = ICE PELLETS
TOTAL MONTH: 0.7 INCH 5 = HAIL
GRTST 24HR 0.7 ON 30-30 6 = FREEZING RAIN OR DRIZZLE
GRTST DEPTH: 1 ON 30 7 = DUSTSTORM OR SANDSTORM:
VSBY 1/2 MILE OR LESS
8 = SMOKE OR HAZE
[NO. OF DAYS WITH] [WEATHER - DAYS WITH] 9 = BLOWING SNOW
X = TORNADO
MAX 32 OR BELOW: 0 0.01 INCH OR MORE: 7
MAX 90 OR ABOVE: 0 0.10 INCH OR MORE: 5
MIN 32 OR BELOW: 5 0.50 INCH OR MORE: 1
MIN 0 OR BELOW: 0 1.00 INCH OR MORE: 0
[HDD (BASE 65) ]
TOTAL THIS MO. 372 CLEAR (SCALE 0-3) 11
DPTR FM NORMAL -90 PTCLDY (SCALE 4-7) 15
TOTAL FM JUL 1 514 CLOUDY (SCALE 8-10) 4
DPTR FM NORMAL -168
[CDD (BASE 65) ]
TOTAL THIS MO. 7
DPTR FM NORMAL 4 [PRESSURE DATA]
TOTAL FM JAN 1 1635 HIGHEST SLP 30.64 ON 18
DPTR FM NORMAL 109 LOWEST SLP 29.57 ON 30
[REMARKS]
#FINAL-11-20#