000
CXUS54 KMRX 012248
CF6TYS
PRELIMINARY LOCAL CLIMATOLOGICAL DATA (WS FORM: F-6)
STATION: KNOXVILLE MCGHEE TYSON AIRPORT
MONTH: AUGUST
YEAR: 2023
LATITUDE: 35 49 N
LONGITUDE: 83 59 W
TEMPERATURE IN F: :PCPN: SNOW: WIND :SUNSHINE: SKY :PK WND
================================================================================
1 2 3 4 5 6A 6B 7 8 9 10 11 12 13 14 15 16 17 18
12Z AVG MX 2MIN
DY MAX MIN AVG DEP HDD CDD WTR SNW DPTH SPD SPD DIR MIN PSBL S-S WX SPD DR
================================================================================
1 87 67 77 -1 0 12 0.00 0.0 0 6.8 13 20 M M 2 19 40
2 87 66 77 -1 0 12 0.00 0.0 0 6.5 13 220 M M 8 21 220
3 79 73 76 -2 0 11 0.72 0.0 0 8.7 22 250 M M 10 1 30 200
4 86 71 79 1 0 14 T 0.0 0 3.1 9 290 M M 9 13 300
5 89 67 78 0 0 13 0.00 0.0 0 3.6 14 280 M M 4 12 19 290
6 84 72 78 0 0 13 0.46 0.0 0 8.5 33 240 M M 8 13 40 240
7 85 71 78 0 0 13 0.23 0.0 0 14.1 35 260 M M 6 13 60 260
8 80 68 74 -4 0 9 0.00 0.0 0 7.9 16 240 M M 7 20 240
9 83 65 74 -4 0 9 0.11 0.0 0 5.0 12 140 M M 7 13 17 150
10 82 69 76 -2 0 11 2.53 0.0 0 9.2 22 230 M M 8 13 30 280
11 84 65 75 -3 0 10 T 0.0 0 4.2 10 220 M M 4 12 14 220
12 88 69 79 1 0 14 0.65 0.0 0 5.5 24 280 M M 6 138 36 290
13 89 68 79 1 0 14 0.15 0.0 0 4.6 25 250 M M 8 1238 34 260
14 89 71 80 2 0 15 0.37 0.0 0 7.4 25 270 M M 9 13 36 230
15 84 68 76 -2 0 11 0.58 0.0 0 8.5 17 240 M M 7 13 22 260
16 82 64 73 -5 0 8 0.00 0.0 0 5.5 13 30 M M 5 16 30
17 84 65 75 -3 0 10 0.00 0.0 0 6.3 16 230 M M 5 23 200
18 86 66 76 -2 0 11 0.00 0.0 0 4.6 9 360 M M 4 12 350
19 86 61 74 -4 0 9 0.00 0.0 0 3.0 10 30 M M 2 13 20
20 89 64 77 -1 0 12 0.00 0.0 0 3.2 9 260 M M 0 12 220
21 91 69 80 3 0 15 0.00 0.0 0 1.9 8 340 M M 5 13 270
22 92 71 82 5 0 17 0.00 0.0 0 5.4 15 50 M M 7 1 20 50
23 92 72 82 5 0 17 0.00 0.0 0 5.8 14 30 M M 2 17 20
24 92 72 82 5 0 17 0.00 0.0 0 4.5 13 210 M M 4 3 16 260
25 94 74 84 7 0 19 T 0.0 0 3.9 22 310 M M 2 1 30 290
26 93 72 83 6 0 18 0.00 0.0 0 3.6 12 10 M M 4 16 360
27 94 70 82 5 0 17 0.02 0.0 0 5.4 16 50 M M 6 3 22 340
28 87 72 80 4 0 15 0.08 0.0 0 4.8 16 20 M M 9 13 20 20
29 84 71 78 2 0 13 1.01 0.0 0 4.1 22 310 M M 9 13 28 310
30 83 69 76 0 0 11 0.00 0.0 0 10.6 18 10 M M 9 24 20
31 82 63 73 -3 0 8 0.00 0.0 0 9.0 14 50 M M 3 19 20
================================================================================
SM 2687 2125 0 398 6.91 0.0 185.2 M 179
================================================================================
AV 86.7 68.5 6.0 FASTST M M 6 MAX(MPH)
MISC ----> 35 260 60 260
================================================================================
NOTES:
# LAST OF SEVERAL OCCURRENCES
COLUMN 17 PEAK WIND IN M.P.H.
PRELIMINARY LOCAL CLIMATOLOGICAL DATA (WS FORM: F-6) , PAGE 2
STATION: KNOXVILLE MCGHEE TYSON AIRPORT
MONTH: AUGUST
YEAR: 2023
LATITUDE: 35 49 N
LONGITUDE: 83 59 W
[TEMPERATURE DATA] [PRECIPITATION DATA] SYMBOLS USED IN COLUMN 16
AVERAGE MONTHLY: 77.6 TOTAL FOR MONTH: 6.91 1 = FOG OR MIST
DPTR FM NORMAL: 0.0 DPTR FM NORMAL: 3.28 2 = FOG REDUCING VISIBILITY
HIGHEST: 94 ON 27,25 GRTST 24HR 2.64 ON 9-10 TO 1/4 MILE OR LESS
LOWEST: 61 ON 19 3 = THUNDER
SNOW, ICE PELLETS, HAIL 4 = ICE PELLETS
TOTAL MONTH: 0.0 INCH 5 = HAIL
GRTST 24HR 0.0 6 = FREEZING RAIN OR DRIZZLE
GRTST DEPTH: 0 7 = DUSTSTORM OR SANDSTORM:
VSBY 1/2 MILE OR LESS
8 = SMOKE OR HAZE
[NO. OF DAYS WITH] [WEATHER - DAYS WITH] 9 = BLOWING SNOW
X = TORNADO
MAX 32 OR BELOW: 0 0.01 INCH OR MORE: 12
MAX 90 OR ABOVE: 7 0.10 INCH OR MORE: 10
MIN 32 OR BELOW: 0 0.50 INCH OR MORE: 5
MIN 0 OR BELOW: 0 1.00 INCH OR MORE: 2
[HDD (BASE 65) ]
TOTAL THIS MO. 0 CLEAR (SCALE 0-3) 5
DPTR FM NORMAL 0 PTCLDY (SCALE 4-7) 20
TOTAL FM JUL 1 0 CLOUDY (SCALE 8-10) 6
DPTR FM NORMAL 0
[CDD (BASE 65) ]
TOTAL THIS MO. 398
DPTR FM NORMAL 6 [PRESSURE DATA]
TOTAL FM JAN 1 1238 HIGHEST SLP 30.18 ON 21
DPTR FM NORMAL -69 LOWEST SLP 29.71 ON 10
[REMARKS]
#FINAL-08-23#