000
CXUS56 KPQR 021107
CF6UAO
PRELIMINARY LOCAL CLIMATOLOGICAL DATA (WS FORM: F-6)
STATION: AURORA STATE OR
MONTH: JUNE
YEAR: 2021
LATITUDE: 45 15 N
LONGITUDE: 122 46 W
TEMPERATURE IN F: :PCPN: SNOW: WIND :SUNSHINE: SKY :PK WND
================================================================================
1 2 3 4 5 6A 6B 7 8 9 10 11 12 13 14 15 16 17 18
12Z AVG MX 2MIN
DY MAX MIN AVG DEP HDD CDD WTR SNW DPTH SPD SPD DIR MIN PSBL S-S WX SPD DR
================================================================================
1 96 58 77 16 0 12 0.00 M M 3.4 10 20 M M 0 14 30
2 90 61 76 15 0 11 0.00 M M 4.0 10 330 M M 0 16 320
3 84 58 71 10 0 6 0.00 M M 4.3 14 340 M M 1 19 340
4 78 52 65 4 0 0 0.00 M M 4.6 12 250 M M 1 16 230
5 67 47 57 -5 8 0 T M M 7.2 17 250 M M 6 26 260
6 65 44 55 -7 10 0 0.01 M M 7.3 18 240 M M 6 27 240
7 66 48 57 -5 8 0 0.01 M M 5.3 15 250 M M 7 20 240
8 67 48 58 -4 7 0 T M M 4.6 14 250 M M 8 20 260
9 69 46 58 -4 7 0 0.00 M M 3.6 13 260 M M 5 18 260
10 67 47 57 -5 8 0 0.00 M M 4.7 13 180 M M 8 19 190
11 67 53 60 -2 5 0 0.07 M M 4.9 14 170 M M 10 17 220
12 79 53 66 4 0 1 0.54 M M 3.1 10 180 M M 6 16 280
13 67 61 64 1 1 0 0.65 M M 3.5 12 180 M M 10 1 15 160
14 71 57 64 1 1 0 0.34 M M 4.6 13 160 M M 9 16 170
15 69 53 61 -2 4 0 0.04 M M 4.6 16 170 M M 6 22 180
16 80 48 64 1 1 0 0.00 M M 6.7 14 10 M M 1 20 20
17 84 51 68 5 0 3 0.00 M M 5.3 15 30 M M 0 18 30
18 80 53 67 3 0 2 0.00 M M 6.4 15 350 M M 0 21 340
19 84 51 68 4 0 3 0.00 M M 4.8 13 20 M M 0 15 10
20 91 59 75 11 0 10 0.00 M M 9.2 18 20 M M 0 22 10
21 93 61 77 13 0 12 0.00 M M 3.8 10 220 M M 0 14 250
22 86 58 72 8 0 7 0.00 M M 3.9 9 210 M M 0 13 210
23 85 57 71 6 0 6 0.00 M M 2.3 7 250 M M 1 10 260
24 89 54 72 7 0 7 0.00 M M 2.2 13 30 M M 0 16 40
25 93 64 79 14 0 14 0.00 M M 2.4 9 10 M M 0 20 20
26 106 67 87 21 0 22 0.00 M M 5.4 15 360 M M 0 21 40
27 112 71 92 26 0 27 0.00 M M 8.1 21 10 M M 0 27 20
28 114 69 92 26 0 27 0.00 M M 11.3 23 180 M M 0 33 200
29 90 63 77 11 0 12 0.00 M M 4.6 14 230 M M 0 18 230
30 75 60 68 2 0 3 0.00 M M 6.6 13 250 M M 7 17 280
================================================================================
SM 2464 1672 60 185 1.66 M 152.7 M 92
================================================================================
AV 82.1 55.7 5.1 FASTST M M 3 MAX(MPH)
MISC ----> 23 180 33 200
================================================================================
NOTES:
# LAST OF SEVERAL OCCURRENCES
COLUMN 17 PEAK WIND IN M.P.H.
PRELIMINARY LOCAL CLIMATOLOGICAL DATA (WS FORM: F-6) , PAGE 2
STATION: AURORA STATE OR
MONTH: JUNE
YEAR: 2021
LATITUDE: 45 15 N
LONGITUDE: 122 46 W
[TEMPERATURE DATA] [PRECIPITATION DATA] SYMBOLS USED IN COLUMN 16
AVERAGE MONTHLY: 68.9 TOTAL FOR MONTH: 1.66 1 = FOG OR MIST
DPTR FM NORMAL: 5.5 DPTR FM NORMAL: 0.19 2 = FOG REDUCING VISIBILITY
HIGHEST: 114 ON 28 GRTST 24HR 1.17 ON 12-13 TO 1/4 MILE OR LESS
LOWEST: 44 ON 6 3 = THUNDER
SNOW, ICE PELLETS, HAIL 4 = ICE PELLETS
TOTAL MONTH: M 5 = HAIL
GRTST 24HR M ON M 6 = FREEZING RAIN OR DRIZZLE
GRTST DEPTH: M ON M 7 = DUSTSTORM OR SANDSTORM:
VSBY 1/2 MILE OR LESS
8 = SMOKE OR HAZE
[NO. OF DAYS WITH] [WEATHER - DAYS WITH] 9 = BLOWING SNOW
X = TORNADO
MAX 32 OR BELOW: 0 0.01 INCH OR MORE: 7
MAX 90 OR ABOVE: 9 0.10 INCH OR MORE: 3
MIN 32 OR BELOW: 0 0.50 INCH OR MORE: 2
MIN 0 OR BELOW: 0 1.00 INCH OR MORE: 0
[HDD (BASE 65) ]
TOTAL THIS MO. 60 CLEAR (SCALE 0-3) 18
DPTR FM NORMAL -36 PTCLDY (SCALE 4-7) 9
TOTAL FM JUL 1 3899 CLOUDY (SCALE 8-10) 3
DPTR FM NORMAL -264
[CDD (BASE 65) ]
TOTAL THIS MO. 185
DPTR FM NORMAL 137 [PRESSURE DATA]
TOTAL FM JAN 1 198 HIGHEST SLP 30.37 ON 15
DPTR FM NORMAL 128 LOWEST SLP 29.51 ON 28
[REMARKS]
#FINAL-06-21#