048
CXUS56 KEKA 042011
CF6UKI
PRELIMINARY LOCAL CLIMATOLOGICAL DATA (WS FORM: F-6)
STATION: UKIAH CA
MONTH: MAY
YEAR: 2020
LATITUDE: 39 7 N
LONGITUDE: 123 12 W
TEMPERATURE IN F: :PCPN: SNOW: WIND :SUNSHINE: SKY :PK WND
================================================================================
1 2 3 4 5 6A 6B 7 8 9 10 11 12 13 14 15 16 17 18
12Z AVG MX 2MIN
DY MAX MIN AVG DEP HDD CDD WTR SNW DPTH SPD SPD DIR MIN PSBL S-S WX SPD DR
================================================================================
1 78 40 59 0 6 0 0.00 0.0 0 3.5 16 340 M M 0 20 330
2 67 46 57 -2 8 0 0.02 0.0 0 3.3 17 320 M M 7 18 21 320
3 71 39 55 -5 10 0 0.00 0.0 0 4.1 17 340 M M 0 23 320
4 82 38 60 0 5 0 0.00 0.0 0 2.9 16 330 M M 0 21 330
5 79 41 60 0 5 0 0.00 0.0 0 5.5 15 350 M M 0 21 290
6 81 47 64 4 1 0 0.00 0.0 0 3.9 14 320 M M 0 18 310
7 93 45 69 9 0 4 0.00 0.0 0 1.9 12 340 M M 0 17 330
8 95 48 72 11 0 7 0.00 0.0 0 2.4 13 270 M M 0 17 290
9 93 49 71 10 0 6 0.00 0.0 0 3.0 16 270 M M 0 21 270
10 82 50 66 5 0 1 0.00 0.0 0 5.2 13 280 M M 2 18 290
11 63 49 56 -5 9 0 0.10 0.0 0 7.4 14 140 M M 5 1 21 160
12 64 50 57 -4 8 0 0.12 0.0 0 4.6 16 240 M M 8 1 22 240
13 64 47 56 -6 9 0 0.02 0.0 0 4.0 14 160 M M 8 1 18 160
14 70 52 61 -1 4 0 T 0.0 0 4.3 14 310 M M 7 19 330
15 77 46 62 0 3 0 0.00 0.0 0 4.2 14 320 M M 0 20 320
16 72 50 61 -1 4 0 0.23 0.0 0 4.6 16 230 M M 5 1 22 240
17 66 53 60 -2 5 0 0.32 0.0 0 6.1 15 200 M M 7 1 22 180
18 65 50 58 -4 7 0 0.47 0.0 0 4.3 16 210 M M 7 1 22 210
19 70 49 60 -2 5 0 0.00 0.0 0 5.8 16 290 M M 5 22 260
20 74 47 61 -2 4 0 0.00 0.0 0 4.2 17 330 M M 1 21 330
21 79 47 63 0 2 0 0.00 0.0 0 5.3 18 310 M M 0 25 300
22 73 47 60 -3 5 0 0.00 0.0 0 7.3 17 310 M M 0 24 310
23 81 45 63 0 2 0 0.00 0.0 0 4.1 15 320 M M 0 19 320
24 91 50 71 8 0 6 0.00 0.0 0 2.6 14 280 M M 0 19 320
25 97 56 77 14 0 12 0.00 0.0 0 2.6 13 280 M M 0 16 260
26 97 59 78 15 0 13 0.00 0.0 0 3.3 17 340 M M 0 21 340
27 97 60 79 15 0 14 0.00 0.0 0 3.0 15 30 M M 0 8 19 40
28 99 57 78 14 0 13 0.00 0.0 0 2.6 14 140 M M 0 18 130
29 86 54 70 6 0 5 0.00 0.0 0 8.3 18 160 M M 1 25 130
30 70 56 63 -1 2 0 0.01 0.0 0 5.4 15 220 M M 8 1 19 240
31 76 53 65 1 0 0 0.00 0.0 0 2.3 12 350 M M 5 15 340
================================================================================
SM 2452 1520 104 81 1.29 0.0 132.0 M 76
================================================================================
AV 79.1 49.0 4.3 FASTST M M 2 MAX(MPH)
MISC ----> # 18 310 # 25 300
================================================================================
NOTES:
# LAST OF SEVERAL OCCURRENCES
COLUMN 17 PEAK WIND IN M.P.H.
PRELIMINARY LOCAL CLIMATOLOGICAL DATA (WS FORM: F-6) , PAGE 2
STATION: UKIAH CA
MONTH: MAY
YEAR: 2020
LATITUDE: 39 7 N
LONGITUDE: 123 12 W
[TEMPERATURE DATA] [PRECIPITATION DATA] SYMBOLS USED IN COLUMN 16
AVERAGE MONTHLY: 64.1 TOTAL FOR MONTH: 1.29 1 = FOG OR MIST
DPTR FM NORMAL: 2.2 DPTR FM NORMAL: -0.13 2 = FOG REDUCING VISIBILITY
HIGHEST: 99 ON 28 GRTST 24HR 0.71 ON 17-18 TO 1/4 MILE OR LESS
LOWEST: 38 ON 4 3 = THUNDER
SNOW, ICE PELLETS, HAIL 4 = ICE PELLETS
TOTAL MONTH: 0.0 INCH 5 = HAIL
GRTST 24HR 0.0 6 = FREEZING RAIN OR DRIZZLE
GRTST DEPTH: 0 7 = DUSTSTORM OR SANDSTORM:
VSBY 1/2 MILE OR LESS
8 = SMOKE OR HAZE
[NO. OF DAYS WITH] [WEATHER - DAYS WITH] 9 = BLOWING SNOW
X = TORNADO
MAX 32 OR BELOW: 0 0.01 INCH OR MORE: 8
MAX 90 OR ABOVE: 8 0.10 INCH OR MORE: 5
MIN 32 OR BELOW: 0 0.50 INCH OR MORE: 0
MIN 0 OR BELOW: 0 1.00 INCH OR MORE: 0
[HDD (BASE 65) ]
TOTAL THIS MO. 104 CLEAR (SCALE 0-3) 20
DPTR FM NORMAL -36 PTCLDY (SCALE 4-7) 11
TOTAL FM JUL 1 2508 CLOUDY (SCALE 8-10) 0
DPTR FM NORMAL -578
[CDD (BASE 65) ]
TOTAL THIS MO. 81
DPTR FM NORMAL 37 [PRESSURE DATA]
TOTAL FM JAN 1 90 HIGHEST SLP 30.24 ON 6
DPTR FM NORMAL 38 LOWEST SLP 29.73 ON 29
[REMARKS]
#FINAL-05-20#