000
CXUS53 KUNR 011713
CF6UNR
PRELIMINARY LOCAL CLIMATOLOGICAL DATA (WS FORM: F-6)
STATION: EAST RAPID CITY SD
MONTH: NOVEMBER
YEAR: 2022
LATITUDE: 44 4 N
LONGITUDE: 103 13 W
TEMPERATURE IN F: :PCPN: SNOW: WIND :SUNSHINE: SKY :PK WND
================================================================================
1 2 3 4 5 6A 6B 7 8 9 10 11 12 13 14 15 16 17 18
12Z AVG MX 2MIN
DY MAX MIN AVG DEP HDD CDD WTR SNW DPTH SPD SPD DIR MIN PSBL S-S WX SPD DR
================================================================================
1 76 48 62 20 3 0 0.00 0.0 0 7.2 18 190 M M M 28 160
2 75 40 58 16 7 0 0.00 0.0 0 7.5 25 350 M M M 39 350
3 40 28 34 -7 31 0 T T 0 12.4 25 330 M M M 37 340
4 49 23 36 -5 29 0 0.00 0.0 0 5.2 14 130 M M M 21 130
5 61 25 43 2 22 0 0.00 0.0 0 8.8 37 330 M M M 55 330
6 45 26 36 -4 29 0 0.00 0.0 0 9.2 26 300 M M M 43 310
7 46 22 34 -6 31 0 T T 0 13.0 30 160 M M M 46 160
8 38 19 29 -11 36 0 0.00 0.0 0 10.5 22 360 M M M 33 330
9 21 17 19 -20 46 0 0.01 0.1 T 7.4 15 360 M M M 6 20 360
10 21 12 17 -22 48 0 0.03 0.5 T 9.8 26 360 M M M 37 360
11 27 8 18 -20 47 0 0.00 0.0 T 2.3 9 30 M M M 12 30
12 36 10 23 -15 42 0 0.00 0.0 0 5.0 15 150 M M M 1 21 150
13 33 11 22 -16 43 0 T T 0 10.5 28 360 M M M 1 38 10
14 36 20 28 -9 37 0 T T T 7.8 21 340 M M M 36 340
15 23 13 18 -19 47 0 0.20 7.3 T 5.9 18 360 M M M 24 360
16 35 14 25 -12 40 0 T 0.2 5 6.2 29 350 M M M 44 360
17 24 8 16 -20 49 0 T T 2 17.5 32 340 M M M 47 340
18 29 2 16 -20 49 0 0.00 0.0 1 7.9 24 330 M M M 33 330
19 34 19 27 -9 38 0 0.00 0.0 T 7.6 23 360 M M M 35 350
20 49 28 39 4 26 0 0.00 0.0 T 4.3 15 300 M M M 20 300
21 47 31 39 4 26 0 0.00 0.0 T 4.4 8 280 M M M 12 280
22 55 35 45 11 20 0 0.00 0.0 T 4.0 10 150 M M M 14 140
23 51 30 41 7 24 0 0.00 0.0 0 11.3 26 320 M M M 39 340
24 47 31 39 5 26 0 0.00 0.0 0 8.0 21 330 M M M 31 320
25 68 34 51 18 14 0 0.00 0.0 0 4.3 14 150 M M M 17 160
26 58 29 44 11 21 0 T 0.0 0 11.4 25 330 M M M 36 350
27 50 18 34 2 31 0 0.00 0.0 0 4.3 12 150 M M M 20 260
28 42 17 30 -2 35 0 0.00 0.0 0 12.5 23 360 M M M 37 360
29 24 7 16 -16 49 0 0.00 0.0 0 7.7 22 20 M M M 31 20
30 31 4 18 -14 47 0 0.00 0.0 0 8.7 22 170 M M M 33 160
================================================================================
SM 1271 629 993 0 0.24 8.1 242.6 M M
================================================================================
AV 42.4 21.0 8.1 FASTST M M M MAX(MPH)
MISC ----> 37 330 55 330
================================================================================
NOTES:
# LAST OF SEVERAL OCCURRENCES
COLUMN 17 PEAK WIND IN M.P.H.
PRELIMINARY LOCAL CLIMATOLOGICAL DATA (WS FORM: F-6) , PAGE 2
STATION: EAST RAPID CITY SD
MONTH: NOVEMBER
YEAR: 2022
LATITUDE: 44 4 N
LONGITUDE: 103 13 W
[TEMPERATURE DATA] [PRECIPITATION DATA] SYMBOLS USED IN COLUMN 16
AVERAGE MONTHLY: 31.7 TOTAL FOR MONTH: 0.24 1 = FOG OR MIST
DPTR FM NORMAL: -5.1 DPTR FM NORMAL: -0.24 2 = FOG REDUCING VISIBILITY
HIGHEST: 76 ON 1 GRTST 24HR 0.20 ON 15-15 TO 1/4 MILE OR LESS
LOWEST: 2 ON 18 3 = THUNDER
SNOW, ICE PELLETS, HAIL 4 = ICE PELLETS
TOTAL MONTH: 8.1 INCHES 5 = HAIL
GRTST 24HR 7.3 ON 15-15 6 = FREEZING RAIN OR DRIZZLE
GRTST DEPTH: 5 ON 16 7 = DUSTSTORM OR SANDSTORM:
VSBY 1/2 MILE OR LESS
8 = SMOKE OR HAZE
[NO. OF DAYS WITH] [WEATHER - DAYS WITH] 9 = BLOWING SNOW
X = TORNADO
MAX 32 OR BELOW: 8 0.01 INCH OR MORE: 3
MAX 90 OR ABOVE: 0 0.10 INCH OR MORE: 1
MIN 32 OR BELOW: 26 0.50 INCH OR MORE: 0
MIN 0 OR BELOW: 0 1.00 INCH OR MORE: 0
[HDD (BASE 65) ]
TOTAL THIS MO. 993 CLEAR (SCALE 0-3) 0
DPTR FM NORMAL 147 PTCLDY (SCALE 4-7) 0
TOTAL FM JUL 1 1435 CLOUDY (SCALE 8-10) 30
DPTR FM NORMAL -118
[CDD (BASE 65) ]
TOTAL THIS MO. 0
DPTR FM NORMAL 0 [PRESSURE DATA]
TOTAL FM JAN 1 1043 HIGHEST SLP M ON M
DPTR FM NORMAL 364 LOWEST SLP 29.01 ON 5
[REMARKS]
#FINAL-11-22#