000
CXUS53 KUNR 011534
CLMUNR
CLIMATE REPORT
NATIONAL WEATHER SERVICE RAPID CITY SD
934 AM MDT SAT JUL 01 2023
...................................
...THE EAST RAPID CITY SD CLIMATE SUMMARY FOR THE MONTH OF JUNE 2023...
CLIMATE NORMAL PERIOD 1991 TO 2020
CLIMATE RECORD PERIOD 1888 TO 2023
WEATHER OBSERVED NORMAL DEPART LAST YEAR`S
VALUE DATE(S) VALUE FROM VALUE DATE(S)
NORMAL
................................................................
TEMPERATURE (F)
RECORD
HIGH 106 06/26/2012
LOW 31 06/03/1998
06/02/1951
06/01/1951
HIGHEST 89 06/18 101 06/29
LOWEST 50 06/12 46 06/01
AVG. MAXIMUM 76.0 76.2 -0.2 79.1
AVG. MINIMUM 57.4 54.6 2.8 55.2
MEAN 66.7 65.4 1.3 67.2
DAYS MAX >= 90 0 6
DAYS MAX <= 32 0 0
DAYS MIN <= 32 0 0
DAYS MIN <= 0 0 0
PRECIPITATION (INCHES)
RECORD
MAXIMUM 9.07 1947
MINIMUM 0.50 1898
TOTALS 5.10 3.33 1.77 3.60
DAILY AVG. 0.17 0.11 0.06 0.12
DAYS >= .01 15 14
DAYS >= .10 9 9
DAYS >= .50 3 2
DAYS >= 1.00 2 0
GREATEST
24 HR. TOTAL 1.14 06/28 TO 06/28 0.85
SNOWFALL (INCHES)
RECORDS
TOTAL 3.0 1998
TOTALS 0.0 0.1 -0.1 0.0
SINCE 7/1 77.2 53.7 23.5 MM
SNOWDEPTH AVG. 0 0
DAYS >= 1.0 0 0.0 0.0 0
GREATEST
SNOW DEPTH 0 0 MM
24 HR TOTAL MM MM
DEGREE DAYS
HEATING TOTAL 34 84 -50 59
SINCE 7/1 6749 6846 -97 MM
COOLING TOTAL 91 96 -5 132
SINCE 1/1 121 113 8 MM
................................................................
WIND (MPH)
AVERAGE WIND SPEED 7.1
HIGHEST WIND SPEED/DIRECTION 30/010 DATE 06/23
HIGHEST GUST SPEED/DIRECTION 49/190 DATE 06/02
AVERAGE RH (PERCENT) 66
WEATHER CONDITIONS. NUMBER OF DAYS WITH
THUNDERSTORM 9 MIXED PRECIP 0
HEAVY RAIN 4 RAIN 5
LIGHT RAIN 16 FREEZING RAIN 0
LT FREEZING RAIN 0 HAIL 3
HEAVY SNOW 0 SNOW 0
LIGHT SNOW 0 SLEET 0
FOG 2 FOG W/VIS <= 1/4 MILE 0
HAZE 0
- INDICATES NEGATIVE NUMBERS.
R INDICATES RECORD WAS SET OR TIED.
MM INDICATES DATA IS MISSING.
T INDICATES TRACE AMOUNT.
$$