000
CXUS54 KHGX 011410
CF6UTS
PRELIMINARY LOCAL CLIMATOLOGICAL DATA (WS FORM: F-6)
STATION: HUNTSVILLE
MONTH: JUNE
YEAR: 2022
LATITUDE: 30 45 N
LONGITUDE: 95 35 W
TEMPERATURE IN F: :PCPN: SNOW: WIND :SUNSHINE: SKY :PK WND
================================================================================
1 2 3 4 5 6A 6B 7 8 9 10 11 12 13 14 15 16 17 18
12Z AVG MX 2MIN
DY MAX MIN AVG DEP HDD CDD WTR SNW DPTH SPD SPD DIR MIN PSBL S-S WX SPD DR
================================================================================
1 94 78 86 6 0 21 T 0.0 0 3.5 13 170 M M 3 3 21 180
2 89 72 81 0 0 16 T 0.0 0 5.2 13 330 M M 2 3 21 350
3 91 67 79 -2 0 14 T 0.0 0 3.0 15 340 M M 3 25 320
4 90 69 80 -1 0 15 0.15 0.0 0 1.6 14 340 M M 5 13 22 340
5 94 72 83 2 0 18 0.00 0.0 0 5.0 13 180 M M 1 1 19 200
6 96 77 87 6 0 22 0.00 0.0 0 10.0 18 190 M M 2 27 190
7 97 78 88 6 0 23 0.00 0.0 0 6.4 17 190 M M 3 27 180
8 97 79 88 6 0 23 0.00 0.0 0 6.1 17 190 M M 3 27 210
9 98 78 88 6 0 23 0.00 0.0 0 4.8 9 190 M M 1 16 170
10 100 79 90 8 0 25 0.00 0.0 0 6.9 15 210 M M 2 23 220
11 98 79 89 7 0 24 0.00 0.0 0 7.4 16 190 M M 0 25 190
12 101 81 91 9 0 26 0.00 0.0 0 9.5 16 190 M M 2 25 230
13 102 80 91 9 0 26 0.00 0.0 0 9.8 18 190 M M 1 27 160
14 99 79 89 7 0 24 0.00 0.0 0 9.1 22 190 M M 0 8 32 190
15 100 79 90 8 0 25 0.00 0.0 0 7.2 16 190 M M 2 24 180
16 102 78 90 8 0 25 0.00 0.0 0 4.1 9 200 M M 2 17 170
17 100 80 90 7 0 25 T 0.0 0 3.3 15 90 M M 3 38 30 110
18 99 76 88 5 0 23 0.00 0.0 0 3.1 8 170 M M 1 16 180
19 102 76 89 6 0 24 0.00 0.0 0 2.9 9 180 M M 1 15 180
20 103 76 90 7 0 25 0.00 0.0 0 2.4 8 170 M M 1 16 110
21 100 77 89 6 0 24 T 0.0 0 2.8 10 110 M M 2 38 23 110
22 101 75 88 5 0 23 T 0.0 0 2.1 9 180 M M 1 17 170
23 103 80 92 9 0 27 0.00 0.0 0 4.1 12 220 M M 0 20 80
24 102 79 91 8 0 26 0.00 0.0 0 6.2 13 190 M M 0 20 200
25 102 76 89 6 0 24 0.00 0.0 0 6.1 14 220 M M 0 22 220
26 104 78 91 8 0 26 0.00 0.0 0 4.6 13 190 M M 2 3 18 200
27 100 80 90 7 0 25 T 0.0 0 4.2 10 70 M M 1 22 70
28 99 76 88 5 0 23 0.00 0.0 0 3.2 12 330 M M 2 19 50
29 101 71 86 3 0 21 0.00 0.0 0 3.0 9 60 M M 1 17 130
30 94 74 84 1 0 19 0.00 0.0 0 3.2 10 170 M M 1 20 160
================================================================================
SM 2958 2299 0 685 0.15 0.0 150.8 M 48
================================================================================
AV 98.6 76.6 5.0 FASTST M M 2 MAX(MPH)
MISC ----> 22 190 32 190
================================================================================
NOTES:
# LAST OF SEVERAL OCCURRENCES
COLUMN 17 PEAK WIND IN M.P.H.
PRELIMINARY LOCAL CLIMATOLOGICAL DATA (WS FORM: F-6) , PAGE 2
STATION: HUNTSVILLE
MONTH: JUNE
YEAR: 2022
LATITUDE: 30 45 N
LONGITUDE: 95 35 W
[TEMPERATURE DATA] [PRECIPITATION DATA] SYMBOLS USED IN COLUMN 16
AVERAGE MONTHLY: 87.6 TOTAL FOR MONTH: 0.15 1 = FOG OR MIST
DPTR FM NORMAL: 5.4 DPTR FM NORMAL: -4.42 2 = FOG REDUCING VISIBILITY
HIGHEST: 104 ON 26 GRTST 24HR 0.15 ON 3- 4 TO 1/4 MILE OR LESS
LOWEST: 67 ON 3 3 = THUNDER
SNOW, ICE PELLETS, HAIL 4 = ICE PELLETS
TOTAL MONTH: 0.0 INCH 5 = HAIL
GRTST 24HR 0.0 6 = FREEZING RAIN OR DRIZZLE
GRTST DEPTH: 0 7 = DUSTSTORM OR SANDSTORM:
VSBY 1/2 MILE OR LESS
8 = SMOKE OR HAZE
[NO. OF DAYS WITH] [WEATHER - DAYS WITH] 9 = BLOWING SNOW
X = TORNADO
MAX 32 OR BELOW: 0 0.01 INCH OR MORE: 1
MAX 90 OR ABOVE: 29 0.10 INCH OR MORE: 1
MIN 32 OR BELOW: 0 0.50 INCH OR MORE: 0
MIN 0 OR BELOW: 0 1.00 INCH OR MORE: 0
[HDD (BASE 65) ]
TOTAL THIS MO. 0 CLEAR (SCALE 0-3) 26
DPTR FM NORMAL 0 PTCLDY (SCALE 4-7) 4
TOTAL FM JUL 1 1312 CLOUDY (SCALE 8-10) 0
DPTR FM NORMAL -325
[CDD (BASE 65) ]
TOTAL THIS MO. 685
DPTR FM NORMAL 168 [PRESSURE DATA]
TOTAL FM JAN 1 1527 HIGHEST SLP 30.14 ON 22
DPTR FM NORMAL 418 LOWEST SLP 29.68 ON 6
[REMARKS]
#FINAL-06-22#