000
CXUS54 KEWX 011010
CF6UVA
PRELIMINARY LOCAL CLIMATOLOGICAL DATA (WS FORM: F-6)
STATION: UVALDE
MONTH: MAY
YEAR: 2022
LATITUDE: 29 12 N
LONGITUDE: 99 44 W
TEMPERATURE IN F: :PCPN: SNOW: WIND :SUNSHINE: SKY :PK WND
================================================================================
1 2 3 4 5 6A 6B 7 8 9 10 11 12 13 14 15 16 17 18
12Z AVG MX 2MIN
DY MAX MIN AVG DEP HDD CDD WTR SNW DPTH SPD SPD DIR MIN PSBL S-S WX SPD DR
================================================================================
1 92 70 81 M 0 16 0.20 M M 11.2 17 120 M M 7 13 25 140
2 87 70 79 M 0 14 0.00 M M 10.3 20 140 M M 6 33 140
3 87 71 79 M 0 14 0.00 M M 10.0 18 120 M M 8 1 24 100
4 88 64 76 M 0 11 0.14 M M 12.9 27 320 M M 9 13 45 320
5 85 65 75 M 0 10 0.03 M M 3.6 12 100 M M 6 1 M M
6 96 66 81 M 0 16 0.00 M M 5.8 10 150 M M 3 1 12 210
7 105 70 88 M 0 23 0.00 M M 8.2 14 140 M M 0 1 22 150
8 101 73 87 M 0 22 0.00 M M 10.5 18 120 M M 3 18 24 110
9 M 76 M M M M 0.00 M M 9.7 14 130 M M 10 23 130
10 96 76 86 M 0 21 0.00 M M 15.5 21 130 M M 5 30 130
11 94 74 84 M 0 19 0.00 M M 12.7 20 120 M M 2 26 140
12 96 68 82 M 0 17 0.00 M M 10.8 15 130 M M 1 25 160
13 85 70 78 M 0 13 0.00 M M 6.7 15 140 M M 4 20 140
14 98 70 84 M 0 19 0.00 M M 7.5 15 140 M M 2 21 140
15 99 66 83 M 0 18 0.00 M M 6.2 10 130 M M 0 12 140
16 99 67 83 M 0 18 0.00 M M 8.7 13 130 M M 0 21 150
17 101 69 85 M 0 20 0.00 M M 11.6 21 130 M M 1 29 130
18 103 69 86 M 0 21 0.00 M M 10.5 15 160 M M 0 24 150
19 100 69 85 M 0 20 0.00 M M 10.0 15 120 M M 2 23 120
20 98 74 86 M 0 21 0.00 M M 9.1 15 110 M M 4 1 21 130
21 101 74 88 M 0 23 0.00 M M 10.0 24 80 M M 5 1 37 80
22 87 65 76 M 0 11 0.05 M M 10.7 26 150 M M 6 3 35 200
23 82 68 75 M 0 10 0.00 M M 7.6 14 120 M M 6 25 120
24 89 61 75 M 0 10 0.00 M M 8.5 26 40 M M 5 3 32 40
25 85 61 73 M 0 8 0.00 M M 6.5 15 340 M M 2 3 20 340
26 M M M M M M 0.00 M M M M M M M 0 M M
27 97 69 83 M 0 18 0.00 M M 7.0 12 110 M M 1 16 170
28 98 68 83 M 0 18 0.00 M M 9.4 15 170 M M 1 1 21 170
29 99 72 86 M 0 21 0.00 M M 13.7 24 160 M M 4 30 150
30 96 75 86 M 0 21 0.00 M M 14.8 20 130 M M 7 29 130
31 97 74 86 M 0 21 0.00 M M 13.5 21 120 M M 5 28 120
================================================================================
SM 2741 2084 0 494 0.42 M 293.2 M 115
================================================================================
AV 94.5 69.5 9.8 FASTST M M 4 MAX(MPH)
MISC ----> 27 320 45 320
================================================================================
NOTES:
# LAST OF SEVERAL OCCURRENCES
COLUMN 17 PEAK WIND IN M.P.H.
PRELIMINARY LOCAL CLIMATOLOGICAL DATA (WS FORM: F-6) , PAGE 2
STATION: UVALDE
MONTH: MAY
YEAR: 2022
LATITUDE: 29 12 N
LONGITUDE: 99 44 W
[TEMPERATURE DATA] [PRECIPITATION DATA] SYMBOLS USED IN COLUMN 16
AVERAGE MONTHLY: 82.0 TOTAL FOR MONTH: 0.42 1 = FOG OR MIST
DPTR FM NORMAL: 0.0 DPTR FM NORMAL: M 2 = FOG REDUCING VISIBILITY
HIGHEST: 105 ON 7 GRTST 24HR 0.20 ON 1- 1 TO 1/4 MILE OR LESS
LOWEST: 61 ON 25,24 3 = THUNDER
SNOW, ICE PELLETS, HAIL 4 = ICE PELLETS
TOTAL MONTH: M 5 = HAIL
GRTST 24HR M ON M 6 = FREEZING RAIN OR DRIZZLE
GRTST DEPTH: M ON M 7 = DUSTSTORM OR SANDSTORM:
VSBY 1/2 MILE OR LESS
8 = SMOKE OR HAZE
[NO. OF DAYS WITH] [WEATHER - DAYS WITH] 9 = BLOWING SNOW
X = TORNADO
MAX 32 OR BELOW: 0 0.01 INCH OR MORE: 4
MAX 90 OR ABOVE: 20 0.10 INCH OR MORE: 2
MIN 32 OR BELOW: 0 0.50 INCH OR MORE: 0
MIN 0 OR BELOW: 0 1.00 INCH OR MORE: 0
[HDD (BASE 65) ]
TOTAL THIS MO. 0 CLEAR (SCALE 0-3) 14
DPTR FM NORMAL M PTCLDY (SCALE 4-7) 15
TOTAL FM JUL 1 1290 CLOUDY (SCALE 8-10) 2
DPTR FM NORMAL M
[CDD (BASE 65) ]
TOTAL THIS MO. 494
DPTR FM NORMAL M [PRESSURE DATA]
TOTAL FM JAN 1 920 HIGHEST SLP M ON M
DPTR FM NORMAL M LOWEST SLP M ON M
[REMARKS]
#FINAL-05-22#