000
CXUS55 KGJT 010910
CF6VEL
PRELIMINARY LOCAL CLIMATOLOGICAL DATA (WS FORM: F-6)
STATION: VERNAL UT
MONTH: JUNE
YEAR: 2021
LATITUDE: 40 27 N
LONGITUDE: 109 31 W
TEMPERATURE IN F: :PCPN: SNOW: WIND :SUNSHINE: SKY :PK WND
================================================================================
1 2 3 4 5 6A 6B 7 8 9 10 11 12 13 14 15 16 17 18
12Z AVG MX 2MIN
DY MAX MIN AVG DEP HDD CDD WTR SNW DPTH SPD SPD DIR MIN PSBL S-S WX SPD DR
================================================================================
1 85 47 66 3 0 1 0.00 M M 4.3 12 210 M M 0 20 130
2 88 51 70 7 0 5 0.00 M M 4.5 10 320 M M 0 15 360
3 92 59 76 13 0 11 0.00 M M 4.0 12 320 M M 1 16 310
4 96 54 75 11 0 10 0.00 M M 5.4 21 330 M M 0 28 340
5 93 58 76 12 0 11 0.00 M M 4.5 24 290 M M 0 31 280
6 94 57 76 12 0 11 0.00 M M 7.8 25 210 M M 0 34 200
7 92 58 75 10 0 10 0.00 M M 6.8 18 200 M M 0 29 210
8 87 56 72 7 0 7 0.00 M M 9.3 29 220 M M 0 40 230
9 92 50 71 6 0 6 0.00 M M 7.6 23 210 M M 0 32 210
10 89 51 70 4 0 5 T M M 12.4 32 290 M M 0 8 52 200
11 80 41 61 -5 4 0 0.00 M M 4.7 12 210 M M 0 18 50
12 92 45 69 3 0 4 0.00 M M 4.3 15 250 M M 0 22 220
13 97 52 75 9 0 10 0.00 M M 3.8 13 240 M M 0 20 220
14 99 51 75 8 0 10 0.00 M M 5.1 17 210 M M 0 23 210
15 100 53 77 10 0 12 0.00 M M 4.8 16 200 M M 0 23 200
16 102 56 79 12 0 14 0.00 M M 5.2 25 240 M M 0 35 270
17 102 60 81 13 0 16 0.00 M M 5.5 23 240 M M 0 31 230
18 98 70 84 16 0 19 T M M 8.4 30 310 M M 1 8 43 310
19 94 64 79 11 0 14 0.00 M M 5.7 25 350 M M 0 3 35 340
20 97 56 77 9 0 12 0.00 M M 9.9 32 250 M M 0 43 230
21 88 52 70 1 0 5 0.00 M M 5.5 21 70 M M 0 31 60
22 99 54 77 8 0 12 0.00 M M 5.7 20 200 M M 0 27 180
23 88 57 73 4 0 8 T M M 6.5 25 240 M M 0 41 230
24 78 59 69 -1 0 4 0.01 M M 5.8 24 280 M M 5 3 33 270
25 71 54 63 -7 2 0 0.08 M M 3.4 20 310 M M 8 3 29 310
26 81 52 67 -3 0 2 T M M 7.3 21 70 M M 4 30 70
27 82 60 71 1 0 6 0.00 M M 8.5 25 10 M M 5 36 10
28 85 51 68 -3 0 3 0.00 M M 8.3 20 50 M M 1 28 40
29 84 53 69 -2 0 4 0.00 M M 5.9 18 200 M M 0 26 20
30 85 57 71 0 0 6 T M M 4.9 21 230 M M 3 28 230
================================================================================
SM 2710 1638 6 238 0.09 M 185.8 M 28
================================================================================
AV 90.3 54.6 6.2 FASTST M M 1 MAX(MPH)
MISC ----> # 32 290 52 200
================================================================================
NOTES:
# LAST OF SEVERAL OCCURRENCES
COLUMN 17 PEAK WIND IN M.P.H.
PRELIMINARY LOCAL CLIMATOLOGICAL DATA (WS FORM: F-6) , PAGE 2
STATION: VERNAL UT
MONTH: JUNE
YEAR: 2021
LATITUDE: 40 27 N
LONGITUDE: 109 31 W
[TEMPERATURE DATA] [PRECIPITATION DATA] SYMBOLS USED IN COLUMN 16
AVERAGE MONTHLY: 72.5 TOTAL FOR MONTH: 0.09 1 = FOG OR MIST
DPTR FM NORMAL: 5.4 DPTR FM NORMAL: -0.41 2 = FOG REDUCING VISIBILITY
HIGHEST: 102 ON 17,16 GRTST 24HR 0.08 ON 25-25 TO 1/4 MILE OR LESS
LOWEST: 41 ON 11 3 = THUNDER
SNOW, ICE PELLETS, HAIL 4 = ICE PELLETS
TOTAL MONTH: M 5 = HAIL
GRTST 24HR M ON M 6 = FREEZING RAIN OR DRIZZLE
GRTST DEPTH: M ON M 7 = DUSTSTORM OR SANDSTORM:
VSBY 1/2 MILE OR LESS
8 = SMOKE OR HAZE
[NO. OF DAYS WITH] [WEATHER - DAYS WITH] 9 = BLOWING SNOW
X = TORNADO
MAX 32 OR BELOW: 0 0.01 INCH OR MORE: 2
MAX 90 OR ABOVE: 16 0.10 INCH OR MORE: 0
MIN 32 OR BELOW: 0 0.50 INCH OR MORE: 0
MIN 0 OR BELOW: 0 1.00 INCH OR MORE: 0
[HDD (BASE 65) ]
TOTAL THIS MO. 6 CLEAR (SCALE 0-3) 26
DPTR FM NORMAL -50 PTCLDY (SCALE 4-7) 4
TOTAL FM JUL 1 7069 CLOUDY (SCALE 8-10) 0
DPTR FM NORMAL 159
[CDD (BASE 65) ]
TOTAL THIS MO. 238
DPTR FM NORMAL 119 [PRESSURE DATA]
TOTAL FM JAN 1 245 HIGHEST SLP M ON M
DPTR FM NORMAL 111 LOWEST SLP 29.51 ON 6
[REMARKS]
#FINAL-06-21#