000
CXUS53 KSGF 010710
CF6VIH
PRELIMINARY LOCAL CLIMATOLOGICAL DATA (WS FORM: F-6)
STATION: VICHY-ROLLA MO
MONTH: APRIL
YEAR: 2021
LATITUDE: 38 7 N
LONGITUDE: 91 46 W
TEMPERATURE IN F: :PCPN: SNOW: WIND :SUNSHINE: SKY :PK WND
================================================================================
1 2 3 4 5 6A 6B 7 8 9 10 11 12 13 14 15 16 17 18
12Z AVG MX 2MIN
DY MAX MIN AVG DEP HDD CDD WTR SNW DPTH SPD SPD DIR MIN PSBL S-S WX SPD DR
================================================================================
1 49 26 38 -13 27 0 0.00 M M 6.6 16 330 M M 0 24 340
2 60 29 45 -6 20 0 0.00 M M 12.4 17 170 M M 0 24 150
3 71 40 56 5 9 0 0.00 M M 11.9 22 220 M M 0 8 28 220
4 77 48 63 11 2 0 0.00 M M 9.8 15 240 M M 0 8 20 230
5 77 50 64 12 1 0 0.00 M M 11.5 21 180 M M 2 8 28 190
6 78 57 68 16 0 3 0.00 M M 13.5 22 210 M M 2 34 190
7 71 45 58 5 7 0 0.16 M M 13.7 26 180 M M 6 138 36 180
8 51 44 48 -5 17 0 0.18 M M 11.4 23 210 M M 9 1 32 230
9 77 41 59 6 6 0 0.07 M M 7.8 24 200 M M 2 1 31 210
10 58 47 53 -1 12 0 1.35 M M 16.3 26 270 M M 10 1 36 270
11 71 44 58 4 7 0 0.00 M M 10.4 24 290 M M 1 41 280
12 66 40 53 -1 12 0 T M M 6.1 15 350 M M 4 3 21 320
13 64 47 56 2 9 0 0.04 M M 4.4 14 330 M M 6 19 350
14 62 43 53 -2 12 0 0.00 M M 7.0 17 300 M M 2 24 280
15 60 37 49 -6 16 0 0.00 M M 6.7 14 10 M M 1 20 10
16 58 44 51 -5 14 0 0.15 M M 5.1 13 80 M M 9 1 17 100
17 53 40 47 -9 18 0 0.03 M M 7.8 14 290 M M 10 1 17 300
18 59 36 48 -8 17 0 0.00 M M 8.8 20 290 M M 3 1 25 290
19 69 35 52 -4 13 0 0.00 M M 10.5 21 340 M M 1 28 330
20 38 30 34 -23 31 0 0.21 M M 8.6 15 360 M M 7 12 25 350
21 51 22 37 -20 28 0 T M M 9.8 21 320 M M 4 31 320
22 56 25 41 -16 24 0 T M M 4.4 16 210 M M 1 24 220
23 63 42 53 -5 12 0 0.60 M M 9.7 20 170 M M 9 13 30 170
24 62 44 53 -5 12 0 0.67 M M 7.2 16 360 M M 7 1 22 350
25 71 38 55 -3 10 0 0.00 M M 8.0 20 160 M M 0 1 26 170
26 80 55 68 10 0 3 0.00 M M 17.0 25 170 M M 0 37 170
27 79 61 70 11 0 5 0.00 M M 15.0 24 210 M M 0 31 200
28 70 64 67 8 0 2 0.28 M M 10.6 21 140 M M 8 13 31 320
29 72 48 60 1 5 0 0.59 M M 8.8 21 300 M M 6 123 29 300
30 78 43 61 1 4 0 0.00 M M 2.7 10 280 M M 0 14 300
================================================================================
SM 1951 1265 345 13 4.33 M 283.5 M 110
================================================================================
AV 65.0 42.2 9.4 FASTST M M 4 MAX(MPH)
MISC ----> # 26 180 41 280
================================================================================
NOTES:
# LAST OF SEVERAL OCCURRENCES
COLUMN 17 PEAK WIND IN M.P.H.
PRELIMINARY LOCAL CLIMATOLOGICAL DATA (WS FORM: F-6) , PAGE 2
STATION: VICHY-ROLLA MO
MONTH: APRIL
YEAR: 2021
LATITUDE: 38 7 N
LONGITUDE: 91 46 W
[TEMPERATURE DATA] [PRECIPITATION DATA] SYMBOLS USED IN COLUMN 16
AVERAGE MONTHLY: 53.6 TOTAL FOR MONTH: 4.33 1 = FOG OR MIST
DPTR FM NORMAL: -1.6 DPTR FM NORMAL: 0.11 2 = FOG REDUCING VISIBILITY
HIGHEST: 80 ON 26 GRTST 24HR 1.40 ON 9-10 TO 1/4 MILE OR LESS
LOWEST: 22 ON 21 3 = THUNDER
SNOW, ICE PELLETS, HAIL 4 = ICE PELLETS
TOTAL MONTH: M 5 = HAIL
GRTST 24HR M ON M 6 = FREEZING RAIN OR DRIZZLE
GRTST DEPTH: M ON M 7 = DUSTSTORM OR SANDSTORM:
VSBY 1/2 MILE OR LESS
8 = SMOKE OR HAZE
[NO. OF DAYS WITH] [WEATHER - DAYS WITH] 9 = BLOWING SNOW
X = TORNADO
MAX 32 OR BELOW: 0 0.01 INCH OR MORE: 12
MAX 90 OR ABOVE: 0 0.10 INCH OR MORE: 9
MIN 32 OR BELOW: 5 0.50 INCH OR MORE: 4
MIN 0 OR BELOW: 0 1.00 INCH OR MORE: 1
[HDD (BASE 65) ]
TOTAL THIS MO. 345 CLEAR (SCALE 0-3) 17
DPTR FM NORMAL 31 PTCLDY (SCALE 4-7) 7
TOTAL FM JUL 1 4570 CLOUDY (SCALE 8-10) 6
DPTR FM NORMAL -149
[CDD (BASE 65) ]
TOTAL THIS MO. 13
DPTR FM NORMAL -9 [PRESSURE DATA]
TOTAL FM JAN 1 13 HIGHEST SLP M ON M
DPTR FM NORMAL -13 LOWEST SLP 29.46 ON 10
[REMARKS]
#FINAL-04-21#