000
CXUS52 KTAE 010800
CF6VLD
PRELIMINARY LOCAL CLIMATOLOGICAL DATA (WS FORM: F-6)
STATION: VALDOSTA
MONTH: JULY
YEAR: 2020
LATITUDE: 30 46 N
LONGITUDE: 83 17 W
TEMPERATURE IN F: :PCPN: SNOW: WIND :SUNSHINE: SKY :PK WND
================================================================================
1 2 3 4 5 6A 6B 7 8 9 10 11 12 13 14 15 16 17 18
12Z AVG MX 2MIN
DY MAX MIN AVG DEP HDD CDD WTR SNW DPTH SPD SPD DIR MIN PSBL S-S WX SPD DR
================================================================================
1 94 71 83 2 0 18 0.74 0.0 0 1.0 10 260 M M 4 123 22 250
2 92 71 82 1 0 17 0.00 0.0 0 1.2 8 230 M M 2 13 14 300
3 95 72 84 3 0 19 0.75 0.0 0 1.9 20 140 M M 3 13 24 140
4 89 71 80 -1 0 15 0.19 0.0 0 3.3 16 190 M M 2 138 23 190
5 87 72 80 -1 0 15 0.10 0.0 0 4.1 17 180 M M 6 13 23 200
6 85 73 79 -2 0 14 1.33 0.0 0 6.9 15 170 M M 7 138 20 160
7 89 75 82 1 0 17 0.04 0.0 0 3.5 10 210 M M 5 13 17 220
8 91 75 83 2 0 18 0.14 0.0 0 1.3 14 10 M M 6 13 16 360
9 92 74 83 2 0 18 T 0.0 0 2.4 14 30 M M 5 1 16 20
10 94 75 85 4 0 20 0.04 0.0 0 2.1 16 360 M M 3 138 22 10
11 95 72 84 3 0 19 T 0.0 0 2.1 10 180 M M 2 13 290
12 94 68 81 0 0 16 0.00 0.0 0 2.0 8 210 M M 0 1 16 210
13 94 74 84 3 0 19 0.00 0.0 0 1.2 7 310 M M 2 18 12 270
14 96 74 85 4 0 20 0.00 0.0 0 1.9 15 10 M M 2 1 19 10
15 95 76 86 4 0 21 0.00 0.0 0 2.4 15 40 M M 2 1 19 50
16 94 71 83 1 0 18 0.00 0.0 0 3.8 12 70 M M 1 17 90
17 94 71 83 1 0 18 0.00 0.0 0 3.7 15 100 M M 1 21 90
18 95 71 83 1 0 18 0.00 0.0 0 3.0 15 100 M M 1 1 20 120
19 96 72 84 2 0 19 0.00 0.0 0 1.8 12 150 M M 2 19 120
20 97 73 85 3 0 20 0.00 0.0 0 4.2 15 170 M M 2 19 180
21 97 73 85 3 0 20 0.05 0.0 0 2.5 23 150 M M 1 3 30 150
22 93 70 82 0 0 17 T 0.0 0 4.2 23 110 M M 1 3 32 110
23 96 72 84 2 0 19 0.15 0.0 0 4.6 24 130 M M 3 3 34 140
24 95 71 83 1 0 18 0.00 0.0 0 4.3 13 150 M M 2 17 170
25 94 73 84 2 0 19 T 0.0 0 3.1 23 150 M M 1 3 33 140
26 95 71 83 1 0 18 0.00 0.0 0 2.6 16 20 M M 2 3 21 30
27 97 70 84 2 0 19 0.09 0.0 0 2.3 18 180 M M 1 13 23 170
28 92 73 83 1 0 18 0.07 0.0 0 1.5 8 300 M M 4 13 17 290
29 90 74 82 0 0 17 0.08 0.0 0 3.2 17 190 M M 5 1 25 190
30 93 73 83 1 0 18 1.79 0.0 0 2.6 14 170 M M 4 138 21 310
31 94 74 84 2 0 19 0.00 0.0 0 2.5 9 180 M M 3 1 13 190
================================================================================
SM 2894 2245 0 561 5.56 0.0 87.2 M 85
================================================================================
AV 93.4 72.4 2.8 FASTST M M 3 MAX(MPH)
MISC ----> # 24 130 # 34 140
================================================================================
NOTES:
# LAST OF SEVERAL OCCURRENCES
COLUMN 17 PEAK WIND IN M.P.H.
PRELIMINARY LOCAL CLIMATOLOGICAL DATA (WS FORM: F-6) , PAGE 2
STATION: VALDOSTA
MONTH: JULY
YEAR: 2020
LATITUDE: 30 46 N
LONGITUDE: 83 17 W
[TEMPERATURE DATA] [PRECIPITATION DATA] SYMBOLS USED IN COLUMN 16
AVERAGE MONTHLY: 82.9 TOTAL FOR MONTH: 5.56 1 = FOG OR MIST
DPTR FM NORMAL: 1.5 DPTR FM NORMAL: -1.07 2 = FOG REDUCING VISIBILITY
HIGHEST: 97 ON 27,21 GRTST 24HR 1.79 ON 30-30 TO 1/4 MILE OR LESS
LOWEST: 68 ON 12 3 = THUNDER
SNOW, ICE PELLETS, HAIL 4 = ICE PELLETS
TOTAL MONTH: 0.0 INCH 5 = HAIL
GRTST 24HR 0.0 6 = FREEZING RAIN OR DRIZZLE
GRTST DEPTH: 0 7 = DUSTSTORM OR SANDSTORM:
VSBY 1/2 MILE OR LESS
8 = SMOKE OR HAZE
[NO. OF DAYS WITH] [WEATHER - DAYS WITH] 9 = BLOWING SNOW
X = TORNADO
MAX 32 OR BELOW: 0 0.01 INCH OR MORE: 14
MAX 90 OR ABOVE: 27 0.10 INCH OR MORE: 8
MIN 32 OR BELOW: 0 0.50 INCH OR MORE: 4
MIN 0 OR BELOW: 0 1.00 INCH OR MORE: 2
[HDD (BASE 65) ]
TOTAL THIS MO. 0 CLEAR (SCALE 0-3) 21
DPTR FM NORMAL 0 PTCLDY (SCALE 4-7) 10
TOTAL FM JUL 1 0 CLOUDY (SCALE 8-10) 0
DPTR FM NORMAL 0
[CDD (BASE 65) ]
TOTAL THIS MO. 561
DPTR FM NORMAL 53 [PRESSURE DATA]
TOTAL FM JAN 1 1706 HIGHEST SLP 30.20 ON 17
DPTR FM NORMAL 354 LOWEST SLP 29.83 ON 12
[REMARKS]
#FINAL-07-20#