000
CXUS56 KLOX 011255
CF6VNY
PRELIMINARY LOCAL CLIMATOLOGICAL DATA (WS FORM: F-6)
STATION: VAN NUYS AIRPORT CA
MONTH: FEBRUARY
YEAR: 2022
LATITUDE: 34 13 N
LONGITUDE: 118 29 W
TEMPERATURE IN F: :PCPN: SNOW: WIND :SUNSHINE: SKY :PK WND
================================================================================
1 2 3 4 5 6A 6B 7 8 9 10 11 12 13 14 15 16 17 18
12Z AVG MX 2MIN
DY MAX MIN AVG DEP HDD CDD WTR SNW DPTH SPD SPD DIR MIN PSBL S-S WX SPD DR
================================================================================
1 64 48 56 -1 9 0 0.00 M M 3.7 23 350 M M 2 18 28 350
2 64 51 58 1 7 0 0.00 M M 16.9 30 20 M M 0 37 350
3 69 50 60 3 5 0 0.00 M M 9.3 20 360 M M 0 28 350
4 70 45 58 1 7 0 0.00 M M 12.7 23 40 M M 0 30 20
5 75 42 59 2 6 0 0.00 M M 5.8 20 10 M M 0 25 10
6 83 54 69 12 0 4 0.00 M M 11.2 23 20 M M 0 29 50
7 80 52 66 9 0 1 0.00 M M 6.6 21 10 M M 0 26 10
8 82 47 65 8 0 0 0.00 M M 4.5 22 10 M M 0 27 20
9 86 69 78 21 0 13 0.00 M M 15.2 25 10 M M 0 32 10
10 85 70 78 21 0 13 0.00 M M 15.8 33 30 M M 0 8 40 40
11 90 60 75 18 0 10 0.00 M M 5.9 17 360 M M 0 23 360
12 87 51 69 12 0 4 0.00 M M 3.9 13 360 M M 0 16 360
13 87 50 69 12 0 4 0.00 M M 2.4 12 300 M M 0 20 10
14 81 50 66 9 0 1 0.00 M M 4.2 15 150 M M 0 21 150
15 63 49 56 -1 9 0 T M M 10.8 23 360 M M 8 34 10
16 66 47 57 0 8 0 0.00 M M 6.5 18 340 M M 0 27 350
17 72 45 59 2 6 0 0.00 M M 7.7 29 30 M M 0 37 10
18 77 42 60 2 5 0 0.00 M M 2.6 14 160 M M 0 8 17 140
19 79 44 62 4 3 0 0.00 M M 2.9 12 170 M M 0 14 160
20 71 44 58 0 7 0 0.00 M M 4.5 17 150 M M 1 20 170
21 60 51 56 -2 9 0 0.00 M M 6.9 15 160 M M 9 18 160
22 60 48 54 -4 11 0 0.00 M M 7.3 17 220 M M 5 25 220
23 55 42 49 -9 16 0 0.00 M M 8.4 26 360 M M 3 34 350
24 62 41 52 -6 13 0 0.00 M M 7.4 16 170 M M 0 21 360
25 66 38 52 -6 13 0 0.00 M M 3.3 13 160 M M 0 17 190
26 71 40 56 -2 9 0 0.00 M M 3.5 17 360 M M 0 21 10
27 77 42 60 1 5 0 0.00 M M 11.3 23 350 M M 0 30 350
28 84 65 75 16 0 10 0.00 M M 15.5 28 10 M M 0 36 30
================================================================================
SM 2066 1377 148 60 T M 216.7 M 28
================================================================================
AV 73.8 49.2 7.7 FASTST M M 1 MAX(MPH)
MISC ----> 33 30 40 40
================================================================================
NOTES:
# LAST OF SEVERAL OCCURRENCES
COLUMN 17 PEAK WIND IN M.P.H.
PRELIMINARY LOCAL CLIMATOLOGICAL DATA (WS FORM: F-6) , PAGE 2
STATION: VAN NUYS AIRPORT CA
MONTH: FEBRUARY
YEAR: 2022
LATITUDE: 34 13 N
LONGITUDE: 118 29 W
[TEMPERATURE DATA] [PRECIPITATION DATA] SYMBOLS USED IN COLUMN 16
AVERAGE MONTHLY: 61.5 TOTAL FOR MONTH: T 1 = FOG OR MIST
DPTR FM NORMAL: 4.1 DPTR FM NORMAL: -3.79 2 = FOG REDUCING VISIBILITY
HIGHEST: 90 ON 11 GRTST 24HR T ON 15-15 TO 1/4 MILE OR LESS
LOWEST: 38 ON 25 3 = THUNDER
SNOW, ICE PELLETS, HAIL 4 = ICE PELLETS
TOTAL MONTH: M 5 = HAIL
GRTST 24HR M ON M 6 = FREEZING RAIN OR DRIZZLE
GRTST DEPTH: M ON M 7 = DUSTSTORM OR SANDSTORM:
VSBY 1/2 MILE OR LESS
8 = SMOKE OR HAZE
[NO. OF DAYS WITH] [WEATHER - DAYS WITH] 9 = BLOWING SNOW
X = TORNADO
MAX 32 OR BELOW: 0 0.01 INCH OR MORE: 0
MAX 90 OR ABOVE: 1 0.10 INCH OR MORE: 0
MIN 32 OR BELOW: 0 0.50 INCH OR MORE: 0
MIN 0 OR BELOW: 0 1.00 INCH OR MORE: 0
[HDD (BASE 65) ]
TOTAL THIS MO. 148 CLEAR (SCALE 0-3) 25
DPTR FM NORMAL -76 PTCLDY (SCALE 4-7) 2
TOTAL FM JUL 1 710 CLOUDY (SCALE 8-10) 1
DPTR FM NORMAL -202
[CDD (BASE 65) ]
TOTAL THIS MO. 60
DPTR FM NORMAL 49 [PRESSURE DATA]
TOTAL FM JAN 1 62 HIGHEST SLP 30.35 ON 4
DPTR FM NORMAL 52 LOWEST SLP 29.70 ON 15
[REMARKS]
#FINAL-02-22#