000
CXUS52 KFFC 011010
CF6VPC
PRELIMINARY LOCAL CLIMATOLOGICAL DATA (WS FORM: F-6)
STATION: CARTERSVILLE
MONTH: OCTOBER
YEAR: 2022
LATITUDE: 34 7 N
LONGITUDE: 84 51 W
TEMPERATURE IN F: :PCPN: SNOW: WIND :SUNSHINE: SKY :PK WND
================================================================================
1 2 3 4 5 6A 6B 7 8 9 10 11 12 13 14 15 16 17 18
12Z AVG MX 2MIN
DY MAX MIN AVG DEP HDD CDD WTR SNW DPTH SPD SPD DIR MIN PSBL S-S WX SPD DR
================================================================================
1 77 50 64 -4 1 0 0.00 M M 3.4 16 20 M M 0 17 99
2 72 54 63 -4 2 0 0.00 M M 5.2 16 20 M M 1 24 20
3 75 50 63 -4 2 0 0.00 M M 0.6 7 M M M 0 18 0
4 75 50 63 -3 2 0 0.00 M M 0.9 8 300 M M 3 14 0
5 77 46 62 -4 3 0 0.00 M M 2.0 10 280 M M 0 18 99
6 79 43 61 -5 4 0 0.00 M M 0.4 6 99 M M 1 12 0
7 82 48 65 0 0 0 0.00 M M 1.5 8 99 M M 2 8 16 280
8 72 48 60 -5 5 0 0.00 M M 3.2 12 300 M M 10 8 20 300
9 70 41 56 -8 9 0 0.00 M M 0.5 5 260 M M 9 128 12 0
10 73 39 56 -8 9 0 0.00 M M 1.0 10 20 M M 5 128 M M
11 79 45 62 -2 3 0 0.00 M M 2.3 10 60 M M 4 128 17 60
12 72 61 67 4 0 2 0.12 M M 5.1 12 160 M M 7 18 22 150
13 75 50 63 0 2 0 0.68 M M 5.8 16 240 M M 5 128 23 260
14 73 41 57 -5 8 0 0.00 M M 1.3 7 99 M M 2 13 99
15 82 46 64 2 1 0 0.00 M M 1.6 8 260 M M 2 8 14 200
16 82 50 66 4 0 1 0.00 M M 1.4 9 240 M M 2 128 15 250
17 73 50 62 1 3 0 0.00 M M 6.4 17 260 M M 4 128 24 260
18 52 37 45 -16 20 0 0.00 M M 6.8 10 360 M M 2 8 18 310
19 59 34 47 -13 18 0 0.00 M M 3.1 10 280 M M 0 8 16 260
20 63 28 46 -14 19 0 0.00 M M 1.9 10 270 M M 2 12 17 0
21 70 32 51 -9 14 0 0.00 M M 0.0 M M M M 1 M M
22 75 41 58 -1 7 0 0.00 M M 0.6 6 130 M M 3 M M
23 75 43 59 0 6 0 0.00 M M 0.6 5 80 M M 2 M M
24 79 45 62 4 3 0 0.00 M M 1.6 7 150 M M 2 13 99
25 77 50 64 6 1 0 0.18 M M 6.9 16 140 M M 4 18 23 130
26 63 48 56 -2 9 0 0.00 M M 5.8 13 280 M M 5 21 280
27 72 46 59 2 6 0 0.00 M M 1.4 6 80 M M 2 12 0
28 70 50 60 3 5 0 0.00 M M 4.8 12 110 M M 2 18 100
29 72 52 62 6 3 0 0.00 M M 7.9 14 100 M M 7 21 100
30 61 57 59 3 6 0 0.44 M M 10.3 14 100 M M 10 1 21 110
31 72 55 64 8 1 0 0.09 M M 4.6 10 270 M M 8 18 14 120
================================================================================
SM 2248 1430 172 3 1.51 M 98.9 M 107
================================================================================
AV 72.5 46.1 3.2 FASTST M M 3 MAX(MPH)
MISC ----> 17 260 24 260
================================================================================
NOTES:
# LAST OF SEVERAL OCCURRENCES
COLUMN 17 PEAK WIND IN M.P.H.
PRELIMINARY LOCAL CLIMATOLOGICAL DATA (WS FORM: F-6) , PAGE 2
STATION: CARTERSVILLE
MONTH: OCTOBER
YEAR: 2022
LATITUDE: 34 7 N
LONGITUDE: 84 51 W
[TEMPERATURE DATA] [PRECIPITATION DATA] SYMBOLS USED IN COLUMN 16
AVERAGE MONTHLY: 59.3 TOTAL FOR MONTH: 1.51 1 = FOG OR MIST
DPTR FM NORMAL: -2.3 DPTR FM NORMAL: -1.74 2 = FOG REDUCING VISIBILITY
HIGHEST: 82 ON 16,15 GRTST 24HR 0.68 ON 13-13 TO 1/4 MILE OR LESS
LOWEST: 28 ON 20 3 = THUNDER
SNOW, ICE PELLETS, HAIL 4 = ICE PELLETS
TOTAL MONTH: M 5 = HAIL
GRTST 24HR M ON M 6 = FREEZING RAIN OR DRIZZLE
GRTST DEPTH: M ON M 7 = DUSTSTORM OR SANDSTORM:
VSBY 1/2 MILE OR LESS
8 = SMOKE OR HAZE
[NO. OF DAYS WITH] [WEATHER - DAYS WITH] 9 = BLOWING SNOW
X = TORNADO
MAX 32 OR BELOW: 0 0.01 INCH OR MORE: 5
MAX 90 OR ABOVE: 0 0.10 INCH OR MORE: 4
MIN 32 OR BELOW: 2 0.50 INCH OR MORE: 1
MIN 0 OR BELOW: 0 1.00 INCH OR MORE: 0
[HDD (BASE 65) ]
TOTAL THIS MO. 172 CLEAR (SCALE 0-3) 19
DPTR FM NORMAL 15 PTCLDY (SCALE 4-7) 9
TOTAL FM JUL 1 191 CLOUDY (SCALE 8-10) 3
DPTR FM NORMAL 22
[CDD (BASE 65) ]
TOTAL THIS MO. 3
DPTR FM NORMAL -47 [PRESSURE DATA]
TOTAL FM JAN 1 1887 HIGHEST SLP M ON M
DPTR FM NORMAL 264 LOWEST SLP M ON M
[REMARKS]
#FINAL-10-22#