000
CXUS51 KBTV 010700
CF6VSF
PRELIMINARY LOCAL CLIMATOLOGICAL DATA (WS FORM: F-6)
STATION: SPRINGFIELD VT
MONTH: MARCH
YEAR: 2020
LATITUDE: 43 19 N
LONGITUDE: 72 31 W
TEMPERATURE IN F: :PCPN: SNOW: WIND :SUNSHINE: SKY :PK WND
================================================================================
1 2 3 4 5 6A 6B 7 8 9 10 11 12 13 14 15 16 17 18
12Z AVG MX 2MIN
DY MAX MIN AVG DEP HDD CDD WTR SNW DPTH SPD SPD DIR MIN PSBL S-S WX SPD DR
================================================================================
1 30 9 20 -7 45 0 T M M 4.6 18 270 M M 2 25 270
2 48 16 32 5 33 0 T M M 3.2 16 150 M M 6 1 22 150
3 53 33 43 16 22 0 0.00 M M 1.0 7 240 M M 8 M M
4 45 34 40 12 25 0 0.04 M M 12.4 28 290 M M 7 1 44 280
5 46 25 36 8 29 0 T M M 7.0 17 290 M M 4 27 290
6 44 21 33 5 32 0 T M M 3.1 20 60 M M 4 1 26 60
7 37 23 30 1 35 0 T M M 8.5 21 280 M M 2 1 30 30
8 50 21 36 7 29 0 0.00 M M 2.9 15 280 M M 0 21 290
9 68 26 47 18 18 0 0.00 M M 2.3 15 190 M M 1 1 24 220
10 61 31 46 16 19 0 0.03 M M 2.9 18 260 M M 6 1 26 260
11 48 26 37 7 28 0 0.00 M M 5.2 17 290 M M 3 23 290
12 47 25 36 6 29 0 0.00 M M 3.6 14 150 M M 9 18 110
13 52 36 44 14 21 0 0.70 M M 8.5 31 270 M M 7 1 45 270
14 48 36 42 11 23 0 0.00 M M 10.7 24 270 M M 1 33 280
15 40 22 31 0 34 0 0.00 M M 7.3 20 280 M M 0 25 280
16 41 14 28 -3 37 0 0.00 M M 3.8 14 190 M M 0 19 180
17 44 29 37 5 28 0 0.01 M M 3.6 18 280 M M 9 1 25 270
18 52 26 39 7 26 0 0.00 M M 2.9 14 300 M M 1 20 320
19 42 32 37 5 28 0 0.29 M M 1.2 16 180 M M 9 1 22 170
20 61 36 49 16 16 0 0.14 M M 4.6 24 260 M M 8 1 45 260
21 46 24 35 2 30 0 T M M 9.3 21 290 M M 2 32 320
22 39 20 30 -4 35 0 0.00 M M 3.1 12 330 M M 0 16 360
23 33 21 27 -7 38 0 0.64 M M 4.1 15 160 M M 6 128 21 180
24 41 27 34 0 31 0 0.01 M M 2.7 12 270 M M 9 1 14 290
25 43 25 34 -1 31 0 0.00 M M 1.3 9 130 M M 7 1 13 130
26 55 24 40 5 25 0 0.00 M M 2.0 12 150 M M 4 1 16 170
27 56 28 42 6 23 0 0.00 M M 7.3 21 270 M M 2 31 340
28 51 22 37 1 28 0 0.03 M M 1.5 10 170 M M 3 1 14 170
29 43 35 39 3 26 0 0.75 M M 3.3 16 90 M M 10 13 22 100
30 39 33 36 -1 29 0 0.30 M M 2.4 9 70 M M 10 1 14 110
31 47 29 38 1 27 0 T M M 2.3 9 50 M M 8 1 13 50
================================================================================
SM 1450 809 880 0 2.94 M 138.6 M 148
================================================================================
AV 46.8 26.1 4.5 FASTST M M 5 MAX(MPH)
MISC ----> 31 270 45 270
================================================================================
NOTES:
# LAST OF SEVERAL OCCURRENCES
COLUMN 17 PEAK WIND IN M.P.H.
PRELIMINARY LOCAL CLIMATOLOGICAL DATA (WS FORM: F-6) , PAGE 2
STATION: SPRINGFIELD VT
MONTH: MARCH
YEAR: 2020
LATITUDE: 43 19 N
LONGITUDE: 72 31 W
[TEMPERATURE DATA] [PRECIPITATION DATA] SYMBOLS USED IN COLUMN 16
AVERAGE MONTHLY: 36.4 TOTAL FOR MONTH: 2.94 1 = FOG OR MIST
DPTR FM NORMAL: 4.8 DPTR FM NORMAL: -0.36 2 = FOG REDUCING VISIBILITY
HIGHEST: 68 ON 9 GRTST 24HR 0.78 ON 28-29 TO 1/4 MILE OR LESS
LOWEST: 9 ON 1 3 = THUNDER
SNOW, ICE PELLETS, HAIL 4 = ICE PELLETS
TOTAL MONTH: M 5 = HAIL
GRTST 24HR M ON M 6 = FREEZING RAIN OR DRIZZLE
GRTST DEPTH: M ON M 7 = DUSTSTORM OR SANDSTORM:
VSBY 1/2 MILE OR LESS
8 = SMOKE OR HAZE
[NO. OF DAYS WITH] [WEATHER - DAYS WITH] 9 = BLOWING SNOW
X = TORNADO
MAX 32 OR BELOW: 1 0.01 INCH OR MORE: 11
MAX 90 OR ABOVE: 0 0.10 INCH OR MORE: 6
MIN 32 OR BELOW: 24 0.50 INCH OR MORE: 3
MIN 0 OR BELOW: 0 1.00 INCH OR MORE: 0
[HDD (BASE 65) ]
TOTAL THIS MO. 880 CLEAR (SCALE 0-3) 12
DPTR FM NORMAL -155 PTCLDY (SCALE 4-7) 13
TOTAL FM JUL 1 6058 CLOUDY (SCALE 8-10) 6
DPTR FM NORMAL -423
[CDD (BASE 65) ]
TOTAL THIS MO. 0
DPTR FM NORMAL 0 [PRESSURE DATA]
TOTAL FM JAN 1 0 HIGHEST SLP M ON M
DPTR FM NORMAL 0 LOWEST SLP 29.31 ON 4
[REMARKS]
#FINAL-03-20#