000
CXUS51 KBTV 010953
CLMVSF
CLIMATE REPORT
NATIONAL WEATHER SERVICE BURLINGTON VT
453 AM EST THU FEB 01 2024
...................................
...THE SPRINGFIELD VT CLIMATE SUMMARY FOR THE MONTH OF JANUARY 2024...
CLIMATE NORMAL PERIOD: 1991 TO 2020
CLIMATE RECORD PERIOD: 9999 TO 9999
WEATHER OBSERVED NORMAL DEPART LAST YEAR`S
VALUE DATE(S) VALUE FROM VALUE DATE(S)
NORMAL
................................................................
TEMPERATURE (F)
RECORD
HIGH 66
LOW -22
HIGHEST 46 01/10 MM MM 49 01/01
LOWEST 1 01/22 MM MM 10 01/11
AVG. MAXIMUM 33.3 29.8 3.5 36.9
AVG. MINIMUM 20.9 11.2 9.7 24.8
MEAN 27.1 20.5 6.6 30.8
DAYS MAX >= 90 0 0.0 0.0 0
DAYS MAX <= 32 12 17.3 -5.3 6
DAYS MIN <= 32 27 30.3 -3.3 29
DAYS MIN <= 0 0 6.4 -6.4 0
PRECIPITATION (INCHES)
RECORD
MAXIMUM 4.92 1999
MINIMUM 0.74 2004
TOTALS 4.93 2.80 2.13 4.18
DAILY AVG. 0.16 0.09 0.07 0.13
DAYS >= .01 11 10.8 0.2 13
DAYS >= .10 7 5.9 1.1 12
DAYS >= .50 4 1.7 2.3 3
DAYS >= 1.00 2 0.6 1.4 0
GREATEST
24 HR. TOTAL 2.27 01/09 TO 01/10 1.14 01/12 TO 01/13
STORM TOTAL 1.26 0.60
(MM/DD(HH)) MM
DEGREE DAYS
HEATING TOTAL 1167 1379 -212 1050
SINCE 7/1 3433 4181 -748 MM
COOLING TOTAL 0 0 0 0
SINCE 1/1 0 0 0 MM
................................................................
WIND (MPH)
AVERAGE WIND SPEED 3.7
HIGHEST WIND SPEED/DIRECTION 25/250 DATE 01/13
HIGHEST GUST SPEED/DIRECTION 41/230 DATE 01/13
SKY COVER
POSSIBLE SUNSHINE (PERCENT) MM
AVERAGE SKY COVER 0.73
NUMBER OF DAYS FAIR 3
NUMBER OF DAYS PC 11
NUMBER OF DAYS CLOUDY 17
AVERAGE RH (PERCENT) 72
WEATHER CONDITIONS. NUMBER OF DAYS WITH
THUNDERSTORM 0 MIXED PRECIP 0
HEAVY RAIN 4 RAIN 3
LIGHT RAIN 8 FREEZING RAIN 0
LT FREEZING RAIN 0 HAIL 0
HEAVY SNOW 3 SNOW 5
LIGHT SNOW 17 SLEET 0
FOG 24 FOG W/VIS <= 1/4 MILE 5
HAZE 9
- INDICATES NEGATIVE NUMBERS.
R INDICATES RECORD WAS SET OR TIED.
MM INDICATES DATA IS MISSING.
T INDICATES TRACE AMOUNT.
$$