000
CXUS51 KAKQ 010710
CF6WAL
PRELIMINARY LOCAL CLIMATOLOGICAL DATA (WS FORM: F-6)
STATION: WALLOPS ISLAND VA
MONTH: SEPTEMBER
YEAR: 2022
LATITUDE: 37 55 N
LONGITUDE: 75 28 W
TEMPERATURE IN F: :PCPN: SNOW: WIND :SUNSHINE: SKY :PK WND
================================================================================
1 2 3 4 5 6A 6B 7 8 9 10 11 12 13 14 15 16 17 18
12Z AVG MX 2MIN
DY MAX MIN AVG DEP HDD CDD WTR SNW DPTH SPD SPD DIR MIN PSBL S-S WX SPD DR
================================================================================
1 87 65 76 2 0 11 0.00 0.0 0 5.3 15 240 M M 2 22 250
2 84 67 76 2 0 11 0.00 0.0 0 8.6 17 60 M M 2 21 60
3 84 65 75 1 0 10 0.00 0.0 0 6.0 13 100 M M 0 16 70
4 86 66 76 2 0 11 0.00 0.0 0 5.5 13 150 M M 0 17 140
5 85 68 77 3 0 12 T 0.0 0 6.1 14 150 M M 1 18 140
6 85 73 79 5 0 14 0.06 0.0 0 11.5 21 250 M M 7 1 29 260
7 79 69 74 1 0 9 0.17 0.0 0 9.3 15 30 M M 8 1 17 360
8 78 64 71 -2 0 6 0.00 0.0 0 9.8 22 50 M M 5 25 60
9 79 61 70 -3 0 5 0.00 0.0 0 11.7 22 50 M M 2 27 40
10 82 63 73 0 0 8 0.00 0.0 0 8.7 15 80 M M 1 19 60
11 82 74 78 6 0 13 0.08 0.0 0 10.2 21 170 M M 9 27 180
12 84 73 79 7 0 14 T 0.0 0 6.1 15 310 M M 4 13 31 150
13 85 71 78 6 0 13 0.00 0.0 0 6.0 15 290 M M 5 19 310
14 81 61 71 -1 0 6 0.00 0.0 0 6.3 14 310 M M 2 20 280
15 80 59 70 -1 0 5 0.00 0.0 0 6.9 16 360 M M 1 20 70
16 79 54 67 -4 0 2 0.00 0.0 0 4.6 12 70 M M 0 16 80
17 80 54 67 -4 0 2 0.00 0.0 0 3.6 12 140 M M 0 17 150
18 85 62 74 4 0 9 0.00 0.0 0 7.7 17 180 M M 1 22 180
19 89 70 80 10 0 15 0.00 0.0 0 10.6 22 190 M M 1 27 190
20 88 64 76 6 0 11 0.00 0.0 0 6.4 17 290 M M 1 26 80
21 86 61 74 5 0 9 0.00 0.0 0 7.4 18 200 M M 1 24 200
22 93 61 77 8 0 12 T 0.0 0 11.3 25 320 M M 3 40 340
23 68 53 61 -8 4 0 0.00 0.0 0 11.7 22 340 M M 1 32 330
24 71 49 60 -8 5 0 0.00 0.0 0 6.0 15 250 M M 1 21 250
25 82 60 71 3 0 6 0.34 0.0 0 13.1 25 180 M M 3 13 34 240
26 80 64 72 4 0 7 0.00 0.0 0 7.9 17 240 M M 1 25 230
27 76 54 65 -2 0 0 0.00 0.0 0 6.5 14 310 M M 1 22 290
28 74 51 63 -4 2 0 0.00 0.0 0 7.4 14 300 M M 2 18 320
29 71 55 63 -4 2 0 0.00 0.0 0 14.8 28 50 M M 3 32 50
30 68 63 66 0 0 1 1.09 0.0 0 25.7 37 50 M M 8 1 48 50
================================================================================
SM 2431 1874 13 222 1.74 0.0 262.7 M 76
================================================================================
AV 81.0 62.5 8.8 FASTST M M 3 MAX(MPH)
MISC ----> 37 50 48 50
================================================================================
NOTES:
# LAST OF SEVERAL OCCURRENCES
COLUMN 17 PEAK WIND IN M.P.H.
PRELIMINARY LOCAL CLIMATOLOGICAL DATA (WS FORM: F-6) , PAGE 2
STATION: WALLOPS ISLAND VA
MONTH: SEPTEMBER
YEAR: 2022
LATITUDE: 37 55 N
LONGITUDE: 75 28 W
[TEMPERATURE DATA] [PRECIPITATION DATA] SYMBOLS USED IN COLUMN 16
AVERAGE MONTHLY: 71.8 TOTAL FOR MONTH: 1.74 1 = FOG OR MIST
DPTR FM NORMAL: 0.9 DPTR FM NORMAL: -2.59 2 = FOG REDUCING VISIBILITY
HIGHEST: 93 ON 22 GRTST 24HR 1.09 ON 30-30 TO 1/4 MILE OR LESS
LOWEST: 49 ON 24 3 = THUNDER
SNOW, ICE PELLETS, HAIL 4 = ICE PELLETS
TOTAL MONTH: 0.0 INCH 5 = HAIL
GRTST 24HR 0.0 6 = FREEZING RAIN OR DRIZZLE
GRTST DEPTH: 0 7 = DUSTSTORM OR SANDSTORM:
VSBY 1/2 MILE OR LESS
8 = SMOKE OR HAZE
[NO. OF DAYS WITH] [WEATHER - DAYS WITH] 9 = BLOWING SNOW
X = TORNADO
MAX 32 OR BELOW: 0 0.01 INCH OR MORE: 5
MAX 90 OR ABOVE: 1 0.10 INCH OR MORE: 3
MIN 32 OR BELOW: 0 0.50 INCH OR MORE: 1
MIN 0 OR BELOW: 0 1.00 INCH OR MORE: 1
[HDD (BASE 65) ]
TOTAL THIS MO. 13 CLEAR (SCALE 0-3) 21
DPTR FM NORMAL -6 PTCLDY (SCALE 4-7) 7
TOTAL FM JUL 1 13 CLOUDY (SCALE 8-10) 2
DPTR FM NORMAL -4
[CDD (BASE 65) ]
TOTAL THIS MO. 222
DPTR FM NORMAL 28 [PRESSURE DATA]
TOTAL FM JAN 1 1483 HIGHEST SLP M ON M
DPTR FM NORMAL 169 LOWEST SLP 29.59 ON 22
[REMARKS]
#FINAL-09-22#