000
CXUS51 KAKQ 010710
CF6WAL
PRELIMINARY LOCAL CLIMATOLOGICAL DATA (WS FORM: F-6)
STATION: WALLOPS ISLAND VA
MONTH: SEPTEMBER
YEAR: 2021
LATITUDE: 37 55 N
LONGITUDE: 75 28 W
TEMPERATURE IN F: :PCPN: SNOW: WIND :SUNSHINE: SKY :PK WND
================================================================================
1 2 3 4 5 6A 6B 7 8 9 10 11 12 13 14 15 16 17 18
12Z AVG MX 2MIN
DY MAX MIN AVG DEP HDD CDD WTR SNW DPTH SPD SPD DIR MIN PSBL S-S WX SPD DR
================================================================================
1 87 71 79 5 0 14 0.01 0.0 0 17.0 32 180 M M 3 13 40 180
2 80 62 71 -3 0 6 T 0.0 0 8.9 21 330 M M 3 18 27 320
3 78 59 69 -5 0 4 0.00 0.0 0 5.9 13 20 M M 1 16 330
4 80 58 69 -5 0 4 0.00 0.0 0 5.4 12 180 M M 0 14 180
5 84 66 75 1 0 10 0.00 0.0 0 13.8 23 190 M M 1 29 200
6 86 70 78 4 0 13 T 0.0 0 7.8 14 320 M M 4 8 20 300
7 87 65 76 3 0 11 0.00 0.0 0 7.7 16 190 M M 1 20 170
8 83 69 76 3 0 11 0.12 0.0 0 12.4 26 200 M M 3 13 31 200
9 77 66 72 -1 0 7 0.50 0.0 0 6.8 16 320 M M 6 1 25 320
10 78 58 68 -5 0 3 0.00 0.0 0 7.9 17 330 M M 1 26 330
11 78 54 66 -6 0 1 0.00 0.0 0 6.2 15 190 M M 1 20 200
12 85 65 75 3 0 10 0.00 0.0 0 10.2 18 250 M M 0 25 240
13 90 67 79 7 0 14 0.00 0.0 0 5.3 13 320 M M 0 16 310
14 86 68 77 5 0 12 0.00 0.0 0 6.5 15 200 M M 0 21 200
15 84 69 77 6 0 12 0.00 0.0 0 12.5 22 190 M M 0 28 190
16 86 73 80 9 0 15 0.00 0.0 0 9.1 16 60 M M 2 20 70
17 83 70 77 6 0 12 T 0.0 0 14.5 24 50 M M 6 29 40
18 85 68 77 7 0 12 0.00 0.0 0 5.8 13 310 M M 2 16 310
19 82 67 75 5 0 10 0.00 0.0 0 9.2 17 60 M M 0 1 21 60
20 78 59 69 -1 0 4 0.00 0.0 0 10.5 20 60 M M 4 23 60
21 82 71 77 8 0 12 0.00 0.0 0 9.4 16 90 M M 3 20 90
22 84 73 79 10 0 14 0.00 0.0 0 13.5 22 150 M M 2 30 150
23 80 63 72 3 0 7 0.60 0.0 0 11.6 26 180 M M 7 1 41 170
24 76 58 67 -1 0 2 0.00 0.0 0 6.7 17 10 M M 4 24 360
25 77 54 66 -2 0 1 0.00 0.0 0 4.6 10 140 M M 3 13 140
26 75 57 66 -2 0 1 0.00 0.0 0 8.0 18 320 M M 0 24 300
27 80 54 67 0 0 2 0.00 0.0 0 7.9 18 190 M M 0 24 180
28 84 64 74 7 0 9 T 0.0 0 6.1 13 220 M M 2 3 17 220
29 73 51 62 -5 3 0 T 0.0 0 7.6 16 10 M M 2 21 360
30 75 48 62 -4 3 0 0.00 0.0 0 5.9 17 290 M M 2 23 290
================================================================================
SM 2443 1897 6 233 1.23 0.0 264.7 M 63
================================================================================
AV 81.4 63.2 8.8 FASTST M M 2 MAX(MPH)
MISC ----> 32 180 41 170
================================================================================
NOTES:
# LAST OF SEVERAL OCCURRENCES
COLUMN 17 PEAK WIND IN M.P.H.
PRELIMINARY LOCAL CLIMATOLOGICAL DATA (WS FORM: F-6) , PAGE 2
STATION: WALLOPS ISLAND VA
MONTH: SEPTEMBER
YEAR: 2021
LATITUDE: 37 55 N
LONGITUDE: 75 28 W
[TEMPERATURE DATA] [PRECIPITATION DATA] SYMBOLS USED IN COLUMN 16
AVERAGE MONTHLY: 72.3 TOTAL FOR MONTH: 1.23 1 = FOG OR MIST
DPTR FM NORMAL: 1.5 DPTR FM NORMAL: -3.10 2 = FOG REDUCING VISIBILITY
HIGHEST: 90 ON 13 GRTST 24HR 0.61 ON 8- 9 TO 1/4 MILE OR LESS
LOWEST: 48 ON 30 3 = THUNDER
SNOW, ICE PELLETS, HAIL 4 = ICE PELLETS
TOTAL MONTH: 0.0 INCH 5 = HAIL
GRTST 24HR 0.0 6 = FREEZING RAIN OR DRIZZLE
GRTST DEPTH: 0 7 = DUSTSTORM OR SANDSTORM:
VSBY 1/2 MILE OR LESS
8 = SMOKE OR HAZE
[NO. OF DAYS WITH] [WEATHER - DAYS WITH] 9 = BLOWING SNOW
X = TORNADO
MAX 32 OR BELOW: 0 0.01 INCH OR MORE: 4
MAX 90 OR ABOVE: 1 0.10 INCH OR MORE: 3
MIN 32 OR BELOW: 0 0.50 INCH OR MORE: 2
MIN 0 OR BELOW: 0 1.00 INCH OR MORE: 0
[HDD (BASE 65) ]
TOTAL THIS MO. 6 CLEAR (SCALE 0-3) 24
DPTR FM NORMAL -13 PTCLDY (SCALE 4-7) 6
TOTAL FM JUL 1 6 CLOUDY (SCALE 8-10) 0
DPTR FM NORMAL -11
[CDD (BASE 65) ]
TOTAL THIS MO. 233
DPTR FM NORMAL 39 [PRESSURE DATA]
TOTAL FM JAN 1 1445 HIGHEST SLP M ON M
DPTR FM NORMAL 131 LOWEST SLP 29.55 ON 1
[REMARKS]
#FINAL-09-21#