000
CXUS51 KAKQ 042016
CF6WAL
PRELIMINARY LOCAL CLIMATOLOGICAL DATA (WS FORM: F-6)
STATION: WALLOPS ISLAND VA
MONTH: OCTOBER
YEAR: 2023
LATITUDE: 37 55 N
LONGITUDE: 75 28 W
TEMPERATURE IN F: :PCPN: SNOW: WIND :SUNSHINE: SKY :PK WND
================================================================================
1 2 3 4 5 6A 6B 7 8 9 10 11 12 13 14 15 16 17 18
12Z AVG MX 2MIN
DY MAX MIN AVG DEP HDD CDD WTR SNW DPTH SPD SPD DIR MIN PSBL S-S WX SPD DR
================================================================================
1 76 59 68 2 0 3 0.00 0.0 0 7.1 16 20 M M 0 18 27 10
2 78 59 69 3 0 4 0.00 0.0 0 7.9 17 60 M M 0 18 22 50
3 76 58 67 2 0 2 0.00 0.0 0 3.1 8 170 M M 1 18 12 100
4 77 52 65 0 0 0 0.00 0.0 0 3.3 9 80 M M 0 18 14 50
5 79 58 69 5 0 4 0.00 0.0 0 6.1 17 60 M M 4 1 20 60
6 81 64 73 9 0 8 0.00 0.0 0 3.9 14 60 M M 3 18 17 60
7 74 54 64 0 1 0 T 0.0 0 8.9 23 320 M M 5 128 37 300
8 64 46 55 -8 10 0 0.00 0.0 0 7.3 17 310 M M 3 27 280
9 66 43 55 -8 10 0 T 0.0 0 6.4 17 250 M M 3 26 210
10 73 51 62 0 3 0 0.00 0.0 0 5.6 13 260 M M 1 19 270
11 75 54 65 3 0 0 0.00 0.0 0 3.5 10 280 M M 2 1 16 260
12 72 52 62 0 3 0 0.00 0.0 0 2.5 10 160 M M 1 14 170
13 69 51 60 -1 5 0 0.00 0.0 0 6.5 16 60 M M 0 20 60
14 68 51 60 -1 5 0 0.99 0.0 0 4.7 17 360 M M 7 1 26 10
15 65 48 57 -4 8 0 0.03 0.0 0 9.7 18 320 M M 7 1 28 320
16 63 45 54 -6 11 0 0.00 0.0 0 7.5 16 290 M M 3 25 310
17 68 49 59 -1 6 0 0.00 0.0 0 6.6 15 320 M M 4 21 300
18 68 46 57 -3 8 0 0.00 0.0 0 5.6 13 300 M M 1 18 21 270
19 69 44 57 -2 8 0 0.00 0.0 0 6.7 17 180 M M 4 23 170
20 72 58 65 6 0 0 0.09 0.0 0 9.8 17 200 M M 8 1 26 200
21 69 49 59 1 6 0 T 0.0 0 10.0 26 290 M M 5 41 300
22 66 47 57 -1 8 0 0.00 0.0 0 7.6 25 290 M M 3 38 310
23 63 42 53 -5 12 0 0.00 0.0 0 7.0 18 330 M M 0 27 330
24 70 39 55 -2 10 0 0.00 0.0 0 2.9 12 180 M M 0 13 280
25 75 50 63 6 2 0 0.00 0.0 0 7.9 16 190 M M 1 1 21 190
26 79 59 69 13 0 4 0.00 0.0 0 8.7 15 200 M M 1 20 280
27 80 60 70 14 0 5 0.00 0.0 0 7.3 15 270 M M 0 24 260
28 83 62 73 17 0 8 0.00 0.0 0 5.8 13 280 M M 0 18 300
29 77 61 69 14 0 4 0.00 0.0 0 6.9 15 200 M M 0 18 20 200
30 82 53 68 13 0 3 0.01 0.0 0 10.4 20 340 M M 2 18 32 350
31 53 47 50 -5 15 0 0.22 0.0 0 8.5 18 350 M M 10 1 27 10
================================================================================
SM 2230 1611 131 45 1.34 0.0 205.7 M 79
================================================================================
AV 71.9 52.0 6.6 FASTST M M 3 MAX(MPH)
MISC ----> 26 290 41 300
================================================================================
NOTES:
# LAST OF SEVERAL OCCURRENCES
COLUMN 17 PEAK WIND IN M.P.H.
PRELIMINARY LOCAL CLIMATOLOGICAL DATA (WS FORM: F-6) , PAGE 2
STATION: WALLOPS ISLAND VA
MONTH: OCTOBER
YEAR: 2023
LATITUDE: 37 55 N
LONGITUDE: 75 28 W
[TEMPERATURE DATA] [PRECIPITATION DATA] SYMBOLS USED IN COLUMN 16
AVERAGE MONTHLY: 62.0 TOTAL FOR MONTH: 1.34 1 = FOG OR MIST
DPTR FM NORMAL: 1.8 DPTR FM NORMAL: -2.68 2 = FOG REDUCING VISIBILITY
HIGHEST: 83 ON 28 GRTST 24HR 1.02 ON 14-15 TO 1/4 MILE OR LESS
LOWEST: 39 ON 24 3 = THUNDER
SNOW, ICE PELLETS, HAIL 4 = ICE PELLETS
TOTAL MONTH: 0.0 INCH 5 = HAIL
GRTST 24HR 0.0 6 = FREEZING RAIN OR DRIZZLE
GRTST DEPTH: 0 7 = DUSTSTORM OR SANDSTORM:
VSBY 1/2 MILE OR LESS
8 = SMOKE OR HAZE
[NO. OF DAYS WITH] [WEATHER - DAYS WITH] 9 = BLOWING SNOW
X = TORNADO
MAX 32 OR BELOW: 0 0.01 INCH OR MORE: 5
MAX 90 OR ABOVE: 0 0.10 INCH OR MORE: 2
MIN 32 OR BELOW: 0 0.50 INCH OR MORE: 1
MIN 0 OR BELOW: 0 1.00 INCH OR MORE: 0
[HDD (BASE 65) ]
TOTAL THIS MO. 131 CLEAR (SCALE 0-3) 20
DPTR FM NORMAL -58 PTCLDY (SCALE 4-7) 10
TOTAL FM JUL 1 131 CLOUDY (SCALE 8-10) 1
DPTR FM NORMAL -79
[CDD (BASE 65) ]
TOTAL THIS MO. 45
DPTR FM NORMAL 3 [PRESSURE DATA]
TOTAL FM JAN 1 1424 HIGHEST SLP 30.43 ON 24
DPTR FM NORMAL 68 LOWEST SLP 29.36 ON 21
[REMARKS]
#FINAL-10-23#