000
CXUS56 KLOX 011155
CF6WJF
PRELIMINARY LOCAL CLIMATOLOGICAL DATA (WS FORM: F-6)
STATION: LANCASTER FOX FIELD CA
MONTH: OCTOBER
YEAR: 2021
LATITUDE: 34 43 N
LONGITUDE: 118 13 W
TEMPERATURE IN F: :PCPN: SNOW: WIND :SUNSHINE: SKY :PK WND
================================================================================
1 2 3 4 5 6A 6B 7 8 9 10 11 12 13 14 15 16 17 18
12Z AVG MX 2MIN
DY MAX MIN AVG DEP HDD CDD WTR SNW DPTH SPD SPD DIR MIN PSBL S-S WX SPD DR
================================================================================
1 87 41 64 -5 1 0 0.00 M M 3.9 13 60 M M 0 16 60
2 88 42 65 -3 0 0 0.00 M M 5.5 15 60 M M 0 19 80
3 91 44 68 0 0 3 0.00 M M 4.4 15 250 M M 0 18 240
4 90 54 72 5 0 7 T M M 6.9 29 220 M M 0 35 230
5 84 65 75 8 0 10 0.00 M M 10.5 26 240 M M 1 32 240
6 83 58 71 4 0 6 0.00 M M 11.1 23 240 M M 0 28 240
7 73 60 67 1 0 2 0.00 M M 17.5 28 250 M M 0 35 220
8 69 53 61 -5 4 0 T M M 17.3 25 280 M M 3 31 250
9 75 49 62 -4 3 0 0.00 M M 12.9 26 280 M M 0 33 280
10 79 37 58 -7 7 0 0.00 M M 7.9 23 280 M M 0 26 270
11 63 49 56 -9 9 0 0.00 M M 28.7 47 280 M M 6 8 56 280
12 64 42 53 -11 12 0 0.00 M M 11.8 24 280 M M 1 8 33 270
13 73 31 52 -12 13 0 0.00 M M 6.2 22 270 M M 0 26 280
14 74 40 57 -7 8 0 0.00 M M 6.7 16 70 M M 0 21 60
15 76 37 57 -6 8 0 0.00 M M 9.7 25 70 M M 0 30 50
16 81 35 58 -5 7 0 0.00 M M 5.8 17 100 M M 0 28 50
17 77 35 56 -6 9 0 0.00 M M 10.4 24 270 M M 0 35 240
18 59 39 49 -13 16 0 0.00 M M 20.0 35 270 M M 4 8 42 280
19 69 30 50 -12 15 0 0.00 M M 4.2 10 290 M M 0 8 13 250
20 75 33 54 -7 11 0 0.00 M M 2.4 10 300 M M 0 8 11 320
21 77 37 57 -4 8 0 0.00 M M 2.9 9 300 M M 0 11 280
22 79 37 58 -3 7 0 0.00 M M 9.6 22 250 M M 0 30 250
23 72 52 62 2 3 0 0.00 M M 23.9 36 270 M M 1 42 270
24 71 55 63 3 2 0 0.00 M M 18.1 28 220 M M 0 35 220
25 59 48 54 -6 11 0 0.28 M M 14.8 30 270 M M 6 1 33 270
26 63 43 53 -6 12 0 0.00 M M 11.2 22 280 M M 0 27 270
27 73 36 55 -4 10 0 0.00 M M 3.4 8 300 M M 0 11 60
28 81 42 62 4 3 0 0.00 M M 5.3 18 60 M M 0 23 90
29 83 42 63 5 2 0 0.00 M M 2.7 10 300 M M 0 8 13 280
30 81 44 63 5 2 0 0.00 M M 10.6 21 240 M M 0 27 250
31 75 55 65 8 0 0 0.00 M M 13.3 23 240 M M 0 8 29 240
================================================================================
SM 2344 1365 183 28 0.28 M 319.6 M 22
================================================================================
AV 75.6 44.0 10.3 FASTST M M 1 MAX(MPH)
MISC ----> 47 280 56 280
================================================================================
NOTES:
# LAST OF SEVERAL OCCURRENCES
COLUMN 17 PEAK WIND IN M.P.H.
PRELIMINARY LOCAL CLIMATOLOGICAL DATA (WS FORM: F-6) , PAGE 2
STATION: LANCASTER FOX FIELD CA
MONTH: OCTOBER
YEAR: 2021
LATITUDE: 34 43 N
LONGITUDE: 118 13 W
[TEMPERATURE DATA] [PRECIPITATION DATA] SYMBOLS USED IN COLUMN 16
AVERAGE MONTHLY: 59.8 TOTAL FOR MONTH: 0.28 1 = FOG OR MIST
DPTR FM NORMAL: -3.1 DPTR FM NORMAL: -0.06 2 = FOG REDUCING VISIBILITY
HIGHEST: 91 ON 3 GRTST 24HR 0.28 ON 25-25 TO 1/4 MILE OR LESS
LOWEST: 30 ON 19 3 = THUNDER
SNOW, ICE PELLETS, HAIL 4 = ICE PELLETS
TOTAL MONTH: M 5 = HAIL
GRTST 24HR M ON M 6 = FREEZING RAIN OR DRIZZLE
GRTST DEPTH: M ON M 7 = DUSTSTORM OR SANDSTORM:
VSBY 1/2 MILE OR LESS
8 = SMOKE OR HAZE
[NO. OF DAYS WITH] [WEATHER - DAYS WITH] 9 = BLOWING SNOW
X = TORNADO
MAX 32 OR BELOW: 0 0.01 INCH OR MORE: 1
MAX 90 OR ABOVE: 2 0.10 INCH OR MORE: 1
MIN 32 OR BELOW: 2 0.50 INCH OR MORE: 0
MIN 0 OR BELOW: 0 1.00 INCH OR MORE: 0
[HDD (BASE 65) ]
TOTAL THIS MO. 183 CLEAR (SCALE 0-3) 27
DPTR FM NORMAL 62 PTCLDY (SCALE 4-7) 4
TOTAL FM JUL 1 186 CLOUDY (SCALE 8-10) 0
DPTR FM NORMAL 56
[CDD (BASE 65) ]
TOTAL THIS MO. 28
DPTR FM NORMAL -28 [PRESSURE DATA]
TOTAL FM JAN 1 2445 HIGHEST SLP 30.34 ON 27
DPTR FM NORMAL 540 LOWEST SLP 29.65 ON 11
[REMARKS]
#FINAL-10-21#