000
CXUS56 KLOX 020653
CF6WJF
PRELIMINARY LOCAL CLIMATOLOGICAL DATA (WS FORM: F-6)
STATION: LANCASTER FOX FIELD CA
MONTH: OCTOBER
YEAR: 2020
LATITUDE: 34 43 N
LONGITUDE: 118 13 W
TEMPERATURE IN F: :PCPN: SNOW: WIND :SUNSHINE: SKY :PK WND
================================================================================
1 2 3 4 5 6A 6B 7 8 9 10 11 12 13 14 15 16 17 18
12Z AVG MX 2MIN
DY MAX MIN AVG DEP HDD CDD WTR SNW DPTH SPD SPD DIR MIN PSBL S-S WX SPD DR
================================================================================
1 100 54 77 9 0 12 0.00 0.0 0 3.7 15 70 M M 0 8 20 80
2 101 50 76 8 0 11 0.00 0.0 0 4.8 17 280 M M 0 8 21 290
3 100 49 75 8 0 10 0.00 0.0 0 4.5 15 300 M M 0 8 22 80
4 100 50 75 8 0 10 0.00 0.0 0 5.5 24 260 M M 0 8 29 270
5 96 52 74 7 0 9 0.00 0.0 0 4.9 17 260 M M 0 8 22 230
6 96 47 72 6 0 7 0.00 0.0 0 6.3 16 260 M M 0 8 21 240
7 92 47 70 4 0 5 0.00 0.0 0 7.8 21 250 M M 0 24 250
8 84 51 68 2 0 3 0.00 0.0 0 12.2 24 240 M M 0 8 29 250
9 88 56 72 7 0 7 0.00 0.0 0 11.4 26 250 M M 0 8 30 250
10 86 58 72 7 0 7 0.00 0.0 0 16.7 25 270 M M 0 31 270
11 87 60 74 10 0 9 0.00 0.0 0 12.1 29 270 M M 0 38 270
12 92 47 70 6 0 5 0.00 0.0 0 2.8 15 290 M M 0 18 300
13 96 47 72 8 0 7 0.00 0.0 0 4.3 22 280 M M 0 26 280
14 94 45 70 7 0 5 0.00 0.0 0 4.2 15 310 M M 0 8 19 300
15 92 47 70 7 0 5 0.00 0.0 0 4.0 14 60 M M 0 8 17 50
16 89 47 68 5 0 3 0.00 0.0 0 4.9 17 70 M M 0 22 50
17 95 45 70 8 0 5 0.00 0.0 0 5.2 18 220 M M 0 22 220
18 94 52 73 11 0 8 0.00 0.0 0 10.8 29 270 M M 0 8 35 270
19 95 54 75 13 0 10 0.00 0.0 0 9.2 21 270 M M 0 M M
20 90 45 68 7 0 3 0.00 0.0 0 3.8 14 300 M M 0 16 300
21 91 44 68 7 0 3 0.00 0.0 0 6.8 21 280 M M 0 23 280
22 86 48 67 7 0 2 0.00 0.0 0 12.0 25 240 M M 0 30 250
23 80 45 63 3 2 0 0.00 0.0 0 8.6 21 270 M M 0 24 280
24 74 56 65 5 0 0 0.00 0.0 0 17.4 28 240 M M 0 35 250
25 65 51 58 -2 7 0 0.00 0.0 0 19.2 38 250 M M 1 45 250
26 64 33 49 -10 16 0 0.00 0.0 0 12.4 25 100 M M 1 31 100
27 71 28 50 -9 15 0 0.00 0.0 0 6.3 18 70 M M 0 21 60
28 79 33 56 -2 9 0 0.00 0.0 0 2.8 9 270 M M 0 11 60
29 81 31 56 -2 9 0 0.00 0.0 0 3.4 14 50 M M 0 16 80
30 82 34 58 0 7 0 0.00 0.0 0 2.8 10 280 M M 0 11 290
31 83 34 59 2 6 0 0.00 0.0 0 4.5 13 70 M M 0 16 50
================================================================================
SM 2723 1440 71 146 0.00 0.0 235.3 M 2
================================================================================
AV 87.8 46.5 7.6 FASTST M M 0 MAX(MPH)
MISC ----> # 38 250 # 45 250
================================================================================
NOTES:
# LAST OF SEVERAL OCCURRENCES
COLUMN 17 PEAK WIND IN M.P.H.
PRELIMINARY LOCAL CLIMATOLOGICAL DATA (WS FORM: F-6) , PAGE 2
STATION: LANCASTER FOX FIELD CA
MONTH: OCTOBER
YEAR: 2020
LATITUDE: 34 43 N
LONGITUDE: 118 13 W
[TEMPERATURE DATA] [PRECIPITATION DATA] SYMBOLS USED IN COLUMN 16
AVERAGE MONTHLY: 67.2 TOTAL FOR MONTH: 0.00 1 = FOG OR MIST
DPTR FM NORMAL: 4.5 DPTR FM NORMAL: -0.44 2 = FOG REDUCING VISIBILITY
HIGHEST: 101 ON 2 GRTST 24HR 0.00 ON 31-31 TO 1/4 MILE OR LESS
LOWEST: 28 ON 27 3 = THUNDER
SNOW, ICE PELLETS, HAIL 4 = ICE PELLETS
TOTAL MONTH: 0.0 INCH 5 = HAIL
GRTST 24HR 0.0 6 = FREEZING RAIN OR DRIZZLE
GRTST DEPTH: 0 7 = DUSTSTORM OR SANDSTORM:
VSBY 1/2 MILE OR LESS
8 = SMOKE OR HAZE
[NO. OF DAYS WITH] [WEATHER - DAYS WITH] 9 = BLOWING SNOW
X = TORNADO
MAX 32 OR BELOW: 0 0.01 INCH OR MORE: 0
MAX 90 OR ABOVE: 16 0.10 INCH OR MORE: 0
MIN 32 OR BELOW: 2 0.50 INCH OR MORE: 0
MIN 0 OR BELOW: 0 1.00 INCH OR MORE: 0
[HDD (BASE 65) ]
TOTAL THIS MO. 71 CLEAR (SCALE 0-3) 31
DPTR FM NORMAL -53 PTCLDY (SCALE 4-7) 0
TOTAL FM JUL 1 71 CLOUDY (SCALE 8-10) 0
DPTR FM NORMAL -65
[CDD (BASE 65) ]
TOTAL THIS MO. 146
DPTR FM NORMAL 95 [PRESSURE DATA]
TOTAL FM JAN 1 2206 HIGHEST SLP 30.10 ON 28
DPTR FM NORMAL 325 LOWEST SLP 29.78 ON 2
[REMARKS]
#FINAL-10-20#