000
CXUS55 KLKN 021800
CLMWMC
CLIMATE REPORT
NATIONAL WEATHER SERVICE ELKO, NV
1100 AM PDT SAT SEP 02 2023
...................................
...THE WINNEMUCCA AIRPORT NV CLIMATE SUMMARY FOR THE MONTH OF AUGUST 2023...
CLIMATE NORMAL PERIOD 1991 TO 2020
CLIMATE RECORD PERIOD 1877 TO 2023
WEATHER OBSERVED NORMAL DEPART LAST YEAR`S
VALUE DATE(S) VALUE FROM VALUE DATE(S)
NORMAL
................................................................
TEMPERATURE (F)
RECORD
HIGH 108 08/06/1983
LOW 26 08/31/1887
HIGHEST 98 08/14 101 -3 103 08/17
08/15
08/28
LOWEST 40 08/31 36 4 44 08/29
AVG. MAXIMUM 90.9 93.2 -2.3 96.1
AVG. MINIMUM 53.5 50.0 3.5 55.9
MEAN 72.2 71.6 0.6 76.0
DAYS MAX >= 90 24 22.4 1.6 29
DAYS MAX <= 32 0 0.0 0.0 0
DAYS MIN <= 32 0 0.1 -0.1 0
DAYS MIN <= 0 0 0.0 0.0 0
PRECIPITATION (INCHES)
RECORD
MAXIMUM 1.74 1979
MINIMUM 0.00 2021
TOTALS 0.52 0.12 0.40 0.42
DAILY AVG. 0.02 0.00 0.02 0.01
DAYS >= .01 5 2.0 3.0 5
DAYS >= .10 2 0.3 1.7 1
DAYS >= .50 0 0.0 0.0 0
DAYS >= 1.00 0 0.0 0.0 0
GREATEST
24 HR. TOTAL 0.33 08/20 TO 08/21 0.22
SNOWFALL (INCHES)
RECORDS
TOTAL T 1990
TOTALS 0.0 0.0 0.0 0.0
SINCE 7/1 0.0 0.0 0.0 MM
SNOWDEPTH AVG. 0 0
DAYS >= TRACE 0 0.0 0.0 0
DAYS >= 1.0 0 0.0 0.0 0
DAYS >= 1.0 0 0
GREATEST
SNOW DEPTH 0 0
24 HR TOTAL MM MM
DEGREE DAYS
HEATING TOTAL 2 13 -11 0
SINCE 7/1 2 14 -12 MM
COOLING TOTAL 234 217 17 350
SINCE 1/1 651 634 17 MM
................................................................
WIND (MPH)
AVERAGE WIND SPEED 7.0
HIGHEST WIND SPEED/DIRECTION 39/010 DATE 08/04
HIGHEST GUST SPEED/DIRECTION 52/010 DATE 08/04
AVERAGE RH (PERCENT) 39
WEATHER CONDITIONS. NUMBER OF DAYS WITH
THUNDERSTORM 7 MIXED PRECIP 0
HEAVY RAIN 0 RAIN 0
LIGHT RAIN 9 FREEZING RAIN 0
LT FREEZING RAIN 0 HAIL 0
HEAVY SNOW 0 SNOW 0
LIGHT SNOW 0 SLEET 0
FOG 2 FOG W/VIS <= 1/4 MILE 0
HAZE 4
- INDICATES NEGATIVE NUMBERS.
R INDICATES RECORD WAS SET OR TIED.
MM INDICATES DATA IS MISSING.
T INDICATES TRACE AMOUNT.
=====================================================================
...AUGUST 2023 IN WINNEMUCCA WAS WARMER AND WETTER THAN NORMAL...
$$