000
CXUS55 KRIW 011010
CF6WRL
PRELIMINARY LOCAL CLIMATOLOGICAL DATA (WS FORM: F-6)
STATION: WORLAND WY
MONTH: MAY
YEAR: 2021
LATITUDE: 43 58 N
LONGITUDE: 107 57 W
TEMPERATURE IN F: :PCPN: SNOW: WIND :SUNSHINE: SKY :PK WND
================================================================================
1 2 3 4 5 6A 6B 7 8 9 10 11 12 13 14 15 16 17 18
12Z AVG MX 2MIN
DY MAX MIN AVG DEP HDD CDD WTR SNW DPTH SPD SPD DIR MIN PSBL S-S WX SPD DR
================================================================================
1 79 47 63 14 2 0 0.00 M M 6.1 21 210 M M 0 35 220
2 53 42 48 -2 17 0 0.09 M M 14.7 29 340 M M 8 36 340
3 55 39 47 -3 18 0 0.04 M M 7.0 15 320 M M 8 21 320
4 55 38 47 -3 18 0 0.14 M M 6.7 18 300 M M 5 8 24 310
5 63 38 51 0 14 0 T M M 4.9 9 30 M M 4 M M
6 74 33 54 3 11 0 0.00 M M 5.2 14 120 M M 0 19 90
7 86 38 62 11 3 0 0.00 M M 8.4 23 200 M M 0 41 340
8 55 32 44 -8 21 0 0.02 M M 10.7 28 310 M M 8 39 310
9 58 23 41 -11 24 0 0.00 M M 7.0 21 350 M M 2 27 340
10 55 32 44 -9 21 0 0.06 M M 4.6 25 130 M M 6 33 120
11 59 29 44 -9 21 0 0.01 M M 5.3 14 170 M M 3 19 240
12 66 33 50 -3 15 0 0.00 M M 4.3 16 190 M M 2 25 210
13 74 40 57 3 8 0 0.00 M M 6.6 15 30 M M 0 23 30
14 67 44 56 2 9 0 0.07 M M 5.7 21 320 M M 5 28 320
15 69 46 58 4 7 0 0.05 M M 6.1 15 160 M M 7 27 160
16 75 44 60 5 5 0 0.00 M M 4.0 15 130 M M 4 1 21 130
17 81 47 64 9 1 0 0.00 M M 6.4 18 260 M M 0 24 240
18 84 46 65 9 0 0 0.00 M M 5.3 12 150 M M 0 17 240
19 81 48 65 9 0 0 0.11 M M 8.6 37 290 M M 2 38 51 290
20 74 42 58 2 7 0 0.00 M M 12.2 28 340 M M 2 44 320
21 43 35 39 -18 26 0 T M M 10.1 18 320 M M 10 18 23 320
22 54 34 44 -13 21 0 0.06 M M 5.6 14 10 M M 9 3 19 20
23 69 38 54 -4 11 0 0.01 M M 14.4 37 230 M M 4 1 51 190
24 70 39 55 -3 10 0 0.00 M M 11.9 25 230 M M 1 36 240
25 74 39 57 -1 8 0 0.00 M M 4.5 17 270 M M 3 23 180
26 61 48 55 -3 10 0 0.51 M M 9.2 28 130 M M 6 13 47 170
27 72 39 56 -3 9 0 0.00 M M 3.6 12 90 M M 1 15 100
28 78 45 62 3 3 0 T M M 6.9 22 350 M M 0 37 340
29 72 42 57 -3 8 0 0.00 M M 6.1 18 340 M M 2 26 350
30 74 38 56 -4 9 0 0.00 M M 5.0 17 120 M M 1 23 120
31 80 47 64 4 1 0 0.00 M M 3.6 13 150 M M 1 16 150
================================================================================
SM 2110 1225 338 0 1.17 M 220.7 M 104
================================================================================
AV 68.1 39.5 7.1 FASTST M M 3 MAX(MPH)
MISC ----> # 37 290 # 51 290
================================================================================
NOTES:
# LAST OF SEVERAL OCCURRENCES
COLUMN 17 PEAK WIND IN M.P.H.
PRELIMINARY LOCAL CLIMATOLOGICAL DATA (WS FORM: F-6) , PAGE 2
STATION: WORLAND WY
MONTH: MAY
YEAR: 2021
LATITUDE: 43 58 N
LONGITUDE: 107 57 W
[TEMPERATURE DATA] [PRECIPITATION DATA] SYMBOLS USED IN COLUMN 16
AVERAGE MONTHLY: 53.8 TOTAL FOR MONTH: 1.17 1 = FOG OR MIST
DPTR FM NORMAL: -1.0 DPTR FM NORMAL: -0.49 2 = FOG REDUCING VISIBILITY
HIGHEST: 86 ON 7 GRTST 24HR 0.51 ON 26-26 TO 1/4 MILE OR LESS
LOWEST: 23 ON 9 3 = THUNDER
SNOW, ICE PELLETS, HAIL 4 = ICE PELLETS
TOTAL MONTH: M 5 = HAIL
GRTST 24HR M ON M 6 = FREEZING RAIN OR DRIZZLE
GRTST DEPTH: M ON M 7 = DUSTSTORM OR SANDSTORM:
VSBY 1/2 MILE OR LESS
8 = SMOKE OR HAZE
[NO. OF DAYS WITH] [WEATHER - DAYS WITH] 9 = BLOWING SNOW
X = TORNADO
MAX 32 OR BELOW: 0 0.01 INCH OR MORE: 12
MAX 90 OR ABOVE: 0 0.10 INCH OR MORE: 3
MIN 32 OR BELOW: 4 0.50 INCH OR MORE: 1
MIN 0 OR BELOW: 0 1.00 INCH OR MORE: 0
[HDD (BASE 65) ]
TOTAL THIS MO. 338 CLEAR (SCALE 0-3) 18
DPTR FM NORMAL 13 PTCLDY (SCALE 4-7) 9
TOTAL FM JUL 1 7623 CLOUDY (SCALE 8-10) 4
DPTR FM NORMAL -230
[CDD (BASE 65) ]
TOTAL THIS MO. 0
DPTR FM NORMAL -9 [PRESSURE DATA]
TOTAL FM JAN 1 0 HIGHEST SLP 30.34 ON 22
DPTR FM NORMAL -9 LOWEST SLP 29.47 ON 20
[REMARKS]
#FINAL-05-21#