000
CXUS55 KRIW 011110
CF6WRL
PRELIMINARY LOCAL CLIMATOLOGICAL DATA (WS FORM: F-6)
STATION: WORLAND WY
MONTH: DECEMBER
YEAR: 2020
LATITUDE: 43 58 N
LONGITUDE: 107 57 W
TEMPERATURE IN F: :PCPN: SNOW: WIND :SUNSHINE: SKY :PK WND
================================================================================
1 2 3 4 5 6A 6B 7 8 9 10 11 12 13 14 15 16 17 18
12Z AVG MX 2MIN
DY MAX MIN AVG DEP HDD CDD WTR SNW DPTH SPD SPD DIR MIN PSBL S-S WX SPD DR
================================================================================
1 39 20 30 8 35 0 T M M 10.8 31 330 M M 8 38 330
2 36 7 22 1 43 0 0.00 M M 3.1 12 180 M M 1 14 270
3 41 3 22 1 43 0 0.00 M M 2.4 9 180 M M 0 11 180
4 48 8 28 8 37 0 0.00 M M 4.2 13 180 M M 0 14 170
5 50 7 29 9 36 0 0.00 M M 3.0 10 170 M M 0 12 180
6 49 8 29 9 36 0 0.00 M M 2.8 9 180 M M 0 11 190
7 52 4 28 9 37 0 0.00 M M 3.2 13 170 M M 0 15 170
8 53 12 33 14 32 0 0.00 M M 3.5 14 180 M M 0 15 180
9 57 18 38 20 27 0 0.00 M M 3.7 10 200 M M 0 14 310
10 40 25 33 15 32 0 0.00 M M 4.3 12 320 M M 6 17 290
11 34 21 28 10 37 0 0.02 M M 2.0 8 150 M M 10 1 11 200
12 26 2 14 -4 51 0 0.05 M M 5.6 15 340 M M 9 1 20 320
13 22 -7 8 -9 57 0 0.00 M M 4.0 13 180 M M 2 16 180
14 25 9 17 0 48 0 T M M 1.8 9 160 M M 9 1 13 170
15 32 8 20 3 45 0 0.00 M M 3.7 12 150 M M 3 1 14 140
16 33 8 21 4 44 0 0.00 M M 4.0 13 160 M M 4 14 160
17 33 5 19 2 46 0 0.00 M M 2.9 9 260 M M 2 11 220
18 40 10 25 9 40 0 0.00 M M 5.2 12 130 M M M 13 120
19 39 9 24 8 41 0 0.00 M M 6.1 14 170 M M 0 16 170
20 45 20 33 17 32 0 0.00 M M 5.8 20 210 M M 1 23 210
21 47 21 34 18 31 0 0.00 M M 3.0 10 220 M M 0 12 210
22 54 23 39 23 26 0 T M M 21.8 46 340 M M 3 8 67 340
23 30 10 20 4 45 0 T M M 6.8 29 340 M M 2 39 340
24 39 5 22 6 43 0 0.00 M M 2.2 9 180 M M 0 12 170
25 45 8 27 11 38 0 0.00 M M 4.6 14 170 M M 0 18 160
26 34 14 24 8 41 0 0.00 M M 4.1 12 180 M M 4 14 180
27 35 14 25 9 40 0 0.02 M M 6.7 13 170 M M 6 1 17 160
28 32 3 18 2 47 0 0.00 M M 5.4 12 180 M M 0 14 160
29 30 -1 15 -1 50 0 0.00 M M 3.6 12 130 M M 0 15 150
30 34 0 17 1 48 0 0.00 M M 3.2 10 170 M M 1 13 320
31 38 10 24 8 41 0 0.00 M M 5.2 15 160 M M 0 17 150
================================================================================
SM 1212 304 1249 0 0.09 M 148.7 M 71
================================================================================
AV 39.1 9.8 4.8 FASTST M M 2 MAX(MPH)
MISC ----> 46 340 67 340
================================================================================
NOTES:
# LAST OF SEVERAL OCCURRENCES
COLUMN 17 PEAK WIND IN M.P.H.
PRELIMINARY LOCAL CLIMATOLOGICAL DATA (WS FORM: F-6) , PAGE 2
STATION: WORLAND WY
MONTH: DECEMBER
YEAR: 2020
LATITUDE: 43 58 N
LONGITUDE: 107 57 W
[TEMPERATURE DATA] [PRECIPITATION DATA] SYMBOLS USED IN COLUMN 16
AVERAGE MONTHLY: 24.5 TOTAL FOR MONTH: 0.09 1 = FOG OR MIST
DPTR FM NORMAL: 7.0 DPTR FM NORMAL: -0.14 2 = FOG REDUCING VISIBILITY
HIGHEST: 57 ON 9 GRTST 24HR 0.07 ON 11-12 TO 1/4 MILE OR LESS
LOWEST: -7 ON 13 3 = THUNDER
SNOW, ICE PELLETS, HAIL 4 = ICE PELLETS
TOTAL MONTH: M 5 = HAIL
GRTST 24HR M ON M 6 = FREEZING RAIN OR DRIZZLE
GRTST DEPTH: M ON M 7 = DUSTSTORM OR SANDSTORM:
VSBY 1/2 MILE OR LESS
8 = SMOKE OR HAZE
[NO. OF DAYS WITH] [WEATHER - DAYS WITH] 9 = BLOWING SNOW
X = TORNADO
MAX 32 OR BELOW: 7 0.01 INCH OR MORE: 3
MAX 90 OR ABOVE: 0 0.10 INCH OR MORE: 0
MIN 32 OR BELOW: 31 0.50 INCH OR MORE: 0
MIN 0 OR BELOW: 3 1.00 INCH OR MORE: 0
[HDD (BASE 65) ]
TOTAL THIS MO. 1249 CLEAR (SCALE 0-3) 22
DPTR FM NORMAL -222 PTCLDY (SCALE 4-7) 5
TOTAL FM JUL 1 3099 CLOUDY (SCALE 8-10) 4
DPTR FM NORMAL -263
[CDD (BASE 65) ]
TOTAL THIS MO. 0
DPTR FM NORMAL 0 [PRESSURE DATA]
TOTAL FM JAN 1 695 HIGHEST SLP 30.76 ON 2
DPTR FM NORMAL 160 LOWEST SLP 29.36 ON 22
[REMARKS]
#FINAL-12-20#