000
CXUS56 KMTR 010842
CLMWVI
CLIMATE REPORT
NATIONAL WEATHER SERVICE SAN FRANCISCO BAY AREA
142 AM PDT TUE AUG 01 2023
...................................
...THE WATSONVILLE AIRPORT CLIMATE SUMMARY FOR THE MONTH OF JULY 2023...
CLIMATE NORMAL PERIOD: 1991 TO 2020
CLIMATE RECORD PERIOD: 1998 TO 2023
WEATHER OBSERVED NORMAL DEPART LAST YEAR`S
VALUE DATE(S) VALUE FROM VALUE DATE(S)
NORMAL
................................................................
TEMPERATURE (F)
HIGHEST 80 07/25 MM 81 07/18
LOWEST 46R 07/30 MM 47 07/04
07/15
07/22
AVG. MAXIMUM 72.5 72.4
AVG. MINIMUM 51.3 52.0
MEAN 61.9 62.5 62.2
DAYS MAX >= 90 0 0
DAYS MAX <= 32 0 0
DAYS MIN <= 32 0 0
DAYS MIN <= 0 0 0
PRECIPITATION (INCHES)
TOTALS 0.00R 0.06
DAILY AVG. 0.00 0.00
DAYS >= .01 0 2
DAYS >= .10 0 0
DAYS >= .50 0 0
DAYS >= 1.00 0 0
GREATEST
24 HR. TOTAL 0.00 06/30 TO 06/30 0.05 07/13 TO 07/13
DEGREE DAYS
HEATING TOTAL 86 87
SINCE 7/1 86 MM
COOLING TOTAL 0 8
SINCE 1/1 0 MM
................................................................
WIND (MPH)
AVERAGE WIND SPEED 4.4
RESULTANT WIND SPEED/DIRECTION 3/200
HIGHEST WIND SPEED/DIRECTION 15/240 DATE 07/02
15/250 07/04
15/240 07/05
HIGHEST GUST SPEED/DIRECTION 23/230 DATE 07/06
SKY COVER
POSSIBLE SUNSHINE (PERCENT) MM
AVERAGE SKY COVER 0.42
NUMBER OF DAYS FAIR 12
NUMBER OF DAYS PC 17
NUMBER OF DAYS CLOUDY 2
AVERAGE RH (PERCENT) 77
WEATHER CONDITIONS. NUMBER OF DAYS WITH
THUNDERSTORM 0 MIXED PRECIP 0
HEAVY RAIN 0 RAIN 0
LIGHT RAIN 0 FREEZING RAIN 0
LT FREEZING RAIN 0 HAIL 0
HEAVY SNOW 0 SNOW 0
LIGHT SNOW 0 SLEET 0
FOG 23 FOG W/VIS <= 1/4 MILE 12
HAZE 1
- INDICATES NEGATIVE NUMBERS.
R INDICATES RECORD WAS SET OR TIED.
MM INDICATES DATA IS MISSING.
T INDICATES TRACE AMOUNT.
$$