000
CXUS54 KTSA 010950
CF6XNA
PRELIMINARY LOCAL CLIMATOLOGICAL DATA (WS FORM: F-6)
STATION: HIGHFILL ARKANSAS
MONTH: FEBRUARY
YEAR: 2024
LATITUDE: 36 16 N
LONGITUDE: 94 19 W
TEMPERATURE IN F: :PCPN: SNOW: WIND :SUNSHINE: SKY :PK WND
================================================================================
1 2 3 4 5 6A 6B 7 8 9 10 11 12 13 14 15 16 17 18
12Z AVG MX 2MIN
DY MAX MIN AVG DEP HDD CDD WTR SNW DPTH SPD SPD DIR MIN PSBL S-S WX SPD DR
================================================================================
1 68 42 55 17 10 0 0.00 0.0 M 9.5 21 200 M M 1 30 210
2 72 44 58 20 7 0 0.00 0.0 M 8.5 20 160 M M 2 27 150
3 56 48 52 14 13 0 0.40 0.0 M 12.4 33 120 M M 10 1 47 120
4 50 42 46 7 19 0 0.51 M M 9.8 20 20 M M 10 1 26 10
5 60 34 47 8 18 0 0.00 0.0 0 8.6 15 360 M M 1 19 360
6 64 29 47 8 18 0 0.00 0.0 0 3.1 8 180 M M 0 13 170
7 67 40 54 15 11 0 0.00 0.0 0 10.1 28 160 M M 0 35 160
8 71 51 61 21 4 0 0.00 0.0 M 15.5 26 230 M M 3 40 200
9 71 43 57 17 8 0 T 0.0 M 10.2 22 210 M M 2 3 31 200
10 54 36 45 5 20 0 0.00 0.0 M 7.9 14 40 M M 2 21 50
11 48 35 42 2 23 0 0.04 T M 12.3 20 30 M M 6 30 70
12 41 32 37 -3 28 0 0.10 M M 9.5 18 340 M M 7 1 24 330
13 60 25 43 2 22 0 0.00 0.0 M 5.8 16 190 M M 0 22 240
14 66 32 49 8 16 0 0.00 0.0 M 8.6 22 180 M M 0 28 180
15 65 40 53 12 12 0 0.00 0.0 M 6.9 14 360 M M 0 21 70
16 56 28 42 1 23 0 0.01 M M 13.3 26 360 M M 10 1 38 360
17 36 19 28 -14 37 0 0.00 0.0 M 8.6 24 10 M M 2 31 10
18 51 16 34 -8 31 0 0.00 0.0 M 6.8 15 230 M M 0 19 250
19 58 24 41 -1 24 0 0.00 0.0 M 5.9 17 170 M M 0 22 170
20 69 30 50 8 15 0 0.00 0.0 M 5.4 12 190 M M 0 17 220
21 77 43 60 17 5 0 0.00 0.0 M 9.4 18 220 M M 0 30 200
22 74 49 62 19 3 0 0.00 0.0 M 10.1 22 350 M M 5 3 28 360
23 66 40 53 10 12 0 0.00 0.0 M 9.2 20 280 M M 1 30 270
24 66 36 51 7 14 0 0.00 0.0 M 6.7 14 250 M M 0 8 21 300
25 76 48 62 18 3 0 0.00 0.0 M 8.3 20 220 M M 0 30 220
26 77 41 59 15 6 0 0.00 0.0 M 9.1 22 200 M M 0 1 30 180
27 81 41 61 17 4 0 T 0.0 M 14.8 28 340 M M 2 40 240
28 46 23 35 -10 30 0 T 0.0 M 10.4 24 340 M M 1 31 330
29 55 25 40 -5 25 0 0.02 M M 6.7 23 190 M M 2 1 33 190
================================================================================
SM 1801 1036 461 0 1.08 T 263.4 M 67
================================================================================
AV 62.1 35.7 9.1 FASTST M M 2 MAX(MPH)
MISC ----> 33 120 47 120
================================================================================
NOTES:
# LAST OF SEVERAL OCCURRENCES
COLUMN 17 PEAK WIND IN M.P.H.
PRELIMINARY LOCAL CLIMATOLOGICAL DATA (WS FORM: F-6) , PAGE 2
STATION: HIGHFILL ARKANSAS
MONTH: FEBRUARY
YEAR: 2024
LATITUDE: 36 16 N
LONGITUDE: 94 19 W
[TEMPERATURE DATA] [PRECIPITATION DATA] SYMBOLS USED IN COLUMN 16
AVERAGE MONTHLY: 48.9 TOTAL FOR MONTH: 1.08 1 = FOG OR MIST
DPTR FM NORMAL: 7.8 DPTR FM NORMAL: -1.16 2 = FOG REDUCING VISIBILITY
HIGHEST: 81 ON 27 GRTST 24HR 0.86 ON 3- 4 TO 1/4 MILE OR LESS
LOWEST: 16 ON 18 3 = THUNDER
SNOW, ICE PELLETS, HAIL 4 = ICE PELLETS
TOTAL MONTH: T 5 = HAIL
GRTST 24HR T ON 11-11 6 = FREEZING RAIN OR DRIZZLE
GRTST DEPTH: 0 7 = DUSTSTORM OR SANDSTORM:
VSBY 1/2 MILE OR LESS
8 = SMOKE OR HAZE
[NO. OF DAYS WITH] [WEATHER - DAYS WITH] 9 = BLOWING SNOW
X = TORNADO
MAX 32 OR BELOW: 0 0.01 INCH OR MORE: 6
MAX 90 OR ABOVE: 0 0.10 INCH OR MORE: 3
MIN 32 OR BELOW: 11 0.50 INCH OR MORE: 1
MIN 0 OR BELOW: 0 1.00 INCH OR MORE: 0
[HDD (BASE 65) ]
TOTAL THIS MO. 461 CLEAR (SCALE 0-3) 22
DPTR FM NORMAL -208 PTCLDY (SCALE 4-7) 4
TOTAL FM JUL 1 2754 CLOUDY (SCALE 8-10) 3
DPTR FM NORMAL -350
[CDD (BASE 65) ]
TOTAL THIS MO. 0
DPTR FM NORMAL -1 [PRESSURE DATA]
TOTAL FM JAN 1 0 HIGHEST SLP M ON M
DPTR FM NORMAL -1 LOWEST SLP 29.39 ON 27
[REMARKS]
#FINAL-02-24#