000
CXUS56 KPDT 011910
CF6YKM
PRELIMINARY LOCAL CLIMATOLOGICAL DATA (WS FORM: F-6)
STATION: YAKIMA WA
MONTH: NOVEMBER
YEAR: 2021
LATITUDE: 46 34 N
LONGITUDE: 120 32 W
TEMPERATURE IN F: :PCPN: SNOW: WIND :SUNSHINE: SKY :PK WND
================================================================================
1 2 3 4 5 6A 6B 7 8 9 10 11 12 13 14 15 16 17 18
12Z AVG MX 2MIN
DY MAX MIN AVG DEP HDD CDD WTR SNW DPTH SPD SPD DIR MIN PSBL S-S WX SPD DR
================================================================================
1 51 29 40 -3 25 0 0.05 M M 4.3 13 330 M M 6 1 17 320
2 47 30 39 -4 26 0 0.09 M M 3.1 7 270 M M 7 9 250
3 51 41 46 4 19 0 0.03 M M 2.0 8 220 M M 10 8 10 260
4 59 38 49 7 16 0 0.04 M M 5.8 21 200 M M 6 8 30 190
5 57 31 44 2 21 0 0.00 M M 4.0 10 270 M M 4 18 60
6 52 32 42 1 23 0 T M M 7.7 30 210 M M 3 46 190
7 52 26 39 -2 26 0 0.00 M M 12.7 31 200 M M 2 44 210
8 53 27 40 0 25 0 0.00 M M 4.5 13 260 M M 1 17 250
9 54 31 43 3 22 0 0.13 M M 5.0 18 260 M M 6 1 29 250
10 52 26 39 -1 26 0 0.03 M M 3.0 9 80 M M 3 1 13 90
11 46 40 43 3 22 0 0.64 M M 1.8 7 100 M M 10 18 10 70
12 49 36 43 4 22 0 0.07 M M 2.8 10 40 M M 8 12 12 260
13 55 33 44 5 21 0 0.02 M M 2.9 12 260 M M 3 18 14 260
14 72 35 54 16 11 0 0.00 M M 10.0 31 230 M M 2 18 42 230
15 67 44 56 18 9 0 T M M 20.3 37 200 M M 0 59 220
16 51 26 39 1 26 0 0.00 M M 4.5 23 270 M M 2 32 270
17 45 22 34 -3 31 0 0.00 M M 5.7 12 250 M M 0 14 250
18 41 34 38 1 27 0 0.03 M M 3.7 10 270 M M 8 1 13 260
19 46 27 37 0 28 0 0.19 M M 3.5 10 170 M M 5 18 13 140
20 43 27 35 -1 30 0 0.00 M M 3.0 8 70 M M 6 128 10 90
21 32 29 31 -5 34 0 0.00 M M 3.6 8 250 M M 10 128 10 250
22 33 30 32 -4 33 0 0.04 M M 3.8 8 240 M M 10 18 10 240
23 50 30 40 4 25 0 0.11 M M 4.2 20 270 M M 5 1 29 280
24 44 24 34 -1 31 0 0.00 M M 2.6 10 220 M M 1 13 230
25 46 30 38 3 27 0 T M M 1.6 8 270 M M 7 10 250
26 63 32 48 13 17 0 0.00 M M 4.5 22 280 M M 3 33 280
27 50 39 45 11 20 0 0.02 M M 2.4 9 290 M M 6 1 10 320
28 64 39 52 18 13 0 0.00 M M 10.4 29 210 M M 2 1 46 220
29 63 36 50 16 15 0 T M M 4.3 10 280 M M 2 12 320
30 64 36 50 17 15 0 0.00 M M 5.8 25 200 M M 2 38 210
================================================================================
SM 1552 960 686 0 1.49 M 153.5 M 140
================================================================================
AV 51.7 32.0 5.1 FASTST M M 5 MAX(MPH)
MISC ----> 37 200 59 220
================================================================================
NOTES:
# LAST OF SEVERAL OCCURRENCES
COLUMN 17 PEAK WIND IN M.P.H.
PRELIMINARY LOCAL CLIMATOLOGICAL DATA (WS FORM: F-6) , PAGE 2
STATION: YAKIMA WA
MONTH: NOVEMBER
YEAR: 2021
LATITUDE: 46 34 N
LONGITUDE: 120 32 W
[TEMPERATURE DATA] [PRECIPITATION DATA] SYMBOLS USED IN COLUMN 16
AVERAGE MONTHLY: 41.9 TOTAL FOR MONTH: 1.49 1 = FOG OR MIST
DPTR FM NORMAL: 3.9 DPTR FM NORMAL: 0.63 2 = FOG REDUCING VISIBILITY
HIGHEST: 72 ON 14 GRTST 24HR 0.67 ON 10-11 TO 1/4 MILE OR LESS
LOWEST: 22 ON 17 3 = THUNDER
SNOW, ICE PELLETS, HAIL 4 = ICE PELLETS
TOTAL MONTH: M 5 = HAIL
GRTST 24HR M ON M 6 = FREEZING RAIN OR DRIZZLE
GRTST DEPTH: M ON M 7 = DUSTSTORM OR SANDSTORM:
VSBY 1/2 MILE OR LESS
8 = SMOKE OR HAZE
[NO. OF DAYS WITH] [WEATHER - DAYS WITH] 9 = BLOWING SNOW
X = TORNADO
MAX 32 OR BELOW: 1 0.01 INCH OR MORE: 14
MAX 90 OR ABOVE: 0 0.10 INCH OR MORE: 4
MIN 32 OR BELOW: 18 0.50 INCH OR MORE: 1
MIN 0 OR BELOW: 0 1.00 INCH OR MORE: 0
[HDD (BASE 65) ]
TOTAL THIS MO. 686 CLEAR (SCALE 0-3) 13
DPTR FM NORMAL -122 PTCLDY (SCALE 4-7) 12
TOTAL FM JUL 1 1289 CLOUDY (SCALE 8-10) 5
DPTR FM NORMAL -155
[CDD (BASE 65) ]
TOTAL THIS MO. 0
DPTR FM NORMAL 0 [PRESSURE DATA]
TOTAL FM JAN 1 1053 HIGHEST SLP 30.58 ON 21
DPTR FM NORMAL 447 LOWEST SLP 29.48 ON 15
[REMARKS]
#FINAL-11-21#