402
CXUS56 KPDT 030622
CF6YKM
PRELIMINARY LOCAL CLIMATOLOGICAL DATA (WS FORM: F-6)
STATION: YAKIMA WA
MONTH: MARCH
YEAR: 2021
LATITUDE: 46 34 N
LONGITUDE: 120 32 W
TEMPERATURE IN F: :PCPN: SNOW: WIND :SUNSHINE: SKY :PK WND
================================================================================
1 2 3 4 5 6A 6B 7 8 9 10 11 12 13 14 15 16 17 18
12Z AVG MX 2MIN
DY MAX MIN AVG DEP HDD CDD WTR SNW DPTH SPD SPD DIR MIN PSBL S-S WX SPD DR
================================================================================
1 59 32 46 7 19 0 0.00 M M 4.3 12 270 M M 0 13 270
2 60 28 44 4 21 0 0.00 M M 4.2 15 200 M M 0 20 200
3 60 25 43 3 22 0 0.00 M M 5.4 10 260 M M 0 13 260
4 61 28 45 5 20 0 0.00 M M 6.0 13 260 M M 1 15 140
5 61 29 45 5 20 0 0.03 M M 6.1 22 270 M M 7 27 270
6 56 31 44 3 21 0 0.00 M M 5.1 14 270 M M 3 19 230
7 52 27 40 -1 25 0 0.00 M M 10.6 26 230 M M 2 37 230
8 51 23 37 -4 28 0 0.00 M M 6.3 14 130 M M 3 20 350
9 52 22 37 -5 28 0 0.00 M M 3.2 9 260 M M 1 12 180
10 54 23 39 -3 26 0 T M M 6.6 14 310 M M 5 19 310
11 58 25 42 0 23 0 0.00 M M 6.1 12 330 M M 2 16 160
12 61 23 42 0 23 0 0.00 M M 5.4 10 280 M M 0 13 130
13 61 26 44 1 21 0 0.00 M M 4.8 10 160 M M 0 14 150
14 55 26 41 -2 24 0 0.04 M M 5.3 18 320 M M 4 24 320
15 52 38 45 2 20 0 0.00 M M 9.8 20 330 M M 9 27 310
16 57 31 44 1 21 0 0.00 M M 5.4 12 320 M M 2 17 310
17 59 25 42 -2 23 0 0.00 M M 4.1 9 280 M M 0 12 140
18 63 31 47 3 18 0 T M M 6.0 21 260 M M 4 27 270
19 60 40 50 6 15 0 0.00 M M 11.4 24 230 M M 3 33 220
20 60 34 47 3 18 0 0.00 M M 10.9 30 280 M M 2 8 39 290
21 52 39 46 2 19 0 0.00 M M 7.3 20 300 M M 4 27 310
22 57 31 44 -1 21 0 0.00 M M 10.3 25 300 M M 2 7 34 310
23 61 32 47 2 18 0 0.00 M M 4.2 15 340 M M 1 19 350
24 57 38 48 3 17 0 0.00 M M 9.1 30 230 M M 5 8 38 230
25 59 42 51 6 14 0 0.01 M M 9.0 16 310 M M 6 24 310
26 66 33 50 4 15 0 0.00 M M 7.4 22 320 M M 0 28 330
27 65 31 48 2 17 0 0.00 M M 4.1 14 320 M M 0 8 22 320
28 65 32 49 3 16 0 T M M 16.2 39 270 M M 2 8 56 250
29 53 23 38 -8 27 0 0.00 M M 10.7 23 270 M M 2 33 260
30 57 22 40 -6 25 0 0.00 M M 4.5 9 270 M M 0 14 120
31 63 24 44 -2 21 0 0.00 M M 5.1 13 130 M M 0 19 140
================================================================================
SM 1807 914 646 0 0.08 M 214.9 M 70
================================================================================
AV 58.3 29.5 6.9 FASTST M M 2 MAX(MPH)
MISC ----> 39 270 56 250
================================================================================
NOTES:
# LAST OF SEVERAL OCCURRENCES
COLUMN 17 PEAK WIND IN M.P.H.
PRELIMINARY LOCAL CLIMATOLOGICAL DATA (WS FORM: F-6) , PAGE 2
STATION: YAKIMA WA
MONTH: MARCH
YEAR: 2021
LATITUDE: 46 34 N
LONGITUDE: 120 32 W
[TEMPERATURE DATA] [PRECIPITATION DATA] SYMBOLS USED IN COLUMN 16
AVERAGE MONTHLY: 43.9 TOTAL FOR MONTH: 0.08 1 = FOG OR MIST
DPTR FM NORMAL: 0.7 DPTR FM NORMAL: -0.54 2 = FOG REDUCING VISIBILITY
HIGHEST: 66 ON 26 GRTST 24HR 0.04 ON 14-14 TO 1/4 MILE OR LESS
LOWEST: 22 ON 30, 9 3 = THUNDER
SNOW, ICE PELLETS, HAIL 4 = ICE PELLETS
TOTAL MONTH: M 5 = HAIL
GRTST 24HR M ON M 6 = FREEZING RAIN OR DRIZZLE
GRTST DEPTH: M ON M 7 = DUSTSTORM OR SANDSTORM:
VSBY 1/2 MILE OR LESS
8 = SMOKE OR HAZE
[NO. OF DAYS WITH] [WEATHER - DAYS WITH] 9 = BLOWING SNOW
X = TORNADO
MAX 32 OR BELOW: 0 0.01 INCH OR MORE: 3
MAX 90 OR ABOVE: 0 0.10 INCH OR MORE: 0
MIN 32 OR BELOW: 24 0.50 INCH OR MORE: 0
MIN 0 OR BELOW: 0 1.00 INCH OR MORE: 0
[HDD (BASE 65) ]
TOTAL THIS MO. 646 CLEAR (SCALE 0-3) 21
DPTR FM NORMAL -30 PTCLDY (SCALE 4-7) 9
TOTAL FM JUL 1 4635 CLOUDY (SCALE 8-10) 1
DPTR FM NORMAL -594
[CDD (BASE 65) ]
TOTAL THIS MO. 0
DPTR FM NORMAL 0 [PRESSURE DATA]
TOTAL FM JAN 1 0 HIGHEST SLP 30.47 ON 31
DPTR FM NORMAL 0 LOWEST SLP 29.66 ON 24
[REMARKS]
#FINAL-03-21#