000
CXUS56 KPDT 011810
CF6YKM
PRELIMINARY LOCAL CLIMATOLOGICAL DATA (WS FORM: F-6)
STATION: YAKIMA WA
MONTH: SEPTEMBER
YEAR: 2020
LATITUDE: 46 34 N
LONGITUDE: 120 32 W
TEMPERATURE IN F: :PCPN: SNOW: WIND :SUNSHINE: SKY :PK WND
================================================================================
1 2 3 4 5 6A 6B 7 8 9 10 11 12 13 14 15 16 17 18
12Z AVG MX 2MIN
DY MAX MIN AVG DEP HDD CDD WTR SNW DPTH SPD SPD DIR MIN PSBL S-S WX SPD DR
================================================================================
1 92 52 72 7 0 7 0.00 M M 5.4 12 320 M M 0 16 340
2 95 55 75 10 0 10 0.00 M M 5.0 12 340 M M 1 8 16 99
3 93 52 73 8 0 8 0.00 M M 5.3 9 270 M M 0 M M
4 97 56 77 13 0 12 0.00 M M 4.3 9 250 M M 0 8 13 260
5 95 54 75 11 0 10 0.00 M M 6.2 16 320 M M 0 24 330
6 97 52 75 11 0 10 0.00 M M 8.7 30 340 M M 0 38 330
7 84 45 65 1 0 0 0.00 M M 12.5 32 40 M M 4 8 50 50
8 75 38 57 -6 8 0 0.00 M M 6.5 14 30 M M 0 8 21 30
9 84 40 62 -1 3 0 0.00 M M 6.5 12 260 M M 1 8 14 270
10 90 44 67 4 0 2 T M M 4.6 13 260 M M 0 8 14 260
11 90 47 69 7 0 4 0.00 M M 4.9 10 130 M M 1 8 14 160
12 79 48 64 2 1 0 0.00 M M 4.2 10 260 M M 5 8 12 90
13 75 44 60 -2 5 0 0.00 M M 3.0 10 270 M M 10 18 12 150
14 77 51 64 3 1 0 0.00 M M 1.4 8 270 M M 10 8 9 310
15 77 52 65 4 0 0 T M M 3.4 10 290 M M 10 8 11 290
16 82 50 66 5 0 1 0.00 M M 5.4 12 270 M M 10 8 13 260
17 81 50 66 6 0 1 0.00 M M 5.7 12 260 M M 10 18 14 260
18 77 49 63 3 2 0 0.00 M M 6.0 20 310 M M 7 18 26 310
19 79 49 64 4 1 0 0.00 M M 5.1 17 280 M M 4 8 25 270
20 77 45 61 2 4 0 0.00 M M 4.7 10 280 M M 1 16 160
21 78 48 63 4 2 0 0.00 M M 4.3 10 240 M M 0 8 13 250
22 80 47 64 5 1 0 0.00 M M 5.8 18 200 M M 0 27 200
23 74 57 66 8 0 1 0.06 M M 8.0 26 200 M M 6 39 200
24 73 45 59 1 6 0 0.00 M M 6.7 22 200 M M 4 31 200
25 75 44 60 2 5 0 T M M 12.1 33 230 M M 4 8 47 220
26 69 41 55 -2 10 0 T M M 5.3 18 280 M M 5 26 280
27 72 40 56 -1 9 0 0.00 M M 3.4 9 140 M M 0 M M
28 78 38 58 2 7 0 0.00 M M 4.3 9 270 M M 0 10 150
29 83 41 62 6 3 0 0.00 M M 4.8 12 250 M M 0 14 250
30 82 45 64 8 1 0 0.00 M M 5.1 12 260 M M 0 15 240
================================================================================
SM 2460 1419 69 66 0.06 M 168.7 M 93
================================================================================
AV 82.0 47.3 5.6 FASTST M M 3 MAX(MPH)
MISC ----> 33 230 50 50
================================================================================
NOTES:
# LAST OF SEVERAL OCCURRENCES
COLUMN 17 PEAK WIND IN M.P.H.
PRELIMINARY LOCAL CLIMATOLOGICAL DATA (WS FORM: F-6) , PAGE 2
STATION: YAKIMA WA
MONTH: SEPTEMBER
YEAR: 2020
LATITUDE: 46 34 N
LONGITUDE: 120 32 W
[TEMPERATURE DATA] [PRECIPITATION DATA] SYMBOLS USED IN COLUMN 16
AVERAGE MONTHLY: 64.7 TOTAL FOR MONTH: 0.06 1 = FOG OR MIST
DPTR FM NORMAL: 3.9 DPTR FM NORMAL: -0.30 2 = FOG REDUCING VISIBILITY
HIGHEST: 97 ON 6, 4 GRTST 24HR 0.06 ON 23-23 TO 1/4 MILE OR LESS
LOWEST: 38 ON 28, 8 3 = THUNDER
SNOW, ICE PELLETS, HAIL 4 = ICE PELLETS
TOTAL MONTH: M 5 = HAIL
GRTST 24HR M ON M 6 = FREEZING RAIN OR DRIZZLE
GRTST DEPTH: M ON M 7 = DUSTSTORM OR SANDSTORM:
VSBY 1/2 MILE OR LESS
8 = SMOKE OR HAZE
[NO. OF DAYS WITH] [WEATHER - DAYS WITH] 9 = BLOWING SNOW
X = TORNADO
MAX 32 OR BELOW: 0 0.01 INCH OR MORE: 1
MAX 90 OR ABOVE: 8 0.10 INCH OR MORE: 0
MIN 32 OR BELOW: 0 0.50 INCH OR MORE: 0
MIN 0 OR BELOW: 0 1.00 INCH OR MORE: 0
[HDD (BASE 65) ]
TOTAL THIS MO. 69 CLEAR (SCALE 0-3) 17
DPTR FM NORMAL -91 PTCLDY (SCALE 4-7) 8
TOTAL FM JUL 1 79 CLOUDY (SCALE 8-10) 5
DPTR FM NORMAL -129
[CDD (BASE 65) ]
TOTAL THIS MO. 66
DPTR FM NORMAL 34 [PRESSURE DATA]
TOTAL FM JAN 1 725 HIGHEST SLP 30.50 ON 8
DPTR FM NORMAL 253 LOWEST SLP 29.68 ON 25
[REMARKS]
#FINAL-09-20#